{"id":508,"date":"2020-02-25T12:38:37","date_gmt":"2020-02-25T11:38:37","guid":{"rendered":"https:\/\/uniformelaboral.com\/?post_type=product&#038;p=508"},"modified":"2023-03-03T12:54:31","modified_gmt":"2023-03-03T11:54:31","slug":"workshell-amb-2-cintes-reflectants-a-pit-esquena-i-manigues-mari-s9035","status":"publish","type":"product","link":"https:\/\/uniformelaboral.com\/index.php\/producto\/workshell-amb-2-cintes-reflectants-a-pit-esquena-i-manigues-mari-s9035\/","title":{"rendered":"JAQUETA WORKSHELL FLUOR A\/V WORK S9035 \/ 43.19\u20ac"},"content":{"rendered":"","protected":false},"excerpt":{"rendered":"<div id=\"descripcion\" style=\"text-align: left;\"><img loading=\"lazy\" decoding=\"async\" class=\" wp-image-19952 alignleft\" src=\"https:\/\/uniformelaboral.com\/wp-content\/uploads\/2020\/08\/logo_workteam_negro-300x243.png\" alt=\"\" width=\"129\" height=\"104\" srcset=\"https:\/\/uniformelaboral.com\/wp-content\/uploads\/2020\/08\/logo_workteam_negro-300x243.png 300w, https:\/\/uniformelaboral.com\/wp-content\/uploads\/2020\/08\/logo_workteam_negro-416x337.png 416w, https:\/\/uniformelaboral.com\/wp-content\/uploads\/2020\/08\/logo_workteam_negro.png 450w\" sizes=\"auto, (max-width: 129px) 100vw, 129px\" \/><\/div>\n<p>Jaqueta Workshell amb cintes reflectants. Coll alt i tanca de cremallera de nil\u00f3. Solapa protectora interior volta a la part superior cobrint la cremallera. Una bossa de pit i dos laterals interiors amb tancament de cremallera de nil\u00f3. Dues cintes reflectants a pit, esquena i m\u00e0nigues. Manga raglan i bocam\u00e0niga ajustable amb velcro. Cord\u00f3 el\u00e0stic amb pe\u00e7a ajustable a la cintura. Teixit tallavents, repel\u00b7lent a l&#8217;aigua i resistent a l&#8217;esquin\u00e7ament amb membrana interior transpirable i a\u00efllant i interior d&#8217;alta capacitat t\u00e8rmica.<\/p>\n<p>Composici\u00f3 96% Poli\u00e8ster 4% Elasthan, Gramatge 330 gr.<\/p>\n<p><img loading=\"lazy\" decoding=\"async\" class=\" wp-image-20042 aligncenter\" src=\"https:\/\/uniformelaboral.com\/wp-content\/uploads\/2020\/02\/workshelll-4.jpg\" alt=\"\" width=\"203\" height=\"52\" \/><\/p>\n<h6><a href=\"https:\/\/workteam.com\/fichas\/tallas\/S9035.jpg\" target=\"_blank\" rel=\"noopener noreferrer\">TAULA DE TALLES<\/a><\/h6>\n<h6><a href=\"https:\/\/workteam.com\/fichas\/declaraciones\/S9035.pdf\" target=\"_blank\" rel=\"noopener noreferrer\">DECLARACI\u00d3 DE CONFORMITAT<\/a><\/h6>\n<h6 style=\"text-align: right;\"><a href=\"https:\/\/workteam.com\/seccion_detalle.php?ref=S9035&amp;color=MR\" target=\"_blank\" rel=\"noopener noreferrer\">CONSULTAR CAT\u00c1LEG<\/a><\/h6>\n<h6 style=\"text-align: right;\"><a href=\"https:\/\/uniformelaboral.com\/index.php\/contacte\/\" target=\"_blank\" rel=\"noopener noreferrer\">CONTACTAR AMB NOSALTRES<\/a><\/h6>\n<h6><\/h6>\n","protected":false},"featured_media":20045,"template":"","meta":{"_joinchat":[]},"product_brand":[],"product_cat":[35,115,164],"product_tag":[],"class_list":{"0":"post-508","1":"product","2":"type-product","3":"status-publish","4":"has-post-thumbnail","6":"product_cat-av-alta-visibilidad","7":"product_cat-parques-w-shell","8":"product_cat-jaquetes","9":"tm-has-options","11":"first","12":"instock","13":"taxable","14":"shipping-taxable","15":"purchasable","16":"product-type-simple"},"_links":{"self":[{"href":"https:\/\/uniformelaboral.com\/index.php\/wp-json\/wp\/v2\/product\/508","targetHints":{"allow":["GET"]}}],"collection":[{"href":"https:\/\/uniformelaboral.com\/index.php\/wp-json\/wp\/v2\/product"}],"about":[{"href":"https:\/\/uniformelaboral.com\/index.php\/wp-json\/wp\/v2\/types\/product"}],"wp:featuredmedia":[{"embeddable":true,"href":"https:\/\/uniformelaboral.com\/index.php\/wp-json\/wp\/v2\/media\/20045"}],"wp:attachment":[{"href":"https:\/\/uniformelaboral.com\/index.php\/wp-json\/wp\/v2\/media?parent=508"}],"wp:term":[{"taxonomy":"product_brand","embeddable":true,"href":"https:\/\/uniformelaboral.com\/index.php\/wp-json\/wp\/v2\/product_brand?post=508"},{"taxonomy":"product_cat","embeddable":true,"href":"https:\/\/uniformelaboral.com\/index.php\/wp-json\/wp\/v2\/product_cat?post=508"},{"taxonomy":"product_tag","embeddable":true,"href":"https:\/\/uniformelaboral.com\/index.php\/wp-json\/wp\/v2\/product_tag?post=508"}],"curies":[{"name":"wp","href":"https:\/\/api.w.org\/{rel}","templated":true}]}}

<div id="descripcion" style="text-align: left;"><img loading="lazy" decoding="async" class=" wp-image-19952 alignleft" src="https://uniformelaboral.com/wp-content/uploads/2020/08/logo_workteam_negro-300x243.png" alt="" width="129" height="104" srcset="https://uniformelaboral.com/wp-content/uploads/2020/08/logo_workteam_negro-300x243.png 300w, https://uniformelaboral.com/wp-content/uploads/2020/08/logo_workteam_negro-416x337.png 416w, https://uniformelaboral.com/wp-content/uploads/2020/08/logo_workteam_negro.png 450w" sizes="auto, (max-width: 129px) 100vw, 129px" /></div>
<p>Jaqueta Workshell amb cintes reflectants. Coll alt i tanca de cremallera de niló. Solapa protectora interior volta a la part superior cobrint la cremallera. Una bossa de pit i dos laterals interiors amb tancament de cremallera de niló. Dues cintes reflectants a pit, esquena i mànigues. Manga raglan i bocamàniga ajustable amb velcro. Cordó elàstic amb peça ajustable a la cintura. Teixit tallavents, repel·lent a l&#8217;aigua i resistent a l&#8217;esquinçament amb membrana interior transpirable i aïllant i interior d&#8217;alta capacitat tèrmica.</p>
<p>Composició 96% Polièster 4% Elasthan, Gramatge 330 gr.</p>
<p><img loading="lazy" decoding="async" class=" wp-image-20042 aligncenter" src="https://uniformelaboral.com/wp-content/uploads/2020/02/workshelll-4.jpg" alt="" width="203" height="52" /></p>
<h6><a href="https://workteam.com/fichas/tallas/S9035.jpg" target="_blank" rel="noopener noreferrer">TAULA DE TALLES</a></h6>
<h6><a href="https://workteam.com/fichas/declaraciones/S9035.pdf" target="_blank" rel="noopener noreferrer">DECLARACIÓ DE CONFORMITAT</a></h6>
<h6 style="text-align: right;"><a href="https://workteam.com/seccion_detalle.php?ref=S9035&amp;color=MR" target="_blank" rel="noopener noreferrer">CONSULTAR CATÁLEG</a></h6>
<h6 style="text-align: right;"><a href="https://uniformelaboral.com/index.php/contacte/" target="_blank" rel="noopener noreferrer">CONTACTAR AMB NOSALTRES</a></h6>
<h6></h6>
