{"id":507,"date":"2020-02-25T12:40:47","date_gmt":"2020-02-25T11:40:47","guid":{"rendered":"https:\/\/uniformelaboral.com\/?post_type=product&#038;p=507"},"modified":"2023-03-02T19:11:27","modified_gmt":"2023-03-02T18:11:27","slug":"samarreta-alta-visibilitat-5493c","status":"publish","type":"product","link":"https:\/\/uniformelaboral.com\/index.php\/producto\/samarreta-alta-visibilitat-5493c\/","title":{"rendered":"SAMARRETA FLUOR A\/V WORK C3945 \/ 8.82\u20ac"},"content":{"rendered":"","protected":false},"excerpt":{"rendered":"<div id=\"descripcion\">\n<p><img loading=\"lazy\" decoding=\"async\" class=\" wp-image-19952 alignleft\" src=\"https:\/\/uniformelaboral.com\/wp-content\/uploads\/2020\/08\/logo_workteam_negro-300x243.png\" alt=\"\" width=\"122\" height=\"99\" srcset=\"https:\/\/uniformelaboral.com\/wp-content\/uploads\/2020\/08\/logo_workteam_negro-300x243.png 300w, https:\/\/uniformelaboral.com\/wp-content\/uploads\/2020\/08\/logo_workteam_negro-416x337.png 416w, https:\/\/uniformelaboral.com\/wp-content\/uploads\/2020\/08\/logo_workteam_negro.png 450w\" sizes=\"auto, (max-width: 122px) 100vw, 122px\" \/>Samarreta d&#8217;alta visibilitat de m\u00e0niga curta en poli\u00e8ster ull de perdiu amb cintes reflectants. Coll rod\u00f3 amb cubrecosturas interior. Una cinta reflectant en m\u00e0nigues i dos a pit i esquena. Teixit fresc i lleuger d&#8217;alta permeabilitat a l&#8217;aire. Transpirable, de f\u00e0cil assecat i resistent a l&#8217;encongiment. Composici\u00f3: 100% Poli\u00e8ster, Gramatge 160 gr.<\/p>\n<p><img loading=\"lazy\" decoding=\"async\" class=\" wp-image-19990 aligncenter\" src=\"https:\/\/uniformelaboral.com\/wp-content\/uploads\/2020\/06\/en-iso-20471.jpg\" alt=\"\" width=\"62\" height=\"63\" \/><\/p>\n<h6 style=\"text-align: left;\"><a href=\"https:\/\/workteam.com\/fichas\/tallas\/C3945.jpg\" target=\"_blank\" rel=\"noopener noreferrer\">TAULA DE TALLES<\/a><\/h6>\n<h6 style=\"text-align: right;\"><a href=\"https:\/\/workteam.com\/seccion_detalle.php?ref=C3945&amp;color=NAV\" target=\"_blank\" rel=\"noopener noreferrer\">\u00a0CONSULTAR CAT\u00c1LEG<\/a><\/h6>\n<h6 style=\"text-align: right;\"><a href=\"https:\/\/uniformelaboral.com\/index.php\/contacte\/\" target=\"_blank\" rel=\"noopener noreferrer\">\u00a0 \u00a0CONTACTAR AMB NOSALTRES\u00a0<\/a><\/h6>\n<\/div>\n","protected":false},"featured_media":20040,"template":"","meta":{"_joinchat":[]},"product_brand":[],"product_cat":[35,160,111],"product_tag":[],"class_list":{"0":"post-507","1":"product","2":"type-product","3":"status-publish","4":"has-post-thumbnail","6":"product_cat-av-alta-visibilidad","7":"product_cat-maniga-curta-3","8":"product_cat-samarreta-alta","9":"tm-has-options","11":"first","12":"instock","13":"taxable","14":"shipping-taxable","15":"purchasable","16":"product-type-simple"},"_links":{"self":[{"href":"https:\/\/uniformelaboral.com\/index.php\/wp-json\/wp\/v2\/product\/507","targetHints":{"allow":["GET"]}}],"collection":[{"href":"https:\/\/uniformelaboral.com\/index.php\/wp-json\/wp\/v2\/product"}],"about":[{"href":"https:\/\/uniformelaboral.com\/index.php\/wp-json\/wp\/v2\/types\/product"}],"wp:featuredmedia":[{"embeddable":true,"href":"https:\/\/uniformelaboral.com\/index.php\/wp-json\/wp\/v2\/media\/20040"}],"wp:attachment":[{"href":"https:\/\/uniformelaboral.com\/index.php\/wp-json\/wp\/v2\/media?parent=507"}],"wp:term":[{"taxonomy":"product_brand","embeddable":true,"href":"https:\/\/uniformelaboral.com\/index.php\/wp-json\/wp\/v2\/product_brand?post=507"},{"taxonomy":"product_cat","embeddable":true,"href":"https:\/\/uniformelaboral.com\/index.php\/wp-json\/wp\/v2\/product_cat?post=507"},{"taxonomy":"product_tag","embeddable":true,"href":"https:\/\/uniformelaboral.com\/index.php\/wp-json\/wp\/v2\/product_tag?post=507"}],"curies":[{"name":"wp","href":"https:\/\/api.w.org\/{rel}","templated":true}]}}

<div id="descripcion">
<p><img loading="lazy" decoding="async" class=" wp-image-19952 alignleft" src="https://uniformelaboral.com/wp-content/uploads/2020/08/logo_workteam_negro-300x243.png" alt="" width="122" height="99" srcset="https://uniformelaboral.com/wp-content/uploads/2020/08/logo_workteam_negro-300x243.png 300w, https://uniformelaboral.com/wp-content/uploads/2020/08/logo_workteam_negro-416x337.png 416w, https://uniformelaboral.com/wp-content/uploads/2020/08/logo_workteam_negro.png 450w" sizes="auto, (max-width: 122px) 100vw, 122px" />Samarreta d&#8217;alta visibilitat de màniga curta en polièster ull de perdiu amb cintes reflectants. Coll rodó amb cubrecosturas interior. Una cinta reflectant en mànigues i dos a pit i esquena. Teixit fresc i lleuger d&#8217;alta permeabilitat a l&#8217;aire. Transpirable, de fàcil assecat i resistent a l&#8217;encongiment. Composició: 100% Polièster, Gramatge 160 gr.</p>
<p><img loading="lazy" decoding="async" class=" wp-image-19990 aligncenter" src="https://uniformelaboral.com/wp-content/uploads/2020/06/en-iso-20471.jpg" alt="" width="62" height="63" /></p>
<h6 style="text-align: left;"><a href="https://workteam.com/fichas/tallas/C3945.jpg" target="_blank" rel="noopener noreferrer">TAULA DE TALLES</a></h6>
<h6 style="text-align: right;"><a href="https://workteam.com/seccion_detalle.php?ref=C3945&amp;color=NAV" target="_blank" rel="noopener noreferrer"> CONSULTAR CATÁLEG</a></h6>
<h6 style="text-align: right;"><a href="https://uniformelaboral.com/index.php/contacte/" target="_blank" rel="noopener noreferrer">   CONTACTAR AMB NOSALTRES </a></h6>
</div>
