{"id":506,"date":"2020-02-25T12:36:35","date_gmt":"2020-02-25T11:36:35","guid":{"rendered":"https:\/\/uniformelaboral.com\/?post_type=product&#038;p=506"},"modified":"2023-03-03T18:18:56","modified_gmt":"2023-03-03T17:18:56","slug":"jersei-coll-rodo-amb-butxaca-i-2-cintes-reflectants-gris-s5507","status":"publish","type":"product","link":"https:\/\/uniformelaboral.com\/index.php\/producto\/jersei-coll-rodo-amb-butxaca-i-2-cintes-reflectants-gris-s5507\/","title":{"rendered":"JERSEY FLUOR A\/V WORK S5507 \/ 22.89\u20ac"},"content":{"rendered":"","protected":false},"excerpt":{"rendered":"<div class=\"row\">\n<div class=\"col-md-7 product-allinfo\">\n<div class=\"product-description-container d-none d-md-block\">\n<p class=\"description\" data-copy-html=\"true\" data-copy-html-size=\"md\" data-html-target=\"#description_location_mobile\"><img loading=\"lazy\" decoding=\"async\" class=\" wp-image-19952 alignleft\" src=\"https:\/\/uniformelaboral.com\/wp-content\/uploads\/2020\/08\/logo_workteam_negro-300x243.png\" alt=\"\" width=\"120\" height=\"97\" srcset=\"https:\/\/uniformelaboral.com\/wp-content\/uploads\/2020\/08\/logo_workteam_negro-300x243.png 300w, https:\/\/uniformelaboral.com\/wp-content\/uploads\/2020\/08\/logo_workteam_negro-416x337.png 416w, https:\/\/uniformelaboral.com\/wp-content\/uploads\/2020\/08\/logo_workteam_negro.png 450w\" sizes=\"auto, (max-width: 120px) 100vw, 120px\" \/><\/p>\n<p>Jersei de coll rod\u00f3 en punt gruixut amb cintes reflectants i combinat amb sarja a el to. Refor\u00e7os a les espatlles i una bossa de pit amb cartera de velcro. Dues cintes reflectants a pit, esquena i m\u00e0nigues. Coll, punys i cintura el\u00e0stics en punt canal\u00e9.<\/p>\n<p>Composici\u00f3 100% Acr\u00edlic, Gramatge 520 gr.<\/p>\n<\/div>\n<\/div>\n<\/div>\n<p id=\"composicion\"><img loading=\"lazy\" decoding=\"async\" class=\" wp-image-20052 aligncenter\" src=\"https:\/\/uniformelaboral.com\/wp-content\/uploads\/2020\/02\/ISO-S5507.jpg\" alt=\"\" width=\"63\" height=\"62\" \/><\/p>\n<h6><a href=\"https:\/\/workteam.com\/fichas\/tallas\/S5507.jpg\" target=\"_blank\" rel=\"noopener noreferrer\">TAULA DE TALLES<\/a><\/h6>\n<h6><a href=\"https:\/\/workteam.com\/fichas\/declaraciones\/S5507.pdf\" target=\"_blank\" rel=\"noopener noreferrer\">DECLARACI\u00d3 DE CONFORMITAT<\/a><\/h6>\n<h6 style=\"text-align: right;\"><a href=\"https:\/\/workteam.com\/seccion_detalle.php?ref=S5507&amp;color=GR\" target=\"_blank\" rel=\"noopener noreferrer\">CONSULTAR\u00a0 CAT\u00c1LEG<\/a><\/h6>\n<h6 style=\"text-align: right;\"><a href=\"https:\/\/uniformelaboral.com\/index.php\/contacte\/\" target=\"_blank\" rel=\"noopener noreferrer\">CONTACTAR AMB NOSALTRES<\/a><\/h6>\n<h6><\/h6>\n<div><\/div>\n<div><\/div>\n","protected":false},"featured_media":20051,"template":"","meta":{"_joinchat":[]},"product_brand":[],"product_cat":[35,114],"product_tag":[],"class_list":{"0":"post-506","1":"product","2":"type-product","3":"status-publish","4":"has-post-thumbnail","6":"product_cat-av-alta-visibilidad","7":"product_cat-jersei","8":"tm-has-options","10":"first","11":"instock","12":"taxable","13":"shipping-taxable","14":"purchasable","15":"product-type-simple"},"_links":{"self":[{"href":"https:\/\/uniformelaboral.com\/index.php\/wp-json\/wp\/v2\/product\/506","targetHints":{"allow":["GET"]}}],"collection":[{"href":"https:\/\/uniformelaboral.com\/index.php\/wp-json\/wp\/v2\/product"}],"about":[{"href":"https:\/\/uniformelaboral.com\/index.php\/wp-json\/wp\/v2\/types\/product"}],"wp:featuredmedia":[{"embeddable":true,"href":"https:\/\/uniformelaboral.com\/index.php\/wp-json\/wp\/v2\/media\/20051"}],"wp:attachment":[{"href":"https:\/\/uniformelaboral.com\/index.php\/wp-json\/wp\/v2\/media?parent=506"}],"wp:term":[{"taxonomy":"product_brand","embeddable":true,"href":"https:\/\/uniformelaboral.com\/index.php\/wp-json\/wp\/v2\/product_brand?post=506"},{"taxonomy":"product_cat","embeddable":true,"href":"https:\/\/uniformelaboral.com\/index.php\/wp-json\/wp\/v2\/product_cat?post=506"},{"taxonomy":"product_tag","embeddable":true,"href":"https:\/\/uniformelaboral.com\/index.php\/wp-json\/wp\/v2\/product_tag?post=506"}],"curies":[{"name":"wp","href":"https:\/\/api.w.org\/{rel}","templated":true}]}}

<div class="row">
<div class="col-md-7 product-allinfo">
<div class="product-description-container d-none d-md-block">
<p class="description" data-copy-html="true" data-copy-html-size="md" data-html-target="#description_location_mobile"><img loading="lazy" decoding="async" class=" wp-image-19952 alignleft" src="https://uniformelaboral.com/wp-content/uploads/2020/08/logo_workteam_negro-300x243.png" alt="" width="120" height="97" srcset="https://uniformelaboral.com/wp-content/uploads/2020/08/logo_workteam_negro-300x243.png 300w, https://uniformelaboral.com/wp-content/uploads/2020/08/logo_workteam_negro-416x337.png 416w, https://uniformelaboral.com/wp-content/uploads/2020/08/logo_workteam_negro.png 450w" sizes="auto, (max-width: 120px) 100vw, 120px" /></p>
<p>Jersei de coll rodó en punt gruixut amb cintes reflectants i combinat amb sarja a el to. Reforços a les espatlles i una bossa de pit amb cartera de velcro. Dues cintes reflectants a pit, esquena i mànigues. Coll, punys i cintura elàstics en punt canalé.</p>
<p>Composició 100% Acrílic, Gramatge 520 gr.</p>
</div>
</div>
</div>
<p id="composicion"><img loading="lazy" decoding="async" class=" wp-image-20052 aligncenter" src="https://uniformelaboral.com/wp-content/uploads/2020/02/ISO-S5507.jpg" alt="" width="63" height="62" /></p>
<h6><a href="https://workteam.com/fichas/tallas/S5507.jpg" target="_blank" rel="noopener noreferrer">TAULA DE TALLES</a></h6>
<h6><a href="https://workteam.com/fichas/declaraciones/S5507.pdf" target="_blank" rel="noopener noreferrer">DECLARACIÓ DE CONFORMITAT</a></h6>
<h6 style="text-align: right;"><a href="https://workteam.com/seccion_detalle.php?ref=S5507&amp;color=GR" target="_blank" rel="noopener noreferrer">CONSULTAR  CATÁLEG</a></h6>
<h6 style="text-align: right;"><a href="https://uniformelaboral.com/index.php/contacte/" target="_blank" rel="noopener noreferrer">CONTACTAR AMB NOSALTRES</a></h6>
<h6></h6>
<div></div>
<div></div>
