{"id":496,"date":"2020-02-25T12:09:55","date_gmt":"2020-02-25T11:09:55","guid":{"rendered":"https:\/\/uniformelaboral.com\/?post_type=product&#038;p=496"},"modified":"2023-03-03T19:03:10","modified_gmt":"2023-03-03T18:03:10","slug":"pol-combinat-alta-visibilitat-maniga-curta-cintes-reflectants-tors-i-manigues-c3860","status":"publish","type":"product","link":"https:\/\/uniformelaboral.com\/index.php\/producto\/pol-combinat-alta-visibilitat-maniga-curta-cintes-reflectants-tors-i-manigues-c3860\/","title":{"rendered":"POLO COMBINAT FLUOR AV WORK C3860 \/ 10.92\u20ac"},"content":{"rendered":"","protected":false},"excerpt":{"rendered":"<div id=\"descripcion\">\n<p><img loading=\"lazy\" decoding=\"async\" class=\"wp-image-19952 alignleft\" src=\"https:\/\/uniformelaboral.com\/wp-content\/uploads\/2020\/08\/logo_workteam_negro-300x243.png\" alt=\"\" width=\"123\" height=\"100\" srcset=\"https:\/\/uniformelaboral.com\/wp-content\/uploads\/2020\/08\/logo_workteam_negro-300x243.png 300w, https:\/\/uniformelaboral.com\/wp-content\/uploads\/2020\/08\/logo_workteam_negro-416x337.png 416w, https:\/\/uniformelaboral.com\/wp-content\/uploads\/2020\/08\/logo_workteam_negro.png 450w\" sizes=\"auto, (max-width: 123px) 100vw, 123px\" \/><\/p>\n<p>Polo combinat de m\u00e0niga curta en poli\u00e8ster ull de perdiu amb cintes reflectants. Part superior d&#8217;alta visibilitat. Coll cl\u00e0ssic amb tapeta de tres botons i cubrecosturas interior. Obertures laterals. Una cinta reflectant en m\u00e0nigues i dos a pit i esquena. Teixit fresc i lleuger d&#8217;alta permeabilitat a l&#8217;aire. Transpirable, de f\u00e0cil assecat i resistent a l&#8217;encongiment. Coll en punt canal\u00e9.<\/p>\n<p>Composici\u00f3: 100% Poli\u00e8ster, Gramatge 160 gr<\/p>\n<\/div>\n<div><img loading=\"lazy\" decoding=\"async\" class=\"wp-image-1317 aligncenter\" src=\"https:\/\/uniformelaboral.com\/wp-content\/uploads\/2020\/04\/ISO-20471-1.jpg\" alt=\"\" width=\"58\" height=\"61\" \/><\/div>\n<h6><a href=\"https:\/\/workteam.com\/fichas\/tallas\/C3860.jpg\" target=\"_blank\" rel=\"noopener noreferrer\">TAULA DE TALLES<\/a><\/h6>\n<h6 style=\"text-align: right;\"><a href=\"https:\/\/workteam.com\/seccion_detalle.php?ref=C3860&amp;color=NAV_MR\" target=\"_blank\" rel=\"noopener noreferrer\">CONSULTAR CAT\u00c1LEG<\/a><\/h6>\n<h6 style=\"text-align: right;\"><a href=\"https:\/\/uniformelaboral.com\/index.php\/contacte\/\" target=\"_blank\" rel=\"noopener noreferrer\">CONTACTAR AMB NOSALTRES<\/a><\/h6>\n<h6><\/h6>\n","protected":false},"featured_media":20069,"template":"","meta":{"_joinchat":[]},"product_brand":[],"product_cat":[35,159],"product_tag":[],"class_list":{"0":"post-496","1":"product","2":"type-product","3":"status-publish","4":"has-post-thumbnail","6":"product_cat-av-alta-visibilidad","7":"product_cat-maniga-curta-2","8":"tm-has-options","10":"first","11":"instock","12":"taxable","13":"shipping-taxable","14":"purchasable","15":"product-type-simple"},"_links":{"self":[{"href":"https:\/\/uniformelaboral.com\/index.php\/wp-json\/wp\/v2\/product\/496","targetHints":{"allow":["GET"]}}],"collection":[{"href":"https:\/\/uniformelaboral.com\/index.php\/wp-json\/wp\/v2\/product"}],"about":[{"href":"https:\/\/uniformelaboral.com\/index.php\/wp-json\/wp\/v2\/types\/product"}],"wp:featuredmedia":[{"embeddable":true,"href":"https:\/\/uniformelaboral.com\/index.php\/wp-json\/wp\/v2\/media\/20069"}],"wp:attachment":[{"href":"https:\/\/uniformelaboral.com\/index.php\/wp-json\/wp\/v2\/media?parent=496"}],"wp:term":[{"taxonomy":"product_brand","embeddable":true,"href":"https:\/\/uniformelaboral.com\/index.php\/wp-json\/wp\/v2\/product_brand?post=496"},{"taxonomy":"product_cat","embeddable":true,"href":"https:\/\/uniformelaboral.com\/index.php\/wp-json\/wp\/v2\/product_cat?post=496"},{"taxonomy":"product_tag","embeddable":true,"href":"https:\/\/uniformelaboral.com\/index.php\/wp-json\/wp\/v2\/product_tag?post=496"}],"curies":[{"name":"wp","href":"https:\/\/api.w.org\/{rel}","templated":true}]}}

<div id="descripcion">
<p><img loading="lazy" decoding="async" class="wp-image-19952 alignleft" src="https://uniformelaboral.com/wp-content/uploads/2020/08/logo_workteam_negro-300x243.png" alt="" width="123" height="100" srcset="https://uniformelaboral.com/wp-content/uploads/2020/08/logo_workteam_negro-300x243.png 300w, https://uniformelaboral.com/wp-content/uploads/2020/08/logo_workteam_negro-416x337.png 416w, https://uniformelaboral.com/wp-content/uploads/2020/08/logo_workteam_negro.png 450w" sizes="auto, (max-width: 123px) 100vw, 123px" /></p>
<p>Polo combinat de màniga curta en polièster ull de perdiu amb cintes reflectants. Part superior d&#8217;alta visibilitat. Coll clàssic amb tapeta de tres botons i cubrecosturas interior. Obertures laterals. Una cinta reflectant en mànigues i dos a pit i esquena. Teixit fresc i lleuger d&#8217;alta permeabilitat a l&#8217;aire. Transpirable, de fàcil assecat i resistent a l&#8217;encongiment. Coll en punt canalé.</p>
<p>Composició: 100% Polièster, Gramatge 160 gr</p>
</div>
<div><img loading="lazy" decoding="async" class="wp-image-1317 aligncenter" src="https://uniformelaboral.com/wp-content/uploads/2020/04/ISO-20471-1.jpg" alt="" width="58" height="61" /></div>
<h6><a href="https://workteam.com/fichas/tallas/C3860.jpg" target="_blank" rel="noopener noreferrer">TAULA DE TALLES</a></h6>
<h6 style="text-align: right;"><a href="https://workteam.com/seccion_detalle.php?ref=C3860&amp;color=NAV_MR" target="_blank" rel="noopener noreferrer">CONSULTAR CATÁLEG</a></h6>
<h6 style="text-align: right;"><a href="https://uniformelaboral.com/index.php/contacte/" target="_blank" rel="noopener noreferrer">CONTACTAR AMB NOSALTRES</a></h6>
<h6></h6>
