{"id":492,"date":"2020-02-25T12:33:52","date_gmt":"2020-02-25T11:33:52","guid":{"rendered":"https:\/\/uniformelaboral.com\/?post_type=product&#038;p=492"},"modified":"2023-03-03T18:42:17","modified_gmt":"2023-03-03T17:42:17","slug":"armilla-alta-visibilitat-0263c","status":"publish","type":"product","link":"https:\/\/uniformelaboral.com\/index.php\/producto\/armilla-alta-visibilitat-0263c\/","title":{"rendered":"BERMUDA COMBINAT FLUOR A\/V WORK C4005 \/ 16.59\u20ac"},"content":{"rendered":"","protected":false},"excerpt":{"rendered":"<div id=\"descripcion\">\n<p><img loading=\"lazy\" decoding=\"async\" class=\" wp-image-19952 alignleft\" src=\"https:\/\/uniformelaboral.com\/wp-content\/uploads\/2020\/08\/logo_workteam_negro-300x243.png\" alt=\"\" width=\"122\" height=\"99\" srcset=\"https:\/\/uniformelaboral.com\/wp-content\/uploads\/2020\/08\/logo_workteam_negro-300x243.png 300w, https:\/\/uniformelaboral.com\/wp-content\/uploads\/2020\/08\/logo_workteam_negro-416x337.png 416w, https:\/\/uniformelaboral.com\/wp-content\/uploads\/2020\/08\/logo_workteam_negro.png 450w\" sizes=\"auto, (max-width: 122px) 100vw, 122px\" \/><\/p>\n<p>Bermuda combinada amb alta visibilitat i cintes reflectants. Dues bosses d&#8217;obertura inclinada en els costats. Dues bosses laterals amb cinta reflectant, manxa i cartera de velcro. Una bossa darrere de trau amb tancament de presilla i bot\u00f3. Dues cintes reflectants a camals. Part inferior d&#8217;alta visibilitat. El\u00e0stic en cintura. Travetes. Tancament de bot\u00f3 i bragueta de cremallera.<\/p>\n<p>Composici\u00f3: Prin. El 65% Poli\u00e8ster 35% Cot\u00f3 \/ A.V. 50% Poli\u00e8ster 50% Cot\u00f3, Gramatge Prin. 200 \/ A.V. 250.<\/p>\n<\/div>\n<div><img loading=\"lazy\" decoding=\"async\" class=\" wp-image-20018 aligncenter\" src=\"https:\/\/uniformelaboral.com\/wp-content\/uploads\/2020\/06\/ISO-20471-1.jpg\" alt=\"\" width=\"58\" height=\"61\" \/><\/div>\n<h6><a href=\"https:\/\/workteam.com\/fichas\/tallas\/C4005.jpg\" target=\"_blank\" rel=\"noopener noreferrer\">TAULA DE TALLES<\/a><\/h6>\n<h6><a href=\"https:\/\/workteam.com\/fichas\/declaraciones\/C4005_AAV.pdf\" target=\"_blank\" rel=\"noopener noreferrer\">DECLARACI\u00d3 DE CONFORMITAT<\/a><\/h6>\n<h6 style=\"text-align: right;\"><a href=\"https:\/\/workteam.com\/seccion_detalle.php?ref=C4005&amp;color=MR_AAV\" target=\"_blank\" rel=\"noopener noreferrer\">CONSULTAR\u00a0 CAT\u00c1LEG<\/a><\/h6>\n<h6 style=\"text-align: right;\"><a href=\"https:\/\/uniformelaboral.com\/index.php\/contacte\/\" target=\"_blank\" rel=\"noopener noreferrer\">CONTACTAR AMB NOSALTRES<\/a><\/h6>\n<h6><\/h6>\n","protected":false},"featured_media":20054,"template":"","meta":{"_joinchat":[]},"product_brand":[],"product_cat":[35,104,103],"product_tag":[],"class_list":{"0":"post-492","1":"product","2":"type-product","3":"status-publish","4":"has-post-thumbnail","6":"product_cat-av-alta-visibilidad","7":"product_cat-multibutxaques","8":"product_cat-pantalons","9":"tm-has-options","11":"first","12":"instock","13":"taxable","14":"shipping-taxable","15":"purchasable","16":"product-type-simple"},"_links":{"self":[{"href":"https:\/\/uniformelaboral.com\/index.php\/wp-json\/wp\/v2\/product\/492","targetHints":{"allow":["GET"]}}],"collection":[{"href":"https:\/\/uniformelaboral.com\/index.php\/wp-json\/wp\/v2\/product"}],"about":[{"href":"https:\/\/uniformelaboral.com\/index.php\/wp-json\/wp\/v2\/types\/product"}],"wp:featuredmedia":[{"embeddable":true,"href":"https:\/\/uniformelaboral.com\/index.php\/wp-json\/wp\/v2\/media\/20054"}],"wp:attachment":[{"href":"https:\/\/uniformelaboral.com\/index.php\/wp-json\/wp\/v2\/media?parent=492"}],"wp:term":[{"taxonomy":"product_brand","embeddable":true,"href":"https:\/\/uniformelaboral.com\/index.php\/wp-json\/wp\/v2\/product_brand?post=492"},{"taxonomy":"product_cat","embeddable":true,"href":"https:\/\/uniformelaboral.com\/index.php\/wp-json\/wp\/v2\/product_cat?post=492"},{"taxonomy":"product_tag","embeddable":true,"href":"https:\/\/uniformelaboral.com\/index.php\/wp-json\/wp\/v2\/product_tag?post=492"}],"curies":[{"name":"wp","href":"https:\/\/api.w.org\/{rel}","templated":true}]}}

<div id="descripcion">
<p><img loading="lazy" decoding="async" class=" wp-image-19952 alignleft" src="https://uniformelaboral.com/wp-content/uploads/2020/08/logo_workteam_negro-300x243.png" alt="" width="122" height="99" srcset="https://uniformelaboral.com/wp-content/uploads/2020/08/logo_workteam_negro-300x243.png 300w, https://uniformelaboral.com/wp-content/uploads/2020/08/logo_workteam_negro-416x337.png 416w, https://uniformelaboral.com/wp-content/uploads/2020/08/logo_workteam_negro.png 450w" sizes="auto, (max-width: 122px) 100vw, 122px" /></p>
<p>Bermuda combinada amb alta visibilitat i cintes reflectants. Dues bosses d&#8217;obertura inclinada en els costats. Dues bosses laterals amb cinta reflectant, manxa i cartera de velcro. Una bossa darrere de trau amb tancament de presilla i botó. Dues cintes reflectants a camals. Part inferior d&#8217;alta visibilitat. Elàstic en cintura. Travetes. Tancament de botó i bragueta de cremallera.</p>
<p>Composició: Prin. El 65% Polièster 35% Cotó / A.V. 50% Polièster 50% Cotó, Gramatge Prin. 200 / A.V. 250.</p>
</div>
<div><img loading="lazy" decoding="async" class=" wp-image-20018 aligncenter" src="https://uniformelaboral.com/wp-content/uploads/2020/06/ISO-20471-1.jpg" alt="" width="58" height="61" /></div>
<h6><a href="https://workteam.com/fichas/tallas/C4005.jpg" target="_blank" rel="noopener noreferrer">TAULA DE TALLES</a></h6>
<h6><a href="https://workteam.com/fichas/declaraciones/C4005_AAV.pdf" target="_blank" rel="noopener noreferrer">DECLARACIÓ DE CONFORMITAT</a></h6>
<h6 style="text-align: right;"><a href="https://workteam.com/seccion_detalle.php?ref=C4005&amp;color=MR_AAV" target="_blank" rel="noopener noreferrer">CONSULTAR  CATÁLEG</a></h6>
<h6 style="text-align: right;"><a href="https://uniformelaboral.com/index.php/contacte/" target="_blank" rel="noopener noreferrer">CONTACTAR AMB NOSALTRES</a></h6>
<h6></h6>
