{"id":486,"date":"2020-02-24T12:25:49","date_gmt":"2020-02-24T11:25:49","guid":{"rendered":"https:\/\/uniformelaboral.com\/?post_type=product&#038;p=486"},"modified":"2023-08-11T21:00:00","modified_gmt":"2023-08-11T19:00:00","slug":"polar-basic-industrial-s4001","status":"publish","type":"product","link":"https:\/\/uniformelaboral.com\/index.php\/producto\/polar-basic-industrial-s4001\/","title":{"rendered":"CA\u00c7ADORA CAMBRA DE FRED WORK B1110 \/ 20.79\u20ac"},"content":{"rendered":"","protected":false},"excerpt":{"rendered":"<div id=\"descripcion\">\n<p><img loading=\"lazy\" decoding=\"async\" class=\" wp-image-19952 alignleft\" src=\"https:\/\/uniformelaboral.com\/wp-content\/uploads\/2020\/08\/logo_workteam_negro-300x243.png\" alt=\"\" width=\"125\" height=\"101\" srcset=\"https:\/\/uniformelaboral.com\/wp-content\/uploads\/2020\/08\/logo_workteam_negro-300x243.png 300w, https:\/\/uniformelaboral.com\/wp-content\/uploads\/2020\/08\/logo_workteam_negro-416x337.png 416w, https:\/\/uniformelaboral.com\/wp-content\/uploads\/2020\/08\/logo_workteam_negro.png 450w\" sizes=\"auto, (max-width: 125px) 100vw, 125px\" \/><\/p>\n<p>Ca\u00e7adora per al fred amb folre protector. Coll camiser. Tancament de cremallera de nil\u00f3 oculta per solapa postissa amb velcro. Una bossa de pit i dues bosses laterals de trau. Una bossa de pit de plast\u00f3 amb tancament de velcro a l&#8217;interior. Puny amb el\u00e0stic. El\u00e0stic en els laterals de la cintura.<\/p>\n<p>Composici\u00f3: Ext: 65% Poli\u00e8ster 35% Cot\u00f3. Int: 100% Poli\u00e8ster, Gramatge Ext. 200 \/ Int. 160.<\/p>\n<\/div>\n<div><img loading=\"lazy\" decoding=\"async\" class=\" wp-image-20797 aligncenter\" src=\"https:\/\/uniformelaboral.com\/wp-content\/uploads\/2020\/05\/Fred-i-acolxat.jpg\" alt=\"\" width=\"117\" height=\"58\" \/><\/div>\n<h6><a href=\"https:\/\/www.workteam.com\/fichas\/tallas\/B1110.jpg\" target=\"_blank\" rel=\"noopener noreferrer\">TAULA DE TALLES<\/a><\/h6>\n<h6><a href=\"https:\/\/www.workteam.com\/fichas\/declaraciones\/B1110.pdf\" target=\"_blank\" rel=\"noopener noreferrer\">DECLARACI\u00d3 DE CONFORMITAT<\/a><\/h6>\n<h6 style=\"text-align: right;\"><a href=\"https:\/\/workteam.com\/seccion_detalle.php?ref=B1110&amp;color=BL\" target=\"_blank\" rel=\"noopener noreferrer\">CONSULTAR\u00a0 CAT\u00c1LEG<\/a><\/h6>\n<h6 style=\"text-align: right;\"><a href=\"https:\/\/uniformelaboral.com\/index.php\/contacte\/\" target=\"_blank\" rel=\"noopener noreferrer\">CONTACTAR AMB NOSALTRES<\/a><\/h6>\n<h6><\/h6>\n","protected":false},"featured_media":20811,"template":"","meta":{"_joinchat":[]},"product_brand":[],"product_cat":[36,146,174,37,902,918],"product_tag":[],"class_list":{"0":"post-486","1":"product","2":"type-product","3":"status-publish","4":"has-post-thumbnail","6":"product_cat-alimentacio","7":"product_cat-cambra-de-fred","8":"product_cat-cambra-de-fred-industria","9":"product_cat-industria","10":"product_cat-jaqueta","11":"product_cat-jaqueta-2","12":"tm-has-options","14":"first","15":"instock","16":"taxable","17":"shipping-taxable","18":"purchasable","19":"product-type-simple"},"_links":{"self":[{"href":"https:\/\/uniformelaboral.com\/index.php\/wp-json\/wp\/v2\/product\/486","targetHints":{"allow":["GET"]}}],"collection":[{"href":"https:\/\/uniformelaboral.com\/index.php\/wp-json\/wp\/v2\/product"}],"about":[{"href":"https:\/\/uniformelaboral.com\/index.php\/wp-json\/wp\/v2\/types\/product"}],"wp:featuredmedia":[{"embeddable":true,"href":"https:\/\/uniformelaboral.com\/index.php\/wp-json\/wp\/v2\/media\/20811"}],"wp:attachment":[{"href":"https:\/\/uniformelaboral.com\/index.php\/wp-json\/wp\/v2\/media?parent=486"}],"wp:term":[{"taxonomy":"product_brand","embeddable":true,"href":"https:\/\/uniformelaboral.com\/index.php\/wp-json\/wp\/v2\/product_brand?post=486"},{"taxonomy":"product_cat","embeddable":true,"href":"https:\/\/uniformelaboral.com\/index.php\/wp-json\/wp\/v2\/product_cat?post=486"},{"taxonomy":"product_tag","embeddable":true,"href":"https:\/\/uniformelaboral.com\/index.php\/wp-json\/wp\/v2\/product_tag?post=486"}],"curies":[{"name":"wp","href":"https:\/\/api.w.org\/{rel}","templated":true}]}}

CAÇADORA CAMBRA DE FRED WORK B1110 / 20.79€

<div id="descripcion">
<p><img loading="lazy" decoding="async" class=" wp-image-19952 alignleft" src="https://uniformelaboral.com/wp-content/uploads/2020/08/logo_workteam_negro-300x243.png" alt="" width="125" height="101" srcset="https://uniformelaboral.com/wp-content/uploads/2020/08/logo_workteam_negro-300x243.png 300w, https://uniformelaboral.com/wp-content/uploads/2020/08/logo_workteam_negro-416x337.png 416w, https://uniformelaboral.com/wp-content/uploads/2020/08/logo_workteam_negro.png 450w" sizes="auto, (max-width: 125px) 100vw, 125px" /></p>
<p>Caçadora per al fred amb folre protector. Coll camiser. Tancament de cremallera de niló oculta per solapa postissa amb velcro. Una bossa de pit i dues bosses laterals de trau. Una bossa de pit de plastó amb tancament de velcro a l&#8217;interior. Puny amb elàstic. Elàstic en els laterals de la cintura.</p>
<p>Composició: Ext: 65% Polièster 35% Cotó. Int: 100% Polièster, Gramatge Ext. 200 / Int. 160.</p>
</div>
<div><img loading="lazy" decoding="async" class=" wp-image-20797 aligncenter" src="https://uniformelaboral.com/wp-content/uploads/2020/05/Fred-i-acolxat.jpg" alt="" width="117" height="58" /></div>
<h6><a href="https://www.workteam.com/fichas/tallas/B1110.jpg" target="_blank" rel="noopener noreferrer">TAULA DE TALLES</a></h6>
<h6><a href="https://www.workteam.com/fichas/declaraciones/B1110.pdf" target="_blank" rel="noopener noreferrer">DECLARACIÓ DE CONFORMITAT</a></h6>
<h6 style="text-align: right;"><a href="https://workteam.com/seccion_detalle.php?ref=B1110&amp;color=BL" target="_blank" rel="noopener noreferrer">CONSULTAR  CATÁLEG</a></h6>
<h6 style="text-align: right;"><a href="https://uniformelaboral.com/index.php/contacte/" target="_blank" rel="noopener noreferrer">CONTACTAR AMB NOSALTRES</a></h6>
<h6></h6>
