{"id":485,"date":"2020-02-24T12:28:45","date_gmt":"2020-02-24T11:28:45","guid":{"rendered":"https:\/\/uniformelaboral.com\/?post_type=product&#038;p=485"},"modified":"2023-03-03T19:31:01","modified_gmt":"2023-03-03T18:31:01","slug":"polar-combi-alta-visibilidad-c4020","status":"publish","type":"product","link":"https:\/\/uniformelaboral.com\/index.php\/producto\/polar-combi-alta-visibilidad-c4020\/","title":{"rendered":"JAQUETA POLAR COMBI A\/V WORK C4020 \/ 21.84\u20ac"},"content":{"rendered":"","protected":false},"excerpt":{"rendered":"<div id=\"descripcion\">\n<p><img loading=\"lazy\" decoding=\"async\" class=\"wp-image-19952 alignleft\" src=\"https:\/\/uniformelaboral.com\/wp-content\/uploads\/2020\/08\/logo_workteam_negro-300x243.png\" alt=\"\" width=\"121\" height=\"98\" srcset=\"https:\/\/uniformelaboral.com\/wp-content\/uploads\/2020\/08\/logo_workteam_negro-300x243.png 300w, https:\/\/uniformelaboral.com\/wp-content\/uploads\/2020\/08\/logo_workteam_negro-416x337.png 416w, https:\/\/uniformelaboral.com\/wp-content\/uploads\/2020\/08\/logo_workteam_negro.png 450w\" sizes=\"auto, (max-width: 121px) 100vw, 121px\" \/><\/p>\n<p>Jaqueta polar combinada amb cintes reflectants. Part superior d&#8217;alta visibilitat. Coll alt i tanca de cremallera de nil\u00f3. Una bossa de pit i dues bosses laterals interiors amb cremalleres de nil\u00f3. Una cinta reflectant en pit i esquena. Puny amb el\u00e0stic. Cord\u00f3 el\u00e0stic amb pe\u00e7a ajustable en baix.<\/p>\n<p>Composici\u00f3: 100% Poli\u00e8ster, Gramatge 260 gr.<\/p>\n<\/div>\n<p><img loading=\"lazy\" decoding=\"async\" class=\" wp-image-20081 aligncenter\" src=\"https:\/\/uniformelaboral.com\/wp-content\/uploads\/2020\/02\/Talles-grans.jpg\" alt=\"\" width=\"68\" height=\"62\" \/><\/p>\n<h6><a href=\"https:\/\/workteam.com\/fichas\/tallas\/C4020.jpg\" target=\"_blank\" rel=\"noopener noreferrer\">TAULA DE TALLES<\/a><\/h6>\n<h6><a href=\"https:\/\/workteam.com\/fichas\/declaraciones\/C4020.pdf\" target=\"_blank\" rel=\"noopener noreferrer\">DECLARACI\u00d3 DE CONFORMITAT<\/a><\/h6>\n<h6 style=\"text-align: right;\"><a href=\"https:\/\/workteam.com\/seccion_detalle.php?ref=C4020&amp;color=MR_NAV\" target=\"_blank\" rel=\"noopener noreferrer\">CONSULTAR\u00a0 CAT\u00c1LEG<\/a><\/h6>\n<h6 style=\"text-align: right;\"><a href=\"https:\/\/uniformelaboral.com\/index.php\/contacte\/\" target=\"_blank\" rel=\"noopener noreferrer\">CONTACTAR AMB NOSALTRES<\/a><\/h6>\n<h6><\/h6>\n","protected":false},"featured_media":20076,"template":"","meta":{"_joinchat":[]},"product_brand":[],"product_cat":[35,173],"product_tag":[],"class_list":{"0":"post-485","1":"product","2":"type-product","3":"status-publish","4":"has-post-thumbnail","6":"product_cat-av-alta-visibilidad","7":"product_cat-polars","8":"tm-has-options","10":"first","11":"instock","12":"taxable","13":"shipping-taxable","14":"purchasable","15":"product-type-simple"},"_links":{"self":[{"href":"https:\/\/uniformelaboral.com\/index.php\/wp-json\/wp\/v2\/product\/485","targetHints":{"allow":["GET"]}}],"collection":[{"href":"https:\/\/uniformelaboral.com\/index.php\/wp-json\/wp\/v2\/product"}],"about":[{"href":"https:\/\/uniformelaboral.com\/index.php\/wp-json\/wp\/v2\/types\/product"}],"wp:featuredmedia":[{"embeddable":true,"href":"https:\/\/uniformelaboral.com\/index.php\/wp-json\/wp\/v2\/media\/20076"}],"wp:attachment":[{"href":"https:\/\/uniformelaboral.com\/index.php\/wp-json\/wp\/v2\/media?parent=485"}],"wp:term":[{"taxonomy":"product_brand","embeddable":true,"href":"https:\/\/uniformelaboral.com\/index.php\/wp-json\/wp\/v2\/product_brand?post=485"},{"taxonomy":"product_cat","embeddable":true,"href":"https:\/\/uniformelaboral.com\/index.php\/wp-json\/wp\/v2\/product_cat?post=485"},{"taxonomy":"product_tag","embeddable":true,"href":"https:\/\/uniformelaboral.com\/index.php\/wp-json\/wp\/v2\/product_tag?post=485"}],"curies":[{"name":"wp","href":"https:\/\/api.w.org\/{rel}","templated":true}]}}

<div id="descripcion">
<p><img loading="lazy" decoding="async" class="wp-image-19952 alignleft" src="https://uniformelaboral.com/wp-content/uploads/2020/08/logo_workteam_negro-300x243.png" alt="" width="121" height="98" srcset="https://uniformelaboral.com/wp-content/uploads/2020/08/logo_workteam_negro-300x243.png 300w, https://uniformelaboral.com/wp-content/uploads/2020/08/logo_workteam_negro-416x337.png 416w, https://uniformelaboral.com/wp-content/uploads/2020/08/logo_workteam_negro.png 450w" sizes="auto, (max-width: 121px) 100vw, 121px" /></p>
<p>Jaqueta polar combinada amb cintes reflectants. Part superior d&#8217;alta visibilitat. Coll alt i tanca de cremallera de niló. Una bossa de pit i dues bosses laterals interiors amb cremalleres de niló. Una cinta reflectant en pit i esquena. Puny amb elàstic. Cordó elàstic amb peça ajustable en baix.</p>
<p>Composició: 100% Polièster, Gramatge 260 gr.</p>
</div>
<p><img loading="lazy" decoding="async" class=" wp-image-20081 aligncenter" src="https://uniformelaboral.com/wp-content/uploads/2020/02/Talles-grans.jpg" alt="" width="68" height="62" /></p>
<h6><a href="https://workteam.com/fichas/tallas/C4020.jpg" target="_blank" rel="noopener noreferrer">TAULA DE TALLES</a></h6>
<h6><a href="https://workteam.com/fichas/declaraciones/C4020.pdf" target="_blank" rel="noopener noreferrer">DECLARACIÓ DE CONFORMITAT</a></h6>
<h6 style="text-align: right;"><a href="https://workteam.com/seccion_detalle.php?ref=C4020&amp;color=MR_NAV" target="_blank" rel="noopener noreferrer">CONSULTAR  CATÁLEG</a></h6>
<h6 style="text-align: right;"><a href="https://uniformelaboral.com/index.php/contacte/" target="_blank" rel="noopener noreferrer">CONTACTAR AMB NOSALTRES</a></h6>
<h6></h6>
