{"id":401,"date":"2020-02-24T09:58:02","date_gmt":"2020-02-24T08:58:02","guid":{"rendered":"https:\/\/uniformelaboral.com\/?post_type=product&#038;p=401"},"modified":"2023-07-25T11:09:36","modified_gmt":"2023-07-25T09:09:36","slug":"camisa-basic-industrial-b8100","status":"publish","type":"product","link":"https:\/\/uniformelaboral.com\/index.php\/producto\/camisa-basic-industrial-b8100\/","title":{"rendered":"CAMISA BASIC WORK B8100 \/ 10.50\u20ac"},"content":{"rendered":"","protected":false},"excerpt":{"rendered":"<div id=\"descripcion\">\n<p><img loading=\"lazy\" decoding=\"async\" class=\"wp-image-20790 alignleft\" src=\"https:\/\/uniformelaboral.com\/wp-content\/uploads\/2020\/06\/LOGO-WORKTEAM-1-300x244.jpg\" alt=\"\" width=\"117\" height=\"95\" srcset=\"https:\/\/uniformelaboral.com\/wp-content\/uploads\/2020\/06\/LOGO-WORKTEAM-1-300x244.jpg 300w, https:\/\/uniformelaboral.com\/wp-content\/uploads\/2020\/06\/LOGO-WORKTEAM-1.jpg 415w\" sizes=\"auto, (max-width: 117px) 100vw, 117px\" \/><\/p>\n<p>Camisa de m\u00e0niga curta amb coll cl\u00e0ssic i tancament central de botons. Una bossa de pit de plast\u00f3 obert. Esquena amb canes\u00fa. Costures refor\u00e7ades, sota arrodonit i botons a el to.<\/p>\n<p>Composici\u00f3: 65% Poli\u00e8ster 35% Cot\u00f3, Gramatge 105 gr.<\/p>\n<p>&nbsp;<\/p>\n<p>&nbsp;<\/p>\n<\/div>\n<h6><img loading=\"lazy\" decoding=\"async\" class=\" wp-image-1863 aligncenter\" src=\"https:\/\/uniformelaboral.com\/wp-content\/uploads\/2020\/02\/a-linea-separadora-2-300x68.jpg\" alt=\"\" width=\"199\" height=\"45\" \/><a href=\"https:\/\/www.workteam.com\/fichas\/tallas\/B8100.jpg\" target=\"_blank\" rel=\"noopener noreferrer\">TAULA DE TALLES<\/a><\/h6>\n<h6><a href=\"https:\/\/www.workteam.com\/fichas\/declaraciones\/B8100.pdf\" target=\"_blank\" rel=\"noopener noreferrer\">DECLARACI\u00d3 DE CONFORMITAT\u00a0<\/a><\/h6>\n<h6 style=\"text-align: right;\"><a href=\"https:\/\/workteam.com\/seccion_detalle.php?ref=B8100&amp;color=VD\" target=\"_blank\" rel=\"noopener noreferrer\">CONSULTAR EL CAT\u00c1LEG<\/a><\/h6>\n<h6 style=\"text-align: right;\"><a href=\"https:\/\/uniformelaboral.com\/index.php\/contacte\/\" target=\"_blank\" rel=\"noopener noreferrer\">CONTACTAR AMB NOSALTRES<\/a><\/h6>\n","protected":false},"featured_media":20966,"template":"","meta":{"_joinchat":[]},"product_brand":[],"product_cat":[36,910,149,1023,860,147,37,862,911,259,38],"product_tag":[],"class_list":{"0":"post-401","1":"product","2":"type-product","3":"status-publish","4":"has-post-thumbnail","6":"product_cat-alimentacio","7":"product_cat-camises-alimentacio","8":"product_cat-camises","9":"product_cat-camises-hostaleria","10":"product_cat-camises-serveis","11":"product_cat-hostaleria","12":"product_cat-industria","13":"product_cat-camises-serveis-mc","14":"product_cat-maniga-curta-7","15":"product_cat-maniga-curta-4","16":"product_cat-serveis","17":"tm-has-options","19":"first","20":"instock","21":"taxable","22":"shipping-taxable","23":"purchasable","24":"product-type-simple"},"_links":{"self":[{"href":"https:\/\/uniformelaboral.com\/index.php\/wp-json\/wp\/v2\/product\/401","targetHints":{"allow":["GET"]}}],"collection":[{"href":"https:\/\/uniformelaboral.com\/index.php\/wp-json\/wp\/v2\/product"}],"about":[{"href":"https:\/\/uniformelaboral.com\/index.php\/wp-json\/wp\/v2\/types\/product"}],"wp:featuredmedia":[{"embeddable":true,"href":"https:\/\/uniformelaboral.com\/index.php\/wp-json\/wp\/v2\/media\/20966"}],"wp:attachment":[{"href":"https:\/\/uniformelaboral.com\/index.php\/wp-json\/wp\/v2\/media?parent=401"}],"wp:term":[{"taxonomy":"product_brand","embeddable":true,"href":"https:\/\/uniformelaboral.com\/index.php\/wp-json\/wp\/v2\/product_brand?post=401"},{"taxonomy":"product_cat","embeddable":true,"href":"https:\/\/uniformelaboral.com\/index.php\/wp-json\/wp\/v2\/product_cat?post=401"},{"taxonomy":"product_tag","embeddable":true,"href":"https:\/\/uniformelaboral.com\/index.php\/wp-json\/wp\/v2\/product_tag?post=401"}],"curies":[{"name":"wp","href":"https:\/\/api.w.org\/{rel}","templated":true}]}}

<div id="descripcion">
<p><img loading="lazy" decoding="async" class="wp-image-20790 alignleft" src="https://uniformelaboral.com/wp-content/uploads/2020/06/LOGO-WORKTEAM-1-300x244.jpg" alt="" width="117" height="95" srcset="https://uniformelaboral.com/wp-content/uploads/2020/06/LOGO-WORKTEAM-1-300x244.jpg 300w, https://uniformelaboral.com/wp-content/uploads/2020/06/LOGO-WORKTEAM-1.jpg 415w" sizes="auto, (max-width: 117px) 100vw, 117px" /></p>
<p>Camisa de màniga curta amb coll clàssic i tancament central de botons. Una bossa de pit de plastó obert. Esquena amb canesú. Costures reforçades, sota arrodonit i botons a el to.</p>
<p>Composició: 65% Polièster 35% Cotó, Gramatge 105 gr.</p>
<p>&nbsp;</p>
<p>&nbsp;</p>
</div>
<h6><img loading="lazy" decoding="async" class=" wp-image-1863 aligncenter" src="https://uniformelaboral.com/wp-content/uploads/2020/02/a-linea-separadora-2-300x68.jpg" alt="" width="199" height="45" /><a href="https://www.workteam.com/fichas/tallas/B8100.jpg" target="_blank" rel="noopener noreferrer">TAULA DE TALLES</a></h6>
<h6><a href="https://www.workteam.com/fichas/declaraciones/B8100.pdf" target="_blank" rel="noopener noreferrer">DECLARACIÓ DE CONFORMITAT </a></h6>
<h6 style="text-align: right;"><a href="https://workteam.com/seccion_detalle.php?ref=B8100&amp;color=VD" target="_blank" rel="noopener noreferrer">CONSULTAR EL CATÁLEG</a></h6>
<h6 style="text-align: right;"><a href="https://uniformelaboral.com/index.php/contacte/" target="_blank" rel="noopener noreferrer">CONTACTAR AMB NOSALTRES</a></h6>
