{"id":396,"date":"2020-02-24T09:51:39","date_gmt":"2020-02-24T08:51:39","guid":{"rendered":"https:\/\/uniformelaboral.com\/?post_type=product&#038;p=396"},"modified":"2023-07-25T11:24:26","modified_gmt":"2023-07-25T09:24:26","slug":"camisa-basic-industrial-b8000","status":"publish","type":"product","link":"https:\/\/uniformelaboral.com\/index.php\/producto\/camisa-basic-industrial-b8000\/","title":{"rendered":"CAMISA BASIC INDUSTRIAL WORK B8000 \/ 11.34\u20ac"},"content":{"rendered":"","protected":false},"excerpt":{"rendered":"<div id=\"descripcion\">\n<p><img loading=\"lazy\" decoding=\"async\" class=\" wp-image-20790 alignleft\" src=\"https:\/\/uniformelaboral.com\/wp-content\/uploads\/2020\/06\/LOGO-WORKTEAM-1-300x244.jpg\" alt=\"\" width=\"116\" height=\"94\" srcset=\"https:\/\/uniformelaboral.com\/wp-content\/uploads\/2020\/06\/LOGO-WORKTEAM-1-300x244.jpg 300w, https:\/\/uniformelaboral.com\/wp-content\/uploads\/2020\/06\/LOGO-WORKTEAM-1.jpg 415w\" sizes=\"auto, (max-width: 116px) 100vw, 116px\" \/><\/p>\n<p>Camisa de coll cl\u00e0ssic i tancament central de botons. M\u00e0niga llarga amb puny de bot\u00f3. Una bossa de pit de plast\u00f3 obert. Esquena amb canes\u00fa. Costures refor\u00e7ades, sota arrodonit i botons a el to.<\/p>\n<p>Composici\u00f3: 65% Poli\u00e8ster 35% Cot\u00f3, Gramatge 105.<\/p>\n<\/div>\n<div><\/div>\n<h6><a href=\"https:\/\/www.workteam.com\/fichas\/tallas\/B8000.jpg\" target=\"_blank\" rel=\"noopener noreferrer\">TAULA DE TALLES<\/a><\/h6>\n<h6><a href=\"https:\/\/www.workteam.com\/fichas\/declaraciones\/B8000.pdf\" target=\"_blank\" rel=\"noopener noreferrer\">DECLARACI\u00d3 DE CONFORMITAT<\/a><\/h6>\n<h6 style=\"text-align: right;\"><a href=\"https:\/\/workteam.com\/seccion_detalle.php?ref=B8000&amp;color=AZ\" target=\"_blank\" rel=\"noopener noreferrer\">CONSULTAR EL CAT\u00c1LEG<\/a><\/h6>\n<h6 style=\"text-align: right;\"><a href=\"https:\/\/uniformelaboral.com\/index.php\/contacte\/\" target=\"_blank\" rel=\"noopener noreferrer\">CONTACTAR AMB NOSALTRES<\/a><\/h6>\n<h6 style=\"text-align: right;\"><\/h6>\n<h6><\/h6>\n<h6 style=\"text-align: right;\"><\/h6>\n","protected":false},"featured_media":20973,"template":"","meta":{"_joinchat":[]},"product_brand":[],"product_cat":[36,910,149,1023,860,147,37,864,912,260,38],"product_tag":[],"class_list":{"0":"post-396","1":"product","2":"type-product","3":"status-publish","4":"has-post-thumbnail","6":"product_cat-alimentacio","7":"product_cat-camises-alimentacio","8":"product_cat-camises","9":"product_cat-camises-hostaleria","10":"product_cat-camises-serveis","11":"product_cat-hostaleria","12":"product_cat-industria","13":"product_cat-camises-serveis-mll","14":"product_cat-maniga-llarga-7","15":"product_cat-maniga-llarga-4","16":"product_cat-serveis","17":"tm-has-options","19":"first","20":"instock","21":"taxable","22":"shipping-taxable","23":"purchasable","24":"product-type-simple"},"_links":{"self":[{"href":"https:\/\/uniformelaboral.com\/index.php\/wp-json\/wp\/v2\/product\/396","targetHints":{"allow":["GET"]}}],"collection":[{"href":"https:\/\/uniformelaboral.com\/index.php\/wp-json\/wp\/v2\/product"}],"about":[{"href":"https:\/\/uniformelaboral.com\/index.php\/wp-json\/wp\/v2\/types\/product"}],"wp:featuredmedia":[{"embeddable":true,"href":"https:\/\/uniformelaboral.com\/index.php\/wp-json\/wp\/v2\/media\/20973"}],"wp:attachment":[{"href":"https:\/\/uniformelaboral.com\/index.php\/wp-json\/wp\/v2\/media?parent=396"}],"wp:term":[{"taxonomy":"product_brand","embeddable":true,"href":"https:\/\/uniformelaboral.com\/index.php\/wp-json\/wp\/v2\/product_brand?post=396"},{"taxonomy":"product_cat","embeddable":true,"href":"https:\/\/uniformelaboral.com\/index.php\/wp-json\/wp\/v2\/product_cat?post=396"},{"taxonomy":"product_tag","embeddable":true,"href":"https:\/\/uniformelaboral.com\/index.php\/wp-json\/wp\/v2\/product_tag?post=396"}],"curies":[{"name":"wp","href":"https:\/\/api.w.org\/{rel}","templated":true}]}}

<div id="descripcion">
<p><img loading="lazy" decoding="async" class=" wp-image-20790 alignleft" src="https://uniformelaboral.com/wp-content/uploads/2020/06/LOGO-WORKTEAM-1-300x244.jpg" alt="" width="116" height="94" srcset="https://uniformelaboral.com/wp-content/uploads/2020/06/LOGO-WORKTEAM-1-300x244.jpg 300w, https://uniformelaboral.com/wp-content/uploads/2020/06/LOGO-WORKTEAM-1.jpg 415w" sizes="auto, (max-width: 116px) 100vw, 116px" /></p>
<p>Camisa de coll clàssic i tancament central de botons. Màniga llarga amb puny de botó. Una bossa de pit de plastó obert. Esquena amb canesú. Costures reforçades, sota arrodonit i botons a el to.</p>
<p>Composició: 65% Polièster 35% Cotó, Gramatge 105.</p>
</div>
<div></div>
<h6><a href="https://www.workteam.com/fichas/tallas/B8000.jpg" target="_blank" rel="noopener noreferrer">TAULA DE TALLES</a></h6>
<h6><a href="https://www.workteam.com/fichas/declaraciones/B8000.pdf" target="_blank" rel="noopener noreferrer">DECLARACIÓ DE CONFORMITAT</a></h6>
<h6 style="text-align: right;"><a href="https://workteam.com/seccion_detalle.php?ref=B8000&amp;color=AZ" target="_blank" rel="noopener noreferrer">CONSULTAR EL CATÁLEG</a></h6>
<h6 style="text-align: right;"><a href="https://uniformelaboral.com/index.php/contacte/" target="_blank" rel="noopener noreferrer">CONTACTAR AMB NOSALTRES</a></h6>
<h6 style="text-align: right;"></h6>
<h6></h6>
<h6 style="text-align: right;"></h6>
