{"id":38652,"date":"2025-02-26T17:11:45","date_gmt":"2025-02-26T16:11:45","guid":{"rendered":"https:\/\/uniformelaboral.com\/index.php\/producto\/fox\/"},"modified":"2025-02-28T12:08:29","modified_gmt":"2025-02-28T11:08:29","slug":"fox","status":"publish","type":"product","link":"https:\/\/uniformelaboral.com\/index.php\/producto\/fox\/","title":{"rendered":"FOX"},"content":{"rendered":"<p>Samarreta de m\u00e0niga curta en teixit vigor\u00e9. Coll rod\u00f3 en punt de canal\u00e9 1&#215;1 amb tapacostures de refor\u00e7 a l\u2019interior. Confeccionada en teixit tubular.<br \/>\nComposition: 65% poli\u00e8ster \/ 35% cot\u00f3, punt llis, 150 g\/m\u00b2.<br \/>\nRemarks: *Etiqueta extra\u00efble.<br \/>\n*Duo concept.<br \/>\n<img decoding=\"async\" src=\"https:\/\/static.gorfactory.es\/pics\/measures\/CA_MC_HO.jpg\" \/><\/p>\n","protected":false},"excerpt":{"rendered":"<p>Samarreta de m\u00e0niga curta en teixit vigor\u00e9. Coll rod\u00f3 en punt de canal\u00e9 1&#215;1 amb tapacostures de refor\u00e7 a l\u2019interior. Confeccionada en teixit tubular. Composition: 65% poli\u00e8ster \/ 35% cot\u00f3, punt llis, 150 g\/m\u00b2. Remarks: *Etiqueta extra\u00efble. *Duo concept.<\/p>\n","protected":false},"featured_media":38653,"template":"","meta":{"_joinchat":[]},"product_brand":[],"product_cat":[36,1165,1079,1080,1076,147,37,973,850,1042,263,953,948,1022,151,966,39,847,38,654,1097],"product_tag":[],"class_list":{"0":"post-38652","1":"product","2":"type-product","3":"status-publish","4":"has-post-thumbnail","6":"product_cat-alimentacio","7":"product_cat-basic","8":"product_cat-t_shirts","9":"product_cat-cam","10":"product_cat-cam_po","11":"product_cat-hostaleria","12":"product_cat-industria","13":"product_cat-maniga-curta-14","14":"product_cat-semarretes-serveis-mc","15":"product_cat-maniga-curta-samarretes-hostaleria","16":"product_cat-maniga-curta-6","17":"product_cat-maniga-curta-12","18":"product_cat-samarreta-sanitat","19":"product_cat-samarretes-hostaleria","20":"product_cat-samarretes-industria","21":"product_cat-semarretes-sport","22":"product_cat-sanitat","23":"product_cat-semarretes-serveis","24":"product_cat-serveis","25":"product_cat-sports-indumentaria-base","26":"product_cat-workwear","27":"tm-has-options","29":"first","30":"instock","31":"taxable","32":"shipping-taxable","33":"purchasable","34":"product-type-variable"},"_links":{"self":[{"href":"https:\/\/uniformelaboral.com\/index.php\/wp-json\/wp\/v2\/product\/38652","targetHints":{"allow":["GET"]}}],"collection":[{"href":"https:\/\/uniformelaboral.com\/index.php\/wp-json\/wp\/v2\/product"}],"about":[{"href":"https:\/\/uniformelaboral.com\/index.php\/wp-json\/wp\/v2\/types\/product"}],"wp:featuredmedia":[{"embeddable":true,"href":"https:\/\/uniformelaboral.com\/index.php\/wp-json\/wp\/v2\/media\/38653"}],"wp:attachment":[{"href":"https:\/\/uniformelaboral.com\/index.php\/wp-json\/wp\/v2\/media?parent=38652"}],"wp:term":[{"taxonomy":"product_brand","embeddable":true,"href":"https:\/\/uniformelaboral.com\/index.php\/wp-json\/wp\/v2\/product_brand?post=38652"},{"taxonomy":"product_cat","embeddable":true,"href":"https:\/\/uniformelaboral.com\/index.php\/wp-json\/wp\/v2\/product_cat?post=38652"},{"taxonomy":"product_tag","embeddable":true,"href":"https:\/\/uniformelaboral.com\/index.php\/wp-json\/wp\/v2\/product_tag?post=38652"}],"curies":[{"name":"wp","href":"https:\/\/api.w.org\/{rel}","templated":true}]}}