{"id":38558,"date":"2025-02-26T17:09:24","date_gmt":"2025-02-26T16:09:24","guid":{"rendered":"https:\/\/uniformelaboral.com\/index.php\/producto\/avus\/"},"modified":"2025-02-28T12:21:17","modified_gmt":"2025-02-28T11:21:17","slug":"avus","status":"publish","type":"product","link":"https:\/\/uniformelaboral.com\/index.php\/producto\/avus\/","title":{"rendered":"AVUS"},"content":{"rendered":"<p>Samarreta t\u00e8cnica multiesport de dona m\u00e0niga curta estil m\u00e0niga ragl\u00e0n. Coll en forma de V. Teixit de poli\u00e8ster amb tacte de cot\u00f3. Tall entallat.<br \/>\nComposition: 92% poli\u00e8ster \/ 8% elast\u00e0, 160\u00a0g\/m\u00b2.<br \/>\nRemarks: Model transpirable f\u00e0cil d\u2019assecar.<br \/>\n* Tacte suau.<br \/>\n*Etiqueta extra\u00efble.<br \/>\n*Teixit t\u00e8cnic.<br \/>\n*En el color negre d&#8217;aquest model nom\u00e9s es pot aplicar brodat, cap altre reproc\u00e9s.<br \/>\n<img decoding=\"async\" src=\"https:\/\/static.gorfactory.es\/pics\/measures\/CA_MC_MU.jpg\" \/><\/p>\n","protected":false},"excerpt":{"rendered":"<p>Samarreta t\u00e8cnica multiesport de dona m\u00e0niga curta estil m\u00e0niga ragl\u00e0n. Coll en forma de V. Teixit de poli\u00e8ster amb tacte de cot\u00f3. Tall entallat. Composition: 92% poli\u00e8ster \/ 8% elast\u00e0, 160\u00a0g\/m\u00b2. Remarks: Model transpirable f\u00e0cil d\u2019assecar. * Tacte suau. *Etiqueta extra\u00efble. *Teixit t\u00e8cnic. *En el color negre d&#8217;aquest model nom\u00e9s es pot aplicar brodat, cap [&hellip;]<\/p>\n","protected":false},"featured_media":38559,"template":"","meta":{"_joinchat":[]},"product_brand":[],"product_cat":[1066,1065,973,966,654],"product_tag":[],"class_list":{"0":"post-38558","1":"product","2":"type-product","3":"status-publish","4":"has-post-thumbnail","6":"product_cat-sp_tshi","7":"product_cat-cam_sp","8":"product_cat-maniga-curta-14","9":"product_cat-semarretes-sport","10":"product_cat-sports-indumentaria-base","11":"tm-has-options","13":"first","14":"instock","15":"taxable","16":"shipping-taxable","17":"purchasable","18":"product-type-variable"},"_links":{"self":[{"href":"https:\/\/uniformelaboral.com\/index.php\/wp-json\/wp\/v2\/product\/38558","targetHints":{"allow":["GET"]}}],"collection":[{"href":"https:\/\/uniformelaboral.com\/index.php\/wp-json\/wp\/v2\/product"}],"about":[{"href":"https:\/\/uniformelaboral.com\/index.php\/wp-json\/wp\/v2\/types\/product"}],"wp:featuredmedia":[{"embeddable":true,"href":"https:\/\/uniformelaboral.com\/index.php\/wp-json\/wp\/v2\/media\/38559"}],"wp:attachment":[{"href":"https:\/\/uniformelaboral.com\/index.php\/wp-json\/wp\/v2\/media?parent=38558"}],"wp:term":[{"taxonomy":"product_brand","embeddable":true,"href":"https:\/\/uniformelaboral.com\/index.php\/wp-json\/wp\/v2\/product_brand?post=38558"},{"taxonomy":"product_cat","embeddable":true,"href":"https:\/\/uniformelaboral.com\/index.php\/wp-json\/wp\/v2\/product_cat?post=38558"},{"taxonomy":"product_tag","embeddable":true,"href":"https:\/\/uniformelaboral.com\/index.php\/wp-json\/wp\/v2\/product_tag?post=38558"}],"curies":[{"name":"wp","href":"https:\/\/api.w.org\/{rel}","templated":true}]}}

<p>Samarreta tècnica multiesport de dona màniga curta estil màniga raglàn. Coll en forma de V. Teixit de polièster amb tacte de cotó. Tall entallat.<br />
Composition: 92% polièster / 8% elastà, 160 g/m².<br />
Remarks: Model transpirable fàcil d’assecar.<br />
* Tacte suau.<br />
*Etiqueta extraïble.<br />
*Teixit tècnic.<br />
*En el color negre d&#8217;aquest model només es pot aplicar brodat, cap altre reprocés.<br />
<img decoding="async" src="https://static.gorfactory.es/pics/measures/CA_MC_MU.jpg" /></p>

<p>Samarreta tècnica multiesport de dona màniga curta estil màniga raglàn. Coll en forma de V. Teixit de polièster amb tacte de cotó. Tall entallat. Composition: 92% polièster / 8% elastà, 160 g/m². Remarks: Model transpirable fàcil d’assecar. * Tacte suau. *Etiqueta extraïble. *Teixit tècnic. *En el color negre d&#8217;aquest model només es pot aplicar brodat, cap [&hellip;]</p>
