{"id":37933,"date":"2025-02-26T16:53:44","date_gmt":"2025-02-26T15:53:44","guid":{"rendered":"https:\/\/uniformelaboral.com\/index.php\/producto\/guadalupe\/"},"modified":"2025-02-28T18:30:33","modified_gmt":"2025-02-28T17:30:33","slug":"guadalupe","status":"publish","type":"product","link":"https:\/\/uniformelaboral.com\/index.php\/producto\/guadalupe\/","title":{"rendered":"GUADALUPE"},"content":{"rendered":"<p>Samarreta de m\u00e0niga curta, escot rod\u00f3, rivetat i pronunciat. Costures laterals i de tall ajustat.<br \/>\nComposition: 100% cot\u00f3, punt llis, 155 g\/m\u00b2.<br \/>\nColor gris vigor\u00e9 58: 85% cot\u00f3 \/ 15% viscosa.<br \/>\nRemarks: *Etiqueta extra\u00efble.<\/p>\n<p><img decoding=\"async\" src=\"https:\/\/static.gorfactory.es\/pics\/measures\/CA_MC_MU.jpg\" \/><\/p>\n","protected":false},"excerpt":{"rendered":"<p>Samarreta de m\u00e0niga curta, escot rod\u00f3, rivetat i pronunciat. Costures laterals i de tall ajustat. Composition: 100% cot\u00f3, punt llis, 155 g\/m\u00b2. Color gris vigor\u00e9 58: 85% cot\u00f3 \/ 15% viscosa. Remarks: *Etiqueta extra\u00efble.<\/p>\n","protected":false},"featured_media":37934,"template":"","meta":{"_joinchat":[]},"product_brand":[],"product_cat":[1079,1080,1076,37,263,953,973,850,948,151,966,39,847,38,654],"product_tag":[],"class_list":{"0":"post-37933","1":"product","2":"type-product","3":"status-publish","4":"has-post-thumbnail","6":"product_cat-t_shirts","7":"product_cat-cam","8":"product_cat-cam_po","9":"product_cat-industria","10":"product_cat-maniga-curta-6","11":"product_cat-maniga-curta-12","12":"product_cat-maniga-curta-14","13":"product_cat-semarretes-serveis-mc","14":"product_cat-samarreta-sanitat","15":"product_cat-samarretes-industria","16":"product_cat-semarretes-sport","17":"product_cat-sanitat","18":"product_cat-semarretes-serveis","19":"product_cat-serveis","20":"product_cat-sports-indumentaria-base","21":"tm-has-options","23":"first","24":"instock","25":"taxable","26":"shipping-taxable","27":"purchasable","28":"product-type-variable"},"_links":{"self":[{"href":"https:\/\/uniformelaboral.com\/index.php\/wp-json\/wp\/v2\/product\/37933","targetHints":{"allow":["GET"]}}],"collection":[{"href":"https:\/\/uniformelaboral.com\/index.php\/wp-json\/wp\/v2\/product"}],"about":[{"href":"https:\/\/uniformelaboral.com\/index.php\/wp-json\/wp\/v2\/types\/product"}],"wp:featuredmedia":[{"embeddable":true,"href":"https:\/\/uniformelaboral.com\/index.php\/wp-json\/wp\/v2\/media\/37934"}],"wp:attachment":[{"href":"https:\/\/uniformelaboral.com\/index.php\/wp-json\/wp\/v2\/media?parent=37933"}],"wp:term":[{"taxonomy":"product_brand","embeddable":true,"href":"https:\/\/uniformelaboral.com\/index.php\/wp-json\/wp\/v2\/product_brand?post=37933"},{"taxonomy":"product_cat","embeddable":true,"href":"https:\/\/uniformelaboral.com\/index.php\/wp-json\/wp\/v2\/product_cat?post=37933"},{"taxonomy":"product_tag","embeddable":true,"href":"https:\/\/uniformelaboral.com\/index.php\/wp-json\/wp\/v2\/product_tag?post=37933"}],"curies":[{"name":"wp","href":"https:\/\/api.w.org\/{rel}","templated":true}]}}