{"id":37741,"date":"2025-02-26T16:49:30","date_gmt":"2025-02-26T15:49:30","guid":{"rendered":"https:\/\/uniformelaboral.com\/index.php\/producto\/bali\/"},"modified":"2025-02-28T18:37:05","modified_gmt":"2025-02-28T17:37:05","slug":"bali","status":"publish","type":"product","link":"https:\/\/uniformelaboral.com\/index.php\/producto\/bali\/","title":{"rendered":"BALI"},"content":{"rendered":"<p>Samarreta de m\u00e0niga curta amb coll fi rivetejat. Teixit f\u00e0cil de rentar i assecar, molt c\u00f2mode. Tall entallat amb costures laterals.<br \/>\nComposition: 95% cot\u00f3 \/ 5% elast\u00e0, punt llis, 200 g\/m\u00b2.<br \/>\nRemarks: *Etiqueta extra\u00efble.<\/p>\n<p><img decoding=\"async\" src=\"https:\/\/static.gorfactory.es\/pics\/measures\/CA_MC_MU.jpg\" \/><\/p>\n","protected":false},"excerpt":{"rendered":"<p>Samarreta de m\u00e0niga curta amb coll fi rivetejat. Teixit f\u00e0cil de rentar i assecar, molt c\u00f2mode. Tall entallat amb costures laterals. Composition: 95% cot\u00f3 \/ 5% elast\u00e0, punt llis, 200 g\/m\u00b2. Remarks: *Etiqueta extra\u00efble.<\/p>\n","protected":false},"featured_media":37742,"template":"","meta":{"_joinchat":[]},"product_brand":[],"product_cat":[36,1165,1079,1080,1076,147,37,1042,953,740,973,263,850,948,739,966,151,1022,39,847,38,654,1097],"product_tag":[],"class_list":{"0":"post-37741","1":"product","2":"type-product","3":"status-publish","4":"has-post-thumbnail","6":"product_cat-alimentacio","7":"product_cat-basic","8":"product_cat-t_shirts","9":"product_cat-cam","10":"product_cat-cam_po","11":"product_cat-hostaleria","12":"product_cat-industria","13":"product_cat-maniga-curta-samarretes-hostaleria","14":"product_cat-maniga-curta-12","15":"product_cat-maniga-curta-10","16":"product_cat-maniga-curta-14","17":"product_cat-maniga-curta-6","18":"product_cat-semarretes-serveis-mc","19":"product_cat-samarreta-sanitat","20":"product_cat-samarretes-alimentacio","21":"product_cat-semarretes-sport","22":"product_cat-samarretes-industria","23":"product_cat-samarretes-hostaleria","24":"product_cat-sanitat","25":"product_cat-semarretes-serveis","26":"product_cat-serveis","27":"product_cat-sports-indumentaria-base","28":"product_cat-workwear","29":"tm-has-options","31":"first","32":"instock","33":"taxable","34":"shipping-taxable","35":"purchasable","36":"product-type-variable"},"_links":{"self":[{"href":"https:\/\/uniformelaboral.com\/index.php\/wp-json\/wp\/v2\/product\/37741","targetHints":{"allow":["GET"]}}],"collection":[{"href":"https:\/\/uniformelaboral.com\/index.php\/wp-json\/wp\/v2\/product"}],"about":[{"href":"https:\/\/uniformelaboral.com\/index.php\/wp-json\/wp\/v2\/types\/product"}],"wp:featuredmedia":[{"embeddable":true,"href":"https:\/\/uniformelaboral.com\/index.php\/wp-json\/wp\/v2\/media\/37742"}],"wp:attachment":[{"href":"https:\/\/uniformelaboral.com\/index.php\/wp-json\/wp\/v2\/media?parent=37741"}],"wp:term":[{"taxonomy":"product_brand","embeddable":true,"href":"https:\/\/uniformelaboral.com\/index.php\/wp-json\/wp\/v2\/product_brand?post=37741"},{"taxonomy":"product_cat","embeddable":true,"href":"https:\/\/uniformelaboral.com\/index.php\/wp-json\/wp\/v2\/product_cat?post=37741"},{"taxonomy":"product_tag","embeddable":true,"href":"https:\/\/uniformelaboral.com\/index.php\/wp-json\/wp\/v2\/product_tag?post=37741"}],"curies":[{"name":"wp","href":"https:\/\/api.w.org\/{rel}","templated":true}]}}

<p>Samarreta de màniga curta amb coll fi rivetejat. Teixit fàcil de rentar i assecar, molt còmode. Tall entallat amb costures laterals.<br />
Composition: 95% cotó / 5% elastà, punt llis, 200 g/m².<br />
Remarks: *Etiqueta extraïble.</p>
<p><img decoding="async" src="https://static.gorfactory.es/pics/measures/CA_MC_MU.jpg" /></p>

<p>Samarreta de màniga curta amb coll fi rivetejat. Teixit fàcil de rentar i assecar, molt còmode. Tall entallat amb costures laterals. Composition: 95% cotó / 5% elastà, punt llis, 200 g/m². Remarks: *Etiqueta extraïble.</p>
