{"id":376,"date":"2020-02-20T12:14:10","date_gmt":"2020-02-20T11:14:10","guid":{"rendered":"https:\/\/uniformelaboral.com\/?post_type=product&#038;p=376"},"modified":"2023-03-08T17:48:32","modified_gmt":"2023-03-08T16:48:32","slug":"parka-combi-alta-visibilitat-c3710","status":"publish","type":"product","link":"https:\/\/uniformelaboral.com\/index.php\/producto\/parka-combi-alta-visibilitat-c3710\/","title":{"rendered":"PARKA COMBI ALTA VISIBILITAT WORK C3710 \/ 41.44\u20ac"},"content":{"rendered":"","protected":false},"excerpt":{"rendered":"<p><img loading=\"lazy\" decoding=\"async\" class=\" wp-image-19952 alignleft\" src=\"https:\/\/uniformelaboral.com\/wp-content\/uploads\/2020\/08\/logo_workteam_negro-300x243.png\" alt=\"\" width=\"121\" height=\"98\" srcset=\"https:\/\/uniformelaboral.com\/wp-content\/uploads\/2020\/08\/logo_workteam_negro-300x243.png 300w, https:\/\/uniformelaboral.com\/wp-content\/uploads\/2020\/08\/logo_workteam_negro-416x337.png 416w, https:\/\/uniformelaboral.com\/wp-content\/uploads\/2020\/08\/logo_workteam_negro.png 450w\" sizes=\"auto, (max-width: 121px) 100vw, 121px\" \/>Parka encoixinada i impermeable a teixit Oxford, combinada i amb cintes reflectants. Part superior d&#8217;alta visibilitat. Coll camiser i caputxa interior ajustable amb cord\u00f3. Tancament de cremallera de nil\u00f3 de doble tirador oculta per solapa postissa amb claud\u00e0tors. Dues bosses laterals de trau amb cartera. Una bossa de pit de plast\u00f3 a l&#8217;interior. Una cinta reflectant a coll i dos a pit, esquena i m\u00e0nigues. Puny el\u00e0stic a l&#8217;interior de la m\u00e0niga.<\/p>\n<p>Composici\u00f3: 100% Poli\u00e8ster<\/p>\n<p><img loading=\"lazy\" decoding=\"async\" class=\" wp-image-20107 aligncenter\" src=\"https:\/\/uniformelaboral.com\/wp-content\/uploads\/2020\/02\/iso-c3710-300x89.jpg\" alt=\"\" width=\"212\" height=\"63\" srcset=\"https:\/\/uniformelaboral.com\/wp-content\/uploads\/2020\/02\/iso-c3710-300x89.jpg 300w, https:\/\/uniformelaboral.com\/wp-content\/uploads\/2020\/02\/iso-c3710.jpg 358w\" sizes=\"auto, (max-width: 212px) 100vw, 212px\" \/><\/p>\n<h6><a href=\"https:\/\/workteam.com\/fichas\/tallas\/C3710.jpg\" target=\"_blank\" rel=\"noopener noreferrer\">TAULA DE TALLES<\/a><\/h6>\n<h6 style=\"text-align: right;\"><a href=\"https:\/\/workteam.com\/seccion_detalle.php?ref=C3710&amp;color=AAV_MR\" target=\"_blank\" rel=\"noopener noreferrer\">CONSULTAR CAT\u00c1LEG<\/a><\/h6>\n<h6 style=\"text-align: right;\"><a href=\"https:\/\/uniformelaboral.com\/index.php\/contacte\/\" target=\"_blank\" rel=\"noopener noreferrer\">CONTACTAR AMB NOSALTRES<\/a><\/h6>\n","protected":false},"featured_media":20105,"template":"","meta":{"_joinchat":[]},"product_brand":[],"product_cat":[35,165],"product_tag":[],"class_list":{"0":"post-376","1":"product","2":"type-product","3":"status-publish","4":"has-post-thumbnail","6":"product_cat-av-alta-visibilidad","7":"product_cat-parques","8":"tm-has-options","10":"first","11":"instock","12":"taxable","13":"shipping-taxable","14":"purchasable","15":"product-type-simple"},"_links":{"self":[{"href":"https:\/\/uniformelaboral.com\/index.php\/wp-json\/wp\/v2\/product\/376","targetHints":{"allow":["GET"]}}],"collection":[{"href":"https:\/\/uniformelaboral.com\/index.php\/wp-json\/wp\/v2\/product"}],"about":[{"href":"https:\/\/uniformelaboral.com\/index.php\/wp-json\/wp\/v2\/types\/product"}],"wp:featuredmedia":[{"embeddable":true,"href":"https:\/\/uniformelaboral.com\/index.php\/wp-json\/wp\/v2\/media\/20105"}],"wp:attachment":[{"href":"https:\/\/uniformelaboral.com\/index.php\/wp-json\/wp\/v2\/media?parent=376"}],"wp:term":[{"taxonomy":"product_brand","embeddable":true,"href":"https:\/\/uniformelaboral.com\/index.php\/wp-json\/wp\/v2\/product_brand?post=376"},{"taxonomy":"product_cat","embeddable":true,"href":"https:\/\/uniformelaboral.com\/index.php\/wp-json\/wp\/v2\/product_cat?post=376"},{"taxonomy":"product_tag","embeddable":true,"href":"https:\/\/uniformelaboral.com\/index.php\/wp-json\/wp\/v2\/product_tag?post=376"}],"curies":[{"name":"wp","href":"https:\/\/api.w.org\/{rel}","templated":true}]}}

<p><img loading="lazy" decoding="async" class=" wp-image-19952 alignleft" src="https://uniformelaboral.com/wp-content/uploads/2020/08/logo_workteam_negro-300x243.png" alt="" width="121" height="98" srcset="https://uniformelaboral.com/wp-content/uploads/2020/08/logo_workteam_negro-300x243.png 300w, https://uniformelaboral.com/wp-content/uploads/2020/08/logo_workteam_negro-416x337.png 416w, https://uniformelaboral.com/wp-content/uploads/2020/08/logo_workteam_negro.png 450w" sizes="auto, (max-width: 121px) 100vw, 121px" />Parka encoixinada i impermeable a teixit Oxford, combinada i amb cintes reflectants. Part superior d&#8217;alta visibilitat. Coll camiser i caputxa interior ajustable amb cordó. Tancament de cremallera de niló de doble tirador oculta per solapa postissa amb claudàtors. Dues bosses laterals de trau amb cartera. Una bossa de pit de plastó a l&#8217;interior. Una cinta reflectant a coll i dos a pit, esquena i mànigues. Puny elàstic a l&#8217;interior de la màniga.</p>
<p>Composició: 100% Polièster</p>
<p><img loading="lazy" decoding="async" class=" wp-image-20107 aligncenter" src="https://uniformelaboral.com/wp-content/uploads/2020/02/iso-c3710-300x89.jpg" alt="" width="212" height="63" srcset="https://uniformelaboral.com/wp-content/uploads/2020/02/iso-c3710-300x89.jpg 300w, https://uniformelaboral.com/wp-content/uploads/2020/02/iso-c3710.jpg 358w" sizes="auto, (max-width: 212px) 100vw, 212px" /></p>
<h6><a href="https://workteam.com/fichas/tallas/C3710.jpg" target="_blank" rel="noopener noreferrer">TAULA DE TALLES</a></h6>
<h6 style="text-align: right;"><a href="https://workteam.com/seccion_detalle.php?ref=C3710&amp;color=AAV_MR" target="_blank" rel="noopener noreferrer">CONSULTAR CATÁLEG</a></h6>
<h6 style="text-align: right;"><a href="https://uniformelaboral.com/index.php/contacte/" target="_blank" rel="noopener noreferrer">CONTACTAR AMB NOSALTRES</a></h6>
