{"id":37594,"date":"2025-02-26T16:46:15","date_gmt":"2025-02-26T15:46:15","guid":{"rendered":"https:\/\/uniformelaboral.com\/index.php\/producto\/baby\/"},"modified":"2025-02-28T18:41:20","modified_gmt":"2025-02-28T17:41:20","slug":"baby","status":"publish","type":"product","link":"https:\/\/uniformelaboral.com\/index.php\/producto\/baby\/","title":{"rendered":"BABY"},"content":{"rendered":"<p>Samarreta de m\u00e0niga curta especial per a beb\u00e8, confeccionada amb teixit en galga fina i acabat compactat. Coll rod\u00f3 i obertura a l&#8217;espatlla amb gafets des de la talla 6m a la 18m. Talla 2A sense obertura a l&#8217;espatlla. Costures laterals.<br \/>\nComposition: 100% cot\u00f3 pentinat, punt llis, 160 g\/m\u00b2.<br \/>\nRemarks: *Etiqueta extra\u00efble.<br \/>\n<img decoding=\"async\" src=\"https:\/\/static.gorfactory.es\/pics\/measures\/CA_MC_HO.jpg\" \/><\/p>\n","protected":false},"excerpt":{"rendered":"<p>Samarreta de m\u00e0niga curta especial per a beb\u00e8, confeccionada amb teixit en galga fina i acabat compactat. Coll rod\u00f3 i obertura a l&#8217;espatlla amb gafets des de la talla 6m a la 18m. Talla 2A sense obertura a l&#8217;espatlla. Costures laterals. Composition: 100% cot\u00f3 pentinat, punt llis, 160 g\/m\u00b2. Remarks: *Etiqueta extra\u00efble.<\/p>\n","protected":false},"featured_media":37595,"template":"","meta":{"_joinchat":[]},"product_brand":[],"product_cat":[1079,1080,1076,973,966,654],"product_tag":[],"class_list":{"0":"post-37594","1":"product","2":"type-product","3":"status-publish","4":"has-post-thumbnail","6":"product_cat-t_shirts","7":"product_cat-cam","8":"product_cat-cam_po","9":"product_cat-maniga-curta-14","10":"product_cat-semarretes-sport","11":"product_cat-sports-indumentaria-base","12":"tm-has-options","14":"first","15":"instock","16":"taxable","17":"shipping-taxable","18":"purchasable","19":"product-type-variable"},"_links":{"self":[{"href":"https:\/\/uniformelaboral.com\/index.php\/wp-json\/wp\/v2\/product\/37594","targetHints":{"allow":["GET"]}}],"collection":[{"href":"https:\/\/uniformelaboral.com\/index.php\/wp-json\/wp\/v2\/product"}],"about":[{"href":"https:\/\/uniformelaboral.com\/index.php\/wp-json\/wp\/v2\/types\/product"}],"wp:featuredmedia":[{"embeddable":true,"href":"https:\/\/uniformelaboral.com\/index.php\/wp-json\/wp\/v2\/media\/37595"}],"wp:attachment":[{"href":"https:\/\/uniformelaboral.com\/index.php\/wp-json\/wp\/v2\/media?parent=37594"}],"wp:term":[{"taxonomy":"product_brand","embeddable":true,"href":"https:\/\/uniformelaboral.com\/index.php\/wp-json\/wp\/v2\/product_brand?post=37594"},{"taxonomy":"product_cat","embeddable":true,"href":"https:\/\/uniformelaboral.com\/index.php\/wp-json\/wp\/v2\/product_cat?post=37594"},{"taxonomy":"product_tag","embeddable":true,"href":"https:\/\/uniformelaboral.com\/index.php\/wp-json\/wp\/v2\/product_tag?post=37594"}],"curies":[{"name":"wp","href":"https:\/\/api.w.org\/{rel}","templated":true}]}}

<p>Samarreta de màniga curta especial per a bebè, confeccionada amb teixit en galga fina i acabat compactat. Coll rodó i obertura a l&#8217;espatlla amb gafets des de la talla 6m a la 18m. Talla 2A sense obertura a l&#8217;espatlla. Costures laterals.<br />
Composition: 100% cotó pentinat, punt llis, 160 g/m².<br />
Remarks: *Etiqueta extraïble.<br />
<img decoding="async" src="https://static.gorfactory.es/pics/measures/CA_MC_HO.jpg" /></p>

<p>Samarreta de màniga curta especial per a bebè, confeccionada amb teixit en galga fina i acabat compactat. Coll rodó i obertura a l&#8217;espatlla amb gafets des de la talla 6m a la 18m. Talla 2A sense obertura a l&#8217;espatlla. Costures laterals. Composition: 100% cotó pentinat, punt llis, 160 g/m². Remarks: *Etiqueta extraïble.</p>
