{"id":37031,"date":"2025-02-26T16:29:20","date_gmt":"2025-02-26T15:29:20","guid":{"rendered":"https:\/\/uniformelaboral.com\/index.php\/producto\/beagle\/"},"modified":"2025-02-28T19:08:00","modified_gmt":"2025-02-28T18:08:00","slug":"beagle","status":"publish","type":"product","link":"https:\/\/uniformelaboral.com\/index.php\/producto\/beagle\/","title":{"rendered":"BEAGLE"},"content":{"rendered":"<p>Samarreta de m\u00e0niga curta, de coll rod\u00f3 doble amb elast\u00e0, confeccionada en teixit tubular en talles d&#8217;adult, i amb costures laterals amb talles de nen, amb tapacostures refor\u00e7ada al coll.<br \/>\nComposition: 100% cot\u00f3, punt llis, 155 g\/m\u00b2.<br \/>\nColor gris vigor\u00e9 58: 85% cot\u00f3 \/ 15% viscosa.<br \/>\nRemarks: *Etiqueta extra\u00efble.<br \/>\n*Disponible en talles infantils.<br \/>\n*Disponible en dona.<\/p>\n<p><img decoding=\"async\" src=\"https:\/\/static.gorfactory.es\/pics\/measures\/CA_MC_HO.jpg\" \/><\/p>\n","protected":false},"excerpt":{"rendered":"<p>Samarreta de m\u00e0niga curta, de coll rod\u00f3 doble amb elast\u00e0, confeccionada en teixit tubular en talles d&#8217;adult, i amb costures laterals amb talles de nen, amb tapacostures refor\u00e7ada al coll. Composition: 100% cot\u00f3, punt llis, 155 g\/m\u00b2. Color gris vigor\u00e9 58: 85% cot\u00f3 \/ 15% viscosa. Remarks: *Etiqueta extra\u00efble. *Disponible en talles infantils. *Disponible en [&hellip;]<\/p>\n","protected":false},"featured_media":37032,"template":"","meta":{"_joinchat":[]},"product_brand":[],"product_cat":[36,1165,1079,1080,1076,147,37,740,973,263,850,1042,953,948,966,151,1022,739,39,847,654,1097],"product_tag":[],"class_list":{"0":"post-37031","1":"product","2":"type-product","3":"status-publish","4":"has-post-thumbnail","6":"product_cat-alimentacio","7":"product_cat-basic","8":"product_cat-t_shirts","9":"product_cat-cam","10":"product_cat-cam_po","11":"product_cat-hostaleria","12":"product_cat-industria","13":"product_cat-maniga-curta-10","14":"product_cat-maniga-curta-14","15":"product_cat-maniga-curta-6","16":"product_cat-semarretes-serveis-mc","17":"product_cat-maniga-curta-samarretes-hostaleria","18":"product_cat-maniga-curta-12","19":"product_cat-samarreta-sanitat","20":"product_cat-semarretes-sport","21":"product_cat-samarretes-industria","22":"product_cat-samarretes-hostaleria","23":"product_cat-samarretes-alimentacio","24":"product_cat-sanitat","25":"product_cat-semarretes-serveis","26":"product_cat-sports-indumentaria-base","27":"product_cat-workwear","28":"tm-has-options","30":"first","31":"instock","32":"taxable","33":"shipping-taxable","34":"purchasable","35":"product-type-variable"},"_links":{"self":[{"href":"https:\/\/uniformelaboral.com\/index.php\/wp-json\/wp\/v2\/product\/37031","targetHints":{"allow":["GET"]}}],"collection":[{"href":"https:\/\/uniformelaboral.com\/index.php\/wp-json\/wp\/v2\/product"}],"about":[{"href":"https:\/\/uniformelaboral.com\/index.php\/wp-json\/wp\/v2\/types\/product"}],"wp:featuredmedia":[{"embeddable":true,"href":"https:\/\/uniformelaboral.com\/index.php\/wp-json\/wp\/v2\/media\/37032"}],"wp:attachment":[{"href":"https:\/\/uniformelaboral.com\/index.php\/wp-json\/wp\/v2\/media?parent=37031"}],"wp:term":[{"taxonomy":"product_brand","embeddable":true,"href":"https:\/\/uniformelaboral.com\/index.php\/wp-json\/wp\/v2\/product_brand?post=37031"},{"taxonomy":"product_cat","embeddable":true,"href":"https:\/\/uniformelaboral.com\/index.php\/wp-json\/wp\/v2\/product_cat?post=37031"},{"taxonomy":"product_tag","embeddable":true,"href":"https:\/\/uniformelaboral.com\/index.php\/wp-json\/wp\/v2\/product_tag?post=37031"}],"curies":[{"name":"wp","href":"https:\/\/api.w.org\/{rel}","templated":true}]}}

<p>Samarreta de màniga curta, de coll rodó doble amb elastà, confeccionada en teixit tubular en talles d&#8217;adult, i amb costures laterals amb talles de nen, amb tapacostures reforçada al coll.<br />
Composition: 100% cotó, punt llis, 155 g/m².<br />
Color gris vigoré 58: 85% cotó / 15% viscosa.<br />
Remarks: *Etiqueta extraïble.<br />
*Disponible en talles infantils.<br />
*Disponible en dona.</p>
<p><img decoding="async" src="https://static.gorfactory.es/pics/measures/CA_MC_HO.jpg" /></p>

<p>Samarreta de màniga curta, de coll rodó doble amb elastà, confeccionada en teixit tubular en talles d&#8217;adult, i amb costures laterals amb talles de nen, amb tapacostures reforçada al coll. Composition: 100% cotó, punt llis, 155 g/m². Color gris vigoré 58: 85% cotó / 15% viscosa. Remarks: *Etiqueta extraïble. *Disponible en talles infantils. *Disponible en [&hellip;]</p>
