{"id":36878,"date":"2025-02-26T16:25:06","date_gmt":"2025-02-26T15:25:06","guid":{"rendered":"https:\/\/uniformelaboral.com\/index.php\/producto\/braco\/"},"modified":"2025-02-28T19:57:58","modified_gmt":"2025-02-28T18:57:58","slug":"braco","status":"publish","type":"product","link":"https:\/\/uniformelaboral.com\/index.php\/producto\/braco\/","title":{"rendered":"BRACO"},"content":{"rendered":"<p>Samarreta de m\u00e0niga curta, confeccionada amb teixit en galga fina i acabat compacte. Coll rod\u00f3 amb 4 capes, tapacostures refor\u00e7at a coll i espatlles. Costures laterals.<br \/>\nComposition: 100% cot\u00f3 pentinat, punt llis, 180 g\/m\u00b2.<br \/>\nColor gris vigor\u00e9 58: 85% cot\u00f3 \/ 15% viscosa.<br \/>\nRemarks: *Talla 4XL y 5XL, en els colors: Blanc 01.<br \/>\n*Nens: unitats caixa de 100.<br \/>\n*Etiqueta extra\u00efble.<br \/>\n*Disponible en talles infantils.<\/p>\n<p><img decoding=\"async\" src=\"https:\/\/static.gorfactory.es\/pics\/measures\/CA_MC_HO.jpg\" \/><\/p>\n","protected":false},"excerpt":{"rendered":"<p>Samarreta de m\u00e0niga curta, confeccionada amb teixit en galga fina i acabat compacte. Coll rod\u00f3 amb 4 capes, tapacostures refor\u00e7at a coll i espatlles. Costures laterals. Composition: 100% cot\u00f3 pentinat, punt llis, 180 g\/m\u00b2. Color gris vigor\u00e9 58: 85% cot\u00f3 \/ 15% viscosa. Remarks: *Talla 4XL y 5XL, en els colors: Blanc 01. *Nens: unitats [&hellip;]<\/p>\n","protected":false},"featured_media":36879,"template":"","meta":{"_joinchat":[]},"product_brand":[],"product_cat":[36,1079,1080,1076,147,37,740,1042,263,850,973,1022,151,966,739,847,38,654],"product_tag":[],"class_list":{"0":"post-36878","1":"product","2":"type-product","3":"status-publish","4":"has-post-thumbnail","6":"product_cat-alimentacio","7":"product_cat-t_shirts","8":"product_cat-cam","9":"product_cat-cam_po","10":"product_cat-hostaleria","11":"product_cat-industria","12":"product_cat-maniga-curta-10","13":"product_cat-maniga-curta-samarretes-hostaleria","14":"product_cat-maniga-curta-6","15":"product_cat-semarretes-serveis-mc","16":"product_cat-maniga-curta-14","17":"product_cat-samarretes-hostaleria","18":"product_cat-samarretes-industria","19":"product_cat-semarretes-sport","20":"product_cat-samarretes-alimentacio","21":"product_cat-semarretes-serveis","22":"product_cat-serveis","23":"product_cat-sports-indumentaria-base","24":"tm-has-options","26":"first","27":"instock","28":"taxable","29":"shipping-taxable","30":"purchasable","31":"product-type-variable"},"_links":{"self":[{"href":"https:\/\/uniformelaboral.com\/index.php\/wp-json\/wp\/v2\/product\/36878","targetHints":{"allow":["GET"]}}],"collection":[{"href":"https:\/\/uniformelaboral.com\/index.php\/wp-json\/wp\/v2\/product"}],"about":[{"href":"https:\/\/uniformelaboral.com\/index.php\/wp-json\/wp\/v2\/types\/product"}],"wp:featuredmedia":[{"embeddable":true,"href":"https:\/\/uniformelaboral.com\/index.php\/wp-json\/wp\/v2\/media\/36879"}],"wp:attachment":[{"href":"https:\/\/uniformelaboral.com\/index.php\/wp-json\/wp\/v2\/media?parent=36878"}],"wp:term":[{"taxonomy":"product_brand","embeddable":true,"href":"https:\/\/uniformelaboral.com\/index.php\/wp-json\/wp\/v2\/product_brand?post=36878"},{"taxonomy":"product_cat","embeddable":true,"href":"https:\/\/uniformelaboral.com\/index.php\/wp-json\/wp\/v2\/product_cat?post=36878"},{"taxonomy":"product_tag","embeddable":true,"href":"https:\/\/uniformelaboral.com\/index.php\/wp-json\/wp\/v2\/product_tag?post=36878"}],"curies":[{"name":"wp","href":"https:\/\/api.w.org\/{rel}","templated":true}]}}

<p>Samarreta de màniga curta, confeccionada amb teixit en galga fina i acabat compacte. Coll rodó amb 4 capes, tapacostures reforçat a coll i espatlles. Costures laterals.<br />
Composition: 100% cotó pentinat, punt llis, 180 g/m².<br />
Color gris vigoré 58: 85% cotó / 15% viscosa.<br />
Remarks: *Talla 4XL y 5XL, en els colors: Blanc 01.<br />
*Nens: unitats caixa de 100.<br />
*Etiqueta extraïble.<br />
*Disponible en talles infantils.</p>
<p><img decoding="async" src="https://static.gorfactory.es/pics/measures/CA_MC_HO.jpg" /></p>

<p>Samarreta de màniga curta, confeccionada amb teixit en galga fina i acabat compacte. Coll rodó amb 4 capes, tapacostures reforçat a coll i espatlles. Costures laterals. Composition: 100% cotó pentinat, punt llis, 180 g/m². Color gris vigoré 58: 85% cotó / 15% viscosa. Remarks: *Talla 4XL y 5XL, en els colors: Blanc 01. *Nens: unitats [&hellip;]</p>
