{"id":36548,"date":"2025-02-26T16:17:54","date_gmt":"2025-02-26T15:17:54","guid":{"rendered":"https:\/\/uniformelaboral.com\/index.php\/producto\/akita\/"},"modified":"2025-02-28T20:13:15","modified_gmt":"2025-02-28T19:13:15","slug":"akita","status":"publish","type":"product","link":"https:\/\/uniformelaboral.com\/index.php\/producto\/akita\/","title":{"rendered":"AKITA"},"content":{"rendered":"<p>Samarreta de m\u00e0niga curta en colors fluor. Coll rod\u00f3 i tapacostures de refor\u00e7 a l\u2019interior. Fabricat en teixit de poli\u00e8ster amb tacte de cot\u00f3.<br \/>\nComposition: 100% poli\u00e8ster, tacte de cot\u00f3, 155 g\/m\u00b2.<br \/>\nRemarks: *Etiqueta adhesiva.<br \/>\n*Disponible en talles infantils.<br \/>\n<img decoding=\"async\" src=\"https:\/\/static.gorfactory.es\/pics\/measures\/CA_MC_HO.jpg\" \/><\/p>\n","protected":false},"excerpt":{"rendered":"<p>Samarreta de m\u00e0niga curta en colors fluor. Coll rod\u00f3 i tapacostures de refor\u00e7 a l\u2019interior. Fabricat en teixit de poli\u00e8ster amb tacte de cot\u00f3. Composition: 100% poli\u00e8ster, tacte de cot\u00f3, 155 g\/m\u00b2. Remarks: *Etiqueta adhesiva. *Disponible en talles infantils.<\/p>\n","protected":false},"featured_media":36549,"template":"","meta":{"_joinchat":[]},"product_brand":[],"product_cat":[1079,1080,1076,37,263,973,850,151,966,847,38,654],"product_tag":[],"class_list":{"0":"post-36548","1":"product","2":"type-product","3":"status-publish","4":"has-post-thumbnail","6":"product_cat-t_shirts","7":"product_cat-cam","8":"product_cat-cam_po","9":"product_cat-industria","10":"product_cat-maniga-curta-6","11":"product_cat-maniga-curta-14","12":"product_cat-semarretes-serveis-mc","13":"product_cat-samarretes-industria","14":"product_cat-semarretes-sport","15":"product_cat-semarretes-serveis","16":"product_cat-serveis","17":"product_cat-sports-indumentaria-base","18":"tm-has-options","20":"first","21":"instock","22":"taxable","23":"shipping-taxable","24":"purchasable","25":"product-type-variable"},"_links":{"self":[{"href":"https:\/\/uniformelaboral.com\/index.php\/wp-json\/wp\/v2\/product\/36548","targetHints":{"allow":["GET"]}}],"collection":[{"href":"https:\/\/uniformelaboral.com\/index.php\/wp-json\/wp\/v2\/product"}],"about":[{"href":"https:\/\/uniformelaboral.com\/index.php\/wp-json\/wp\/v2\/types\/product"}],"wp:featuredmedia":[{"embeddable":true,"href":"https:\/\/uniformelaboral.com\/index.php\/wp-json\/wp\/v2\/media\/36549"}],"wp:attachment":[{"href":"https:\/\/uniformelaboral.com\/index.php\/wp-json\/wp\/v2\/media?parent=36548"}],"wp:term":[{"taxonomy":"product_brand","embeddable":true,"href":"https:\/\/uniformelaboral.com\/index.php\/wp-json\/wp\/v2\/product_brand?post=36548"},{"taxonomy":"product_cat","embeddable":true,"href":"https:\/\/uniformelaboral.com\/index.php\/wp-json\/wp\/v2\/product_cat?post=36548"},{"taxonomy":"product_tag","embeddable":true,"href":"https:\/\/uniformelaboral.com\/index.php\/wp-json\/wp\/v2\/product_tag?post=36548"}],"curies":[{"name":"wp","href":"https:\/\/api.w.org\/{rel}","templated":true}]}}

<p>Samarreta de màniga curta en colors fluor. Coll rodó i tapacostures de reforç a l’interior. Fabricat en teixit de polièster amb tacte de cotó.<br />
Composition: 100% polièster, tacte de cotó, 155 g/m².<br />
Remarks: *Etiqueta adhesiva.<br />
*Disponible en talles infantils.<br />
<img decoding="async" src="https://static.gorfactory.es/pics/measures/CA_MC_HO.jpg" /></p>

<p>Samarreta de màniga curta en colors fluor. Coll rodó i tapacostures de reforç a l’interior. Fabricat en teixit de polièster amb tacte de cotó. Composition: 100% polièster, tacte de cotó, 155 g/m². Remarks: *Etiqueta adhesiva. *Disponible en talles infantils.</p>
