{"id":36470,"date":"2025-02-26T16:16:11","date_gmt":"2025-02-26T15:16:11","guid":{"rendered":"https:\/\/uniformelaboral.com\/index.php\/producto\/belice\/"},"modified":"2025-03-04T11:40:17","modified_gmt":"2025-03-04T10:40:17","slug":"belice","status":"publish","type":"product","link":"https:\/\/uniformelaboral.com\/index.php\/producto\/belice\/","title":{"rendered":"BELICE"},"content":{"rendered":"<p>Samarreta entallada de coll rod\u00f3 amb obertura en V, semim\u00e0niga a l&#8217;espatlla rivetada i costures laterals.<br \/>\nComposition: 94% cot\u00f3 pentinat \/ 5% elast\u00e0, punt llis, 200 g\/m\u00b2.<br \/>\nRemarks: *Talla XXXL disponible en blanc 01 i negre 02.<br \/>\n*Teixit amb un acabat d&#8217;alta qualitat, que li proporciona un tacte \u00fanic.<br \/>\n*Etiqueta extra\u00efble.<\/p>\n<p><img decoding=\"async\" src=\"https:\/\/static.gorfactory.es\/pics\/measures\/CA_MC_MU.jpg\" \/><\/p>\n","protected":false},"excerpt":{"rendered":"<p>Samarreta entallada de coll rod\u00f3 amb obertura en V, semim\u00e0niga a l&#8217;espatlla rivetada i costures laterals. Composition: 94% cot\u00f3 pentinat \/ 5% elast\u00e0, punt llis, 200 g\/m\u00b2. Remarks: *Talla XXXL disponible en blanc 01 i negre 02. *Teixit amb un acabat d&#8217;alta qualitat, que li proporciona un tacte \u00fanic. *Etiqueta extra\u00efble.<\/p>\n","protected":false},"featured_media":36471,"template":"","meta":{"_joinchat":[]},"product_brand":[],"product_cat":[1165,1079,1080,1076,973,966,654,1097],"product_tag":[],"class_list":{"0":"post-36470","1":"product","2":"type-product","3":"status-publish","4":"has-post-thumbnail","6":"product_cat-basic","7":"product_cat-t_shirts","8":"product_cat-cam","9":"product_cat-cam_po","10":"product_cat-maniga-curta-14","11":"product_cat-semarretes-sport","12":"product_cat-sports-indumentaria-base","13":"product_cat-workwear","14":"tm-has-options","16":"first","17":"instock","18":"taxable","19":"shipping-taxable","20":"purchasable","21":"product-type-variable"},"_links":{"self":[{"href":"https:\/\/uniformelaboral.com\/index.php\/wp-json\/wp\/v2\/product\/36470","targetHints":{"allow":["GET"]}}],"collection":[{"href":"https:\/\/uniformelaboral.com\/index.php\/wp-json\/wp\/v2\/product"}],"about":[{"href":"https:\/\/uniformelaboral.com\/index.php\/wp-json\/wp\/v2\/types\/product"}],"wp:featuredmedia":[{"embeddable":true,"href":"https:\/\/uniformelaboral.com\/index.php\/wp-json\/wp\/v2\/media\/36471"}],"wp:attachment":[{"href":"https:\/\/uniformelaboral.com\/index.php\/wp-json\/wp\/v2\/media?parent=36470"}],"wp:term":[{"taxonomy":"product_brand","embeddable":true,"href":"https:\/\/uniformelaboral.com\/index.php\/wp-json\/wp\/v2\/product_brand?post=36470"},{"taxonomy":"product_cat","embeddable":true,"href":"https:\/\/uniformelaboral.com\/index.php\/wp-json\/wp\/v2\/product_cat?post=36470"},{"taxonomy":"product_tag","embeddable":true,"href":"https:\/\/uniformelaboral.com\/index.php\/wp-json\/wp\/v2\/product_tag?post=36470"}],"curies":[{"name":"wp","href":"https:\/\/api.w.org\/{rel}","templated":true}]}}

<p>Samarreta entallada de coll rodó amb obertura en V, semimàniga a l&#8217;espatlla rivetada i costures laterals.<br />
Composition: 94% cotó pentinat / 5% elastà, punt llis, 200 g/m².<br />
Remarks: *Talla XXXL disponible en blanc 01 i negre 02.<br />
*Teixit amb un acabat d&#8217;alta qualitat, que li proporciona un tacte únic.<br />
*Etiqueta extraïble.</p>
<p><img decoding="async" src="https://static.gorfactory.es/pics/measures/CA_MC_MU.jpg" /></p>

<p>Samarreta entallada de coll rodó amb obertura en V, semimàniga a l&#8217;espatlla rivetada i costures laterals. Composition: 94% cotó pentinat / 5% elastà, punt llis, 200 g/m². Remarks: *Talla XXXL disponible en blanc 01 i negre 02. *Teixit amb un acabat d&#8217;alta qualitat, que li proporciona un tacte únic. *Etiqueta extraïble.</p>
