{"id":36412,"date":"2025-02-26T16:14:48","date_gmt":"2025-02-26T15:14:48","guid":{"rendered":"https:\/\/uniformelaboral.com\/index.php\/producto\/teckel\/"},"modified":"2025-03-06T11:36:57","modified_gmt":"2025-03-06T10:36:57","slug":"teckel","status":"publish","type":"product","link":"https:\/\/uniformelaboral.com\/index.php\/producto\/teckel\/","title":{"rendered":"TECKEL"},"content":{"rendered":"<p>Samarreta de m\u00e0niga curta i coll rod\u00f3 de 4 capes. Tapacostures refor\u00e7at al coll i a les espatlles, costures laterals i butxaca frontal.<br \/>\nComposition: 100% cot\u00f3, punt llis, 160 g\/m\u00b2.<br \/>\nColor gris 58: 85% cot\u00f3 \/ 15% viscosa.<br \/>\nRemarks: *Etiqueta extra\u00efble.<br \/>\n<img decoding=\"async\" src=\"https:\/\/static.gorfactory.es\/pics\/measures\/CA_MC_HO.jpg\" \/><\/p>\n","protected":false},"excerpt":{"rendered":"<p>Samarreta de m\u00e0niga curta i coll rod\u00f3 de 4 capes. Tapacostures refor\u00e7at al coll i a les espatlles, costures laterals i butxaca frontal. Composition: 100% cot\u00f3, punt llis, 160 g\/m\u00b2. Color gris 58: 85% cot\u00f3 \/ 15% viscosa. Remarks: *Etiqueta extra\u00efble.<\/p>\n","protected":false},"featured_media":36413,"template":"","meta":{"_joinchat":[]},"product_brand":[],"product_cat":[1165,1079,1080,1076,37,850,263,973,151,966,847,38,654,1097],"product_tag":[],"class_list":{"0":"post-36412","1":"product","2":"type-product","3":"status-publish","4":"has-post-thumbnail","6":"product_cat-basic","7":"product_cat-t_shirts","8":"product_cat-cam","9":"product_cat-cam_po","10":"product_cat-industria","11":"product_cat-semarretes-serveis-mc","12":"product_cat-maniga-curta-6","13":"product_cat-maniga-curta-14","14":"product_cat-samarretes-industria","15":"product_cat-semarretes-sport","16":"product_cat-semarretes-serveis","17":"product_cat-serveis","18":"product_cat-sports-indumentaria-base","19":"product_cat-workwear","20":"tm-has-options","22":"first","23":"instock","24":"taxable","25":"shipping-taxable","26":"purchasable","27":"product-type-variable"},"_links":{"self":[{"href":"https:\/\/uniformelaboral.com\/index.php\/wp-json\/wp\/v2\/product\/36412","targetHints":{"allow":["GET"]}}],"collection":[{"href":"https:\/\/uniformelaboral.com\/index.php\/wp-json\/wp\/v2\/product"}],"about":[{"href":"https:\/\/uniformelaboral.com\/index.php\/wp-json\/wp\/v2\/types\/product"}],"wp:featuredmedia":[{"embeddable":true,"href":"https:\/\/uniformelaboral.com\/index.php\/wp-json\/wp\/v2\/media\/36413"}],"wp:attachment":[{"href":"https:\/\/uniformelaboral.com\/index.php\/wp-json\/wp\/v2\/media?parent=36412"}],"wp:term":[{"taxonomy":"product_brand","embeddable":true,"href":"https:\/\/uniformelaboral.com\/index.php\/wp-json\/wp\/v2\/product_brand?post=36412"},{"taxonomy":"product_cat","embeddable":true,"href":"https:\/\/uniformelaboral.com\/index.php\/wp-json\/wp\/v2\/product_cat?post=36412"},{"taxonomy":"product_tag","embeddable":true,"href":"https:\/\/uniformelaboral.com\/index.php\/wp-json\/wp\/v2\/product_tag?post=36412"}],"curies":[{"name":"wp","href":"https:\/\/api.w.org\/{rel}","templated":true}]}}

<p>Samarreta de màniga curta i coll rodó de 4 capes. Tapacostures reforçat al coll i a les espatlles, costures laterals i butxaca frontal.<br />
Composition: 100% cotó, punt llis, 160 g/m².<br />
Color gris 58: 85% cotó / 15% viscosa.<br />
Remarks: *Etiqueta extraïble.<br />
<img decoding="async" src="https://static.gorfactory.es/pics/measures/CA_MC_HO.jpg" /></p>

<p>Samarreta de màniga curta i coll rodó de 4 capes. Tapacostures reforçat al coll i a les espatlles, costures laterals i butxaca frontal. Composition: 100% cotó, punt llis, 160 g/m². Color gris 58: 85% cotó / 15% viscosa. Remarks: *Etiqueta extraïble.</p>
