{"id":35927,"date":"2025-02-26T16:03:28","date_gmt":"2025-02-26T15:03:28","guid":{"rendered":"https:\/\/uniformelaboral.com\/index.php\/producto\/bugatti\/"},"modified":"2025-03-06T18:33:26","modified_gmt":"2025-03-06T17:33:26","slug":"bugatti","status":"publish","type":"product","link":"https:\/\/uniformelaboral.com\/index.php\/producto\/bugatti\/","title":{"rendered":"BUGATTI"},"content":{"rendered":"<p>Samarreta t\u00e8cnica de m\u00e0niga curta raglan.<br \/>\n1. Coll rod\u00f3 amb tapa costures a to.<br \/>\n2. M\u00e0nigues i panells laterals a contrast.<br \/>\nComposition: 100% poli\u00e8ster, 140 g\/m\u00b2.<br \/>\nRemarks: *Etiqueta extra\u00efble.<br \/>\n*Teixit t\u00e8cnic.<br \/>\n*Model transpirable.<br \/>\n<img decoding=\"async\" src=\"https:\/\/static.gorfactory.es\/pics\/measures\/CA_MC_HO.jpg\" \/><\/p>\n","protected":false},"excerpt":{"rendered":"<p>Samarreta t\u00e8cnica de m\u00e0niga curta raglan. 1. Coll rod\u00f3 amb tapa costures a to. 2. M\u00e0nigues i panells laterals a contrast. Composition: 100% poli\u00e8ster, 140 g\/m\u00b2. Remarks: *Etiqueta extra\u00efble. *Teixit t\u00e8cnic. *Model transpirable.<\/p>\n","protected":false},"featured_media":35928,"template":"","meta":{"_joinchat":[]},"product_brand":[],"product_cat":[1065,973,966,654],"product_tag":[],"class_list":{"0":"post-35927","1":"product","2":"type-product","3":"status-publish","4":"has-post-thumbnail","6":"product_cat-cam_sp","7":"product_cat-maniga-curta-14","8":"product_cat-semarretes-sport","9":"product_cat-sports-indumentaria-base","10":"tm-has-options","12":"first","13":"instock","14":"taxable","15":"shipping-taxable","16":"purchasable","17":"product-type-variable"},"_links":{"self":[{"href":"https:\/\/uniformelaboral.com\/index.php\/wp-json\/wp\/v2\/product\/35927","targetHints":{"allow":["GET"]}}],"collection":[{"href":"https:\/\/uniformelaboral.com\/index.php\/wp-json\/wp\/v2\/product"}],"about":[{"href":"https:\/\/uniformelaboral.com\/index.php\/wp-json\/wp\/v2\/types\/product"}],"wp:featuredmedia":[{"embeddable":true,"href":"https:\/\/uniformelaboral.com\/index.php\/wp-json\/wp\/v2\/media\/35928"}],"wp:attachment":[{"href":"https:\/\/uniformelaboral.com\/index.php\/wp-json\/wp\/v2\/media?parent=35927"}],"wp:term":[{"taxonomy":"product_brand","embeddable":true,"href":"https:\/\/uniformelaboral.com\/index.php\/wp-json\/wp\/v2\/product_brand?post=35927"},{"taxonomy":"product_cat","embeddable":true,"href":"https:\/\/uniformelaboral.com\/index.php\/wp-json\/wp\/v2\/product_cat?post=35927"},{"taxonomy":"product_tag","embeddable":true,"href":"https:\/\/uniformelaboral.com\/index.php\/wp-json\/wp\/v2\/product_tag?post=35927"}],"curies":[{"name":"wp","href":"https:\/\/api.w.org\/{rel}","templated":true}]}}

<p>Samarreta tècnica de màniga curta raglan.<br />
1. Coll rodó amb tapa costures a to.<br />
2. Mànigues i panells laterals a contrast.<br />
Composition: 100% polièster, 140 g/m².<br />
Remarks: *Etiqueta extraïble.<br />
*Teixit tècnic.<br />
*Model transpirable.<br />
<img decoding="async" src="https://static.gorfactory.es/pics/measures/CA_MC_HO.jpg" /></p>

<p>Samarreta tècnica de màniga curta raglan. 1. Coll rodó amb tapa costures a to. 2. Mànigues i panells laterals a contrast. Composition: 100% polièster, 140 g/m². Remarks: *Etiqueta extraïble. *Teixit tècnic. *Model transpirable.</p>
