{"id":35632,"date":"2025-02-26T15:55:51","date_gmt":"2025-02-26T14:55:51","guid":{"rendered":"https:\/\/uniformelaboral.com\/index.php\/producto\/extreme\/"},"modified":"2025-03-06T18:41:28","modified_gmt":"2025-03-06T17:41:28","slug":"extreme","status":"publish","type":"product","link":"https:\/\/uniformelaboral.com\/index.php\/producto\/extreme\/","title":{"rendered":"EXTREME"},"content":{"rendered":"<p>Samarreta de m\u00e0niga llarga, teixit tubular i coll rod\u00f3 de 4 capes. Tapacostures de refor\u00e7 al coll i a les espatlles. Sense punys.<br \/>\nComposition: 100% cot\u00f3, punt llis, 160 g\/m\u00b2.<br \/>\nColor gris 58: 85% cot\u00f3 \/ 15% viscosa.<br \/>\nRemarks: *Etiqueta extra\u00efble.<br \/>\n*Duo Concept.<br \/>\n*Tubular en talles d&#8217;adults, costures laterals en talla de nen.<br \/>\n<img decoding=\"async\" src=\"https:\/\/static.gorfactory.es\/pics\/measures\/CA_MC_HO.jpg\" \/><\/p>\n","protected":false},"excerpt":{"rendered":"<p>Samarreta de m\u00e0niga llarga, teixit tubular i coll rod\u00f3 de 4 capes. Tapacostures de refor\u00e7 al coll i a les espatlles. Sense punys. Composition: 100% cot\u00f3, punt llis, 160 g\/m\u00b2. Color gris 58: 85% cot\u00f3 \/ 15% viscosa. Remarks: *Etiqueta extra\u00efble. *Duo Concept. *Tubular en talles d&#8217;adults, costures laterals en talla de nen.<\/p>\n","protected":false},"featured_media":35633,"template":"","meta":{"_joinchat":[]},"product_brand":[],"product_cat":[36,1165,1079,1094,1076,147,37,1044,869,264,954,741,948,151,739,1022,39,847,38,1097],"product_tag":[],"class_list":{"0":"post-35632","1":"product","2":"type-product","3":"status-publish","4":"has-post-thumbnail","6":"product_cat-alimentacio","7":"product_cat-basic","8":"product_cat-t_shirts","9":"product_cat-cam_w","10":"product_cat-cam_po","11":"product_cat-hostaleria","12":"product_cat-industria","13":"product_cat-maniga-llarga-samarretes-hostaleria","14":"product_cat-semarretes-serveis-mc-2","15":"product_cat-maniga-llarga-6","16":"product_cat-maniga-llarga-12","17":"product_cat-maniga-llarga-10","18":"product_cat-samarreta-sanitat","19":"product_cat-samarretes-industria","20":"product_cat-samarretes-alimentacio","21":"product_cat-samarretes-hostaleria","22":"product_cat-sanitat","23":"product_cat-semarretes-serveis","24":"product_cat-serveis","25":"product_cat-workwear","26":"tm-has-options","28":"first","29":"instock","30":"taxable","31":"shipping-taxable","32":"purchasable","33":"product-type-variable"},"_links":{"self":[{"href":"https:\/\/uniformelaboral.com\/index.php\/wp-json\/wp\/v2\/product\/35632","targetHints":{"allow":["GET"]}}],"collection":[{"href":"https:\/\/uniformelaboral.com\/index.php\/wp-json\/wp\/v2\/product"}],"about":[{"href":"https:\/\/uniformelaboral.com\/index.php\/wp-json\/wp\/v2\/types\/product"}],"wp:featuredmedia":[{"embeddable":true,"href":"https:\/\/uniformelaboral.com\/index.php\/wp-json\/wp\/v2\/media\/35633"}],"wp:attachment":[{"href":"https:\/\/uniformelaboral.com\/index.php\/wp-json\/wp\/v2\/media?parent=35632"}],"wp:term":[{"taxonomy":"product_brand","embeddable":true,"href":"https:\/\/uniformelaboral.com\/index.php\/wp-json\/wp\/v2\/product_brand?post=35632"},{"taxonomy":"product_cat","embeddable":true,"href":"https:\/\/uniformelaboral.com\/index.php\/wp-json\/wp\/v2\/product_cat?post=35632"},{"taxonomy":"product_tag","embeddable":true,"href":"https:\/\/uniformelaboral.com\/index.php\/wp-json\/wp\/v2\/product_tag?post=35632"}],"curies":[{"name":"wp","href":"https:\/\/api.w.org\/{rel}","templated":true}]}}