{"id":34906,"date":"2025-02-26T15:38:13","date_gmt":"2025-02-26T14:38:13","guid":{"rendered":"https:\/\/uniformelaboral.com\/index.php\/producto\/imola\/"},"modified":"2025-03-06T19:17:51","modified_gmt":"2025-03-06T18:17:51","slug":"imola","status":"publish","type":"product","link":"https:\/\/uniformelaboral.com\/index.php\/producto\/imola\/","title":{"rendered":"IMOLA"},"content":{"rendered":"<p>Samarreta t\u00e8cnica de m\u00e0niga curta amb teixit de poli\u00e8ster Reciclat CONTROL DRY. Coll rod\u00f3 amb cobreix costures a to. Panells inferiors en m\u00e0nigues. Remallat a to en sisa i panell de m\u00e0niga. Etiqueta identificativa logo ECO a la m\u00e0niga.<br \/>\nComposition: 53% Poli\u00e8ster reciclat \/ 47% Poliester, Waffle Interlock. 135g \/ m\u00b2<br \/>\nRemarks: * Disponible en talles infantils.<br \/>\n* Etiqueta extra\u00efble ECO<br \/>\n* Embossat en material reciclat.<br \/>\n* Teixit t\u00e8cnic.<br \/>\n* Control dry.<br \/>\n* Duo concept.<br \/>\n<img decoding=\"async\" src=\"https:\/\/static.gorfactory.es\/pics\/measures\/CA_MC_HO.jpg\" \/><\/p>\n","protected":false},"excerpt":{"rendered":"<p>Samarreta t\u00e8cnica de m\u00e0niga curta amb teixit de poli\u00e8ster Reciclat CONTROL DRY. Coll rod\u00f3 amb cobreix costures a to. Panells inferiors en m\u00e0nigues. Remallat a to en sisa i panell de m\u00e0niga. Etiqueta identificativa logo ECO a la m\u00e0niga. Composition: 53% Poli\u00e8ster reciclat \/ 47% Poliester, Waffle Interlock. 135g \/ m\u00b2 Remarks: * Disponible en [&hellip;]<\/p>\n","protected":false},"featured_media":34907,"template":"","meta":{"_joinchat":[]},"product_brand":[],"product_cat":[36,1165,1065,1067,147,37,973,740,1042,263,850,739,1022,151,966,847,38,654,1097],"product_tag":[],"class_list":{"0":"post-34906","1":"product","2":"type-product","3":"status-publish","4":"has-post-thumbnail","6":"product_cat-alimentacio","7":"product_cat-basic","8":"product_cat-cam_sp","9":"product_cat-rolyeco","10":"product_cat-hostaleria","11":"product_cat-industria","12":"product_cat-maniga-curta-14","13":"product_cat-maniga-curta-10","14":"product_cat-maniga-curta-samarretes-hostaleria","15":"product_cat-maniga-curta-6","16":"product_cat-semarretes-serveis-mc","17":"product_cat-samarretes-alimentacio","18":"product_cat-samarretes-hostaleria","19":"product_cat-samarretes-industria","20":"product_cat-semarretes-sport","21":"product_cat-semarretes-serveis","22":"product_cat-serveis","23":"product_cat-sports-indumentaria-base","24":"product_cat-workwear","25":"tm-has-options","27":"first","28":"instock","29":"taxable","30":"shipping-taxable","31":"purchasable","32":"product-type-variable"},"_links":{"self":[{"href":"https:\/\/uniformelaboral.com\/index.php\/wp-json\/wp\/v2\/product\/34906","targetHints":{"allow":["GET"]}}],"collection":[{"href":"https:\/\/uniformelaboral.com\/index.php\/wp-json\/wp\/v2\/product"}],"about":[{"href":"https:\/\/uniformelaboral.com\/index.php\/wp-json\/wp\/v2\/types\/product"}],"wp:featuredmedia":[{"embeddable":true,"href":"https:\/\/uniformelaboral.com\/index.php\/wp-json\/wp\/v2\/media\/34907"}],"wp:attachment":[{"href":"https:\/\/uniformelaboral.com\/index.php\/wp-json\/wp\/v2\/media?parent=34906"}],"wp:term":[{"taxonomy":"product_brand","embeddable":true,"href":"https:\/\/uniformelaboral.com\/index.php\/wp-json\/wp\/v2\/product_brand?post=34906"},{"taxonomy":"product_cat","embeddable":true,"href":"https:\/\/uniformelaboral.com\/index.php\/wp-json\/wp\/v2\/product_cat?post=34906"},{"taxonomy":"product_tag","embeddable":true,"href":"https:\/\/uniformelaboral.com\/index.php\/wp-json\/wp\/v2\/product_tag?post=34906"}],"curies":[{"name":"wp","href":"https:\/\/api.w.org\/{rel}","templated":true}]}}

<p>Samarreta tècnica de màniga curta amb teixit de polièster Reciclat CONTROL DRY. Coll rodó amb cobreix costures a to. Panells inferiors en mànigues. Remallat a to en sisa i panell de màniga. Etiqueta identificativa logo ECO a la màniga.<br />
Composition: 53% Polièster reciclat / 47% Poliester, Waffle Interlock. 135g / m²<br />
Remarks: * Disponible en talles infantils.<br />
* Etiqueta extraïble ECO<br />
* Embossat en material reciclat.<br />
* Teixit tècnic.<br />
* Control dry.<br />
* Duo concept.<br />
<img decoding="async" src="https://static.gorfactory.es/pics/measures/CA_MC_HO.jpg" /></p>

<p>Samarreta tècnica de màniga curta amb teixit de polièster Reciclat CONTROL DRY. Coll rodó amb cobreix costures a to. Panells inferiors en mànigues. Remallat a to en sisa i panell de màniga. Etiqueta identificativa logo ECO a la màniga. Composition: 53% Polièster reciclat / 47% Poliester, Waffle Interlock. 135g / m² Remarks: * Disponible en [&hellip;]</p>
