{"id":34687,"date":"2025-02-26T15:32:26","date_gmt":"2025-02-26T14:32:26","guid":{"rendered":"https:\/\/uniformelaboral.com\/index.php\/producto\/montecarlo\/"},"modified":"2025-03-06T19:21:57","modified_gmt":"2025-03-06T18:21:57","slug":"montecarlo","status":"publish","type":"product","link":"https:\/\/uniformelaboral.com\/index.php\/producto\/montecarlo\/","title":{"rendered":"MONTECARLO"},"content":{"rendered":"<p>Samarreta t\u00e8cnica de m\u00e0niga curta rangl\u00e0. Escot arrodonit amb tapacostures. Talls laterals amb remallat al to.<br \/>\nComposition: 100% poli\u00e8ster piqu\u00e9, 150 g\/m\u00b2.<br \/>\nRemarks: * Certificat UV801<br \/>\n*Teixit transpirable f\u00e0cil de rentar i assecat.<br \/>\n*Etiqueta extra\u00efble.<br \/>\n*Teixit t\u00e8cnic.<br \/>\n*Factor de protecci\u00f3 ultravioleta segons el color.<br \/>\n*Disponible en talles infantils<br \/>\n*Duo concept.<br \/>\n<img decoding=\"async\" src=\"https:\/\/static.gorfactory.es\/pics\/measures\/CA_MC_HO.jpg\" \/><\/p>\n","protected":false},"excerpt":{"rendered":"<p>Samarreta t\u00e8cnica de m\u00e0niga curta rangl\u00e0. Escot arrodonit amb tapacostures. Talls laterals amb remallat al to. Composition: 100% poli\u00e8ster piqu\u00e9, 150 g\/m\u00b2. Remarks: * Certificat UV801 *Teixit transpirable f\u00e0cil de rentar i assecat. *Etiqueta extra\u00efble. *Teixit t\u00e8cnic. *Factor de protecci\u00f3 ultravioleta segons el color. *Disponible en talles infantils *Duo concept.<\/p>\n","protected":false},"featured_media":34688,"template":"","meta":{"_joinchat":[]},"product_brand":[],"product_cat":[1065,37,263,973,850,151,966,847,38,654],"product_tag":[],"class_list":{"0":"post-34687","1":"product","2":"type-product","3":"status-publish","4":"has-post-thumbnail","6":"product_cat-cam_sp","7":"product_cat-industria","8":"product_cat-maniga-curta-6","9":"product_cat-maniga-curta-14","10":"product_cat-semarretes-serveis-mc","11":"product_cat-samarretes-industria","12":"product_cat-semarretes-sport","13":"product_cat-semarretes-serveis","14":"product_cat-serveis","15":"product_cat-sports-indumentaria-base","16":"tm-has-options","18":"first","19":"instock","20":"taxable","21":"shipping-taxable","22":"purchasable","23":"product-type-variable"},"_links":{"self":[{"href":"https:\/\/uniformelaboral.com\/index.php\/wp-json\/wp\/v2\/product\/34687","targetHints":{"allow":["GET"]}}],"collection":[{"href":"https:\/\/uniformelaboral.com\/index.php\/wp-json\/wp\/v2\/product"}],"about":[{"href":"https:\/\/uniformelaboral.com\/index.php\/wp-json\/wp\/v2\/types\/product"}],"wp:featuredmedia":[{"embeddable":true,"href":"https:\/\/uniformelaboral.com\/index.php\/wp-json\/wp\/v2\/media\/34688"}],"wp:attachment":[{"href":"https:\/\/uniformelaboral.com\/index.php\/wp-json\/wp\/v2\/media?parent=34687"}],"wp:term":[{"taxonomy":"product_brand","embeddable":true,"href":"https:\/\/uniformelaboral.com\/index.php\/wp-json\/wp\/v2\/product_brand?post=34687"},{"taxonomy":"product_cat","embeddable":true,"href":"https:\/\/uniformelaboral.com\/index.php\/wp-json\/wp\/v2\/product_cat?post=34687"},{"taxonomy":"product_tag","embeddable":true,"href":"https:\/\/uniformelaboral.com\/index.php\/wp-json\/wp\/v2\/product_tag?post=34687"}],"curies":[{"name":"wp","href":"https:\/\/api.w.org\/{rel}","templated":true}]}}

<p>Samarreta tècnica de màniga curta ranglà. Escot arrodonit amb tapacostures. Talls laterals amb remallat al to.<br />
Composition: 100% polièster piqué, 150 g/m².<br />
Remarks: * Certificat UV801<br />
*Teixit transpirable fàcil de rentar i assecat.<br />
*Etiqueta extraïble.<br />
*Teixit tècnic.<br />
*Factor de protecció ultravioleta segons el color.<br />
*Disponible en talles infantils<br />
*Duo concept.<br />
<img decoding="async" src="https://static.gorfactory.es/pics/measures/CA_MC_HO.jpg" /></p>

<p>Samarreta tècnica de màniga curta ranglà. Escot arrodonit amb tapacostures. Talls laterals amb remallat al to. Composition: 100% polièster piqué, 150 g/m². Remarks: * Certificat UV801 *Teixit transpirable fàcil de rentar i assecat. *Etiqueta extraïble. *Teixit tècnic. *Factor de protecció ultravioleta segons el color. *Disponible en talles infantils *Duo concept.</p>
