{"id":34407,"date":"2025-02-26T15:26:01","date_gmt":"2025-02-26T14:26:01","guid":{"rendered":"https:\/\/uniformelaboral.com\/index.php\/producto\/sepang\/"},"modified":"2025-03-07T10:27:27","modified_gmt":"2025-03-07T09:27:27","slug":"sepang","status":"publish","type":"product","link":"https:\/\/uniformelaboral.com\/index.php\/producto\/sepang\/","title":{"rendered":"SEPANG"},"content":{"rendered":"<p>Samarreta t\u00e8cnica en teixit de punt llis, de m\u00e0niga curta raglan.<br \/>\n1. Costures en contrast a bocam\u00e0nigues, baixos, coll i laterals.<br \/>\n2. Coll avivat amb el mateix teixit.<br \/>\n3. Teixit transpirable f\u00e0cil de rentar i assecar.<br \/>\n4. Detalls reflectants, excepte en els colors negre i royal, que el detall \u00e9s en contrast en color groc, no reflectant.<br \/>Composition: 100% poli\u00e8ster, punt llis, 150 g\/m\u00b2.<br \/>Remarks: *Etiqueta extra\u00efble.<br \/>\n*Teixit t\u00e8cnic.<br \/>\n*Teixit transpirable.<br \/><img decoding=\"async\" src=\"https:\/\/static.gorfactory.es\/pics\/measures\/CA_MC_HO.jpg\"><\/p>\n","protected":false},"excerpt":{"rendered":"<p>Samarreta t\u00e8cnica en teixit de punt llis, de m\u00e0niga curta raglan. 1. Costures en contrast a bocam\u00e0nigues, baixos, coll i laterals. 2. Coll avivat amb el mateix teixit. 3. Teixit transpirable f\u00e0cil de rentar i assecar. 4. Detalls reflectants, excepte en els colors negre i royal, que el detall \u00e9s en contrast en color groc, [&hellip;]<\/p>\n","protected":false},"featured_media":34408,"template":"","meta":{"_joinchat":[]},"product_brand":[],"product_cat":[1065,973,966,654],"product_tag":[],"class_list":{"0":"post-34407","1":"product","2":"type-product","3":"status-publish","4":"has-post-thumbnail","6":"product_cat-cam_sp","7":"product_cat-maniga-curta-14","8":"product_cat-semarretes-sport","9":"product_cat-sports-indumentaria-base","10":"tm-has-options","12":"first","13":"instock","14":"taxable","15":"shipping-taxable","16":"purchasable","17":"product-type-variable"},"_links":{"self":[{"href":"https:\/\/uniformelaboral.com\/index.php\/wp-json\/wp\/v2\/product\/34407","targetHints":{"allow":["GET"]}}],"collection":[{"href":"https:\/\/uniformelaboral.com\/index.php\/wp-json\/wp\/v2\/product"}],"about":[{"href":"https:\/\/uniformelaboral.com\/index.php\/wp-json\/wp\/v2\/types\/product"}],"wp:featuredmedia":[{"embeddable":true,"href":"https:\/\/uniformelaboral.com\/index.php\/wp-json\/wp\/v2\/media\/34408"}],"wp:attachment":[{"href":"https:\/\/uniformelaboral.com\/index.php\/wp-json\/wp\/v2\/media?parent=34407"}],"wp:term":[{"taxonomy":"product_brand","embeddable":true,"href":"https:\/\/uniformelaboral.com\/index.php\/wp-json\/wp\/v2\/product_brand?post=34407"},{"taxonomy":"product_cat","embeddable":true,"href":"https:\/\/uniformelaboral.com\/index.php\/wp-json\/wp\/v2\/product_cat?post=34407"},{"taxonomy":"product_tag","embeddable":true,"href":"https:\/\/uniformelaboral.com\/index.php\/wp-json\/wp\/v2\/product_tag?post=34407"}],"curies":[{"name":"wp","href":"https:\/\/api.w.org\/{rel}","templated":true}]}}

<p>Samarreta tècnica en teixit de punt llis, de màniga curta raglan.<br />
1. Costures en contrast a bocamànigues, baixos, coll i laterals.<br />
2. Coll avivat amb el mateix teixit.<br />
3. Teixit transpirable fàcil de rentar i assecar.<br />
4. Detalls reflectants, excepte en els colors negre i royal, que el detall és en contrast en color groc, no reflectant.<br />Composition: 100% polièster, punt llis, 150 g/m².<br />Remarks: *Etiqueta extraïble.<br />
*Teixit tècnic.<br />
*Teixit transpirable.<br /><img decoding="async" src="https://static.gorfactory.es/pics/measures/CA_MC_HO.jpg"></p>

<p>Samarreta tècnica en teixit de punt llis, de màniga curta raglan. 1. Costures en contrast a bocamànigues, baixos, coll i laterals. 2. Coll avivat amb el mateix teixit. 3. Teixit transpirable fàcil de rentar i assecar. 4. Detalls reflectants, excepte en els colors negre i royal, que el detall és en contrast en color groc, [&hellip;]</p>
