{"id":34337,"date":"2025-02-26T15:24:25","date_gmt":"2025-02-26T14:24:25","guid":{"rendered":"https:\/\/uniformelaboral.com\/index.php\/producto\/montecarlo-l-s\/"},"modified":"2025-03-07T10:29:32","modified_gmt":"2025-03-07T09:29:32","slug":"montecarlo-l-s","status":"publish","type":"product","link":"https:\/\/uniformelaboral.com\/index.php\/producto\/montecarlo-l-s\/","title":{"rendered":"MONTECARLO L\/S"},"content":{"rendered":"<p>Samarreta t\u00e8cnica de m\u00e0niga llarga rangl\u00e1n, remallada al to en m\u00e0nigues (sense talls laterals). Cobreix costures al coll. Teixit transpirable de f\u00e0cil rentat i assecat.<br \/>Composition: 100% poli\u00e8ster piqu\u00e9, 150 g\/m\u00b2.<br \/>Remarks: * Certificat UV801.<br \/>\n*Etiqueta extra\u00efble.<br \/>\n*Teixit t\u00e8cnic.<br \/>\n*Disponible en talles infantils.<br \/><img decoding=\"async\" src=\"https:\/\/static.gorfactory.es\/pics\/measures\/CA_MC_HO.jpg\"><\/p>\n","protected":false},"excerpt":{"rendered":"<p>Samarreta t\u00e8cnica de m\u00e0niga llarga rangl\u00e1n, remallada al to en m\u00e0nigues (sense talls laterals). Cobreix costures al coll. Teixit transpirable de f\u00e0cil rentat i assecat.Composition: 100% poli\u00e8ster piqu\u00e9, 150 g\/m\u00b2.Remarks: * Certificat UV801. *Etiqueta extra\u00efble. *Teixit t\u00e8cnic. *Disponible en talles infantils.<\/p>\n","protected":false},"featured_media":34338,"template":"","meta":{"_joinchat":[]},"product_brand":[],"product_cat":[37,264,974,869,151,966,847,38,654,1072],"product_tag":[],"class_list":{"0":"post-34337","1":"product","2":"type-product","3":"status-publish","4":"has-post-thumbnail","6":"product_cat-industria","7":"product_cat-maniga-llarga-6","8":"product_cat-maniga-llarga-14","9":"product_cat-semarretes-serveis-mc-2","10":"product_cat-samarretes-industria","11":"product_cat-semarretes-sport","12":"product_cat-semarretes-serveis","13":"product_cat-serveis","14":"product_cat-sports-indumentaria-base","15":"product_cat-wint_sp","16":"tm-has-options","18":"first","19":"instock","20":"taxable","21":"shipping-taxable","22":"purchasable","23":"product-type-variable"},"_links":{"self":[{"href":"https:\/\/uniformelaboral.com\/index.php\/wp-json\/wp\/v2\/product\/34337","targetHints":{"allow":["GET"]}}],"collection":[{"href":"https:\/\/uniformelaboral.com\/index.php\/wp-json\/wp\/v2\/product"}],"about":[{"href":"https:\/\/uniformelaboral.com\/index.php\/wp-json\/wp\/v2\/types\/product"}],"wp:featuredmedia":[{"embeddable":true,"href":"https:\/\/uniformelaboral.com\/index.php\/wp-json\/wp\/v2\/media\/34338"}],"wp:attachment":[{"href":"https:\/\/uniformelaboral.com\/index.php\/wp-json\/wp\/v2\/media?parent=34337"}],"wp:term":[{"taxonomy":"product_brand","embeddable":true,"href":"https:\/\/uniformelaboral.com\/index.php\/wp-json\/wp\/v2\/product_brand?post=34337"},{"taxonomy":"product_cat","embeddable":true,"href":"https:\/\/uniformelaboral.com\/index.php\/wp-json\/wp\/v2\/product_cat?post=34337"},{"taxonomy":"product_tag","embeddable":true,"href":"https:\/\/uniformelaboral.com\/index.php\/wp-json\/wp\/v2\/product_tag?post=34337"}],"curies":[{"name":"wp","href":"https:\/\/api.w.org\/{rel}","templated":true}]}}

<p>Samarreta tècnica de màniga llarga ranglán, remallada al to en mànigues (sense talls laterals). Cobreix costures al coll. Teixit transpirable de fàcil rentat i assecat.<br />Composition: 100% polièster piqué, 150 g/m².<br />Remarks: * Certificat UV801.<br />
*Etiqueta extraïble.<br />
*Teixit tècnic.<br />
*Disponible en talles infantils.<br /><img decoding="async" src="https://static.gorfactory.es/pics/measures/CA_MC_HO.jpg"></p>

<p>Samarreta tècnica de màniga llarga ranglán, remallada al to en mànigues (sense talls laterals). Cobreix costures al coll. Teixit transpirable de fàcil rentat i assecat.Composition: 100% polièster piqué, 150 g/m².Remarks: * Certificat UV801. *Etiqueta extraïble. *Teixit tècnic. *Disponible en talles infantils.</p>
