{"id":34287,"date":"2025-02-26T15:23:17","date_gmt":"2025-02-26T14:23:17","guid":{"rendered":"https:\/\/uniformelaboral.com\/index.php\/producto\/porto\/"},"modified":"2025-03-07T10:30:08","modified_gmt":"2025-03-07T09:30:08","slug":"porto","status":"publish","type":"product","link":"https:\/\/uniformelaboral.com\/index.php\/producto\/porto\/","title":{"rendered":"PORTO"},"content":{"rendered":"<p>Samarreta de porter unisex.<br \/>\n1. M\u00e0niga llarga amb colzeres encoixinades.<br \/>\n2. Panells a contrast a l&#8217;interior de les m\u00e0nigues.<br \/>\n3. Detall a contrast a la part posterior del coll i punys.<br \/>Composition: 100% poli\u00e8ster, 160 g\/m\u00b2.<br \/>Remarks: *Etiqueta extra\u00efble.<br \/>\n*Teixit t\u00e8cnic.<br \/>\n*Model transpirable. <br \/><img decoding=\"async\" src=\"https:\/\/static.gorfactory.es\/pics\/measures\/CA_MC_HO.jpg\"><\/p>\n","protected":false},"excerpt":{"rendered":"<p>Samarreta de porter unisex. 1. M\u00e0niga llarga amb colzeres encoixinades. 2. Panells a contrast a l&#8217;interior de les m\u00e0nigues. 3. Detall a contrast a la part posterior del coll i punys.Composition: 100% poli\u00e8ster, 160 g\/m\u00b2.Remarks: *Etiqueta extra\u00efble. *Teixit t\u00e8cnic. *Model transpirable.<\/p>\n","protected":false},"featured_media":34288,"template":"","meta":{"_joinchat":[]},"product_brand":[],"product_cat":[974,966,654,1164],"product_tag":[],"class_list":{"0":"post-34287","1":"product","2":"type-product","3":"status-publish","4":"has-post-thumbnail","6":"product_cat-maniga-llarga-14","7":"product_cat-semarretes-sport","8":"product_cat-sports-indumentaria-base","9":"product_cat-equip","10":"tm-has-options","12":"first","13":"instock","14":"taxable","15":"shipping-taxable","16":"purchasable","17":"product-type-variable"},"_links":{"self":[{"href":"https:\/\/uniformelaboral.com\/index.php\/wp-json\/wp\/v2\/product\/34287","targetHints":{"allow":["GET"]}}],"collection":[{"href":"https:\/\/uniformelaboral.com\/index.php\/wp-json\/wp\/v2\/product"}],"about":[{"href":"https:\/\/uniformelaboral.com\/index.php\/wp-json\/wp\/v2\/types\/product"}],"wp:featuredmedia":[{"embeddable":true,"href":"https:\/\/uniformelaboral.com\/index.php\/wp-json\/wp\/v2\/media\/34288"}],"wp:attachment":[{"href":"https:\/\/uniformelaboral.com\/index.php\/wp-json\/wp\/v2\/media?parent=34287"}],"wp:term":[{"taxonomy":"product_brand","embeddable":true,"href":"https:\/\/uniformelaboral.com\/index.php\/wp-json\/wp\/v2\/product_brand?post=34287"},{"taxonomy":"product_cat","embeddable":true,"href":"https:\/\/uniformelaboral.com\/index.php\/wp-json\/wp\/v2\/product_cat?post=34287"},{"taxonomy":"product_tag","embeddable":true,"href":"https:\/\/uniformelaboral.com\/index.php\/wp-json\/wp\/v2\/product_tag?post=34287"}],"curies":[{"name":"wp","href":"https:\/\/api.w.org\/{rel}","templated":true}]}}