{"id":34080,"date":"2025-02-26T15:18:43","date_gmt":"2025-02-26T14:18:43","guid":{"rendered":"https:\/\/uniformelaboral.com\/index.php\/producto\/assen\/"},"modified":"2025-03-07T10:34:01","modified_gmt":"2025-03-07T09:34:01","slug":"assen","status":"publish","type":"product","link":"https:\/\/uniformelaboral.com\/index.php\/producto\/assen\/","title":{"rendered":"ASSEN"},"content":{"rendered":"<p>Samarreta t\u00e8cnica estampada de m\u00e0niga curta. Coll rod\u00f3 amb tapa costures de refor\u00e7 a contrast en color groc fl\u00faor. Panells laterals a l&#8217;interior de la m\u00e0niga i a les espatlles amb remallat al to.<br \/>Composition: 100% poli\u00e8ster, 140 g\/m\u00b2.<br \/>Remarks: *Etiqueta extra\u00efble.<br \/>\n*Teixit t\u00e8cnic.<br \/>\n*Model transpirable. <br \/><img decoding=\"async\" src=\"https:\/\/static.gorfactory.es\/pics\/measures\/CA_MC_HO.jpg\"><\/p>\n","protected":false},"excerpt":{"rendered":"<p>Samarreta t\u00e8cnica estampada de m\u00e0niga curta. Coll rod\u00f3 amb tapa costures de refor\u00e7 a contrast en color groc fl\u00faor. Panells laterals a l&#8217;interior de la m\u00e0niga i a les espatlles amb remallat al to.Composition: 100% poli\u00e8ster, 140 g\/m\u00b2.Remarks: *Etiqueta extra\u00efble. *Teixit t\u00e8cnic. *Model transpirable.<\/p>\n","protected":false},"featured_media":34081,"template":"","meta":{"_joinchat":[]},"product_brand":[],"product_cat":[1065,973,966,654],"product_tag":[],"class_list":{"0":"post-34080","1":"product","2":"type-product","3":"status-publish","4":"has-post-thumbnail","6":"product_cat-cam_sp","7":"product_cat-maniga-curta-14","8":"product_cat-semarretes-sport","9":"product_cat-sports-indumentaria-base","10":"tm-has-options","12":"first","13":"instock","14":"taxable","15":"shipping-taxable","16":"purchasable","17":"product-type-variable"},"_links":{"self":[{"href":"https:\/\/uniformelaboral.com\/index.php\/wp-json\/wp\/v2\/product\/34080","targetHints":{"allow":["GET"]}}],"collection":[{"href":"https:\/\/uniformelaboral.com\/index.php\/wp-json\/wp\/v2\/product"}],"about":[{"href":"https:\/\/uniformelaboral.com\/index.php\/wp-json\/wp\/v2\/types\/product"}],"wp:featuredmedia":[{"embeddable":true,"href":"https:\/\/uniformelaboral.com\/index.php\/wp-json\/wp\/v2\/media\/34081"}],"wp:attachment":[{"href":"https:\/\/uniformelaboral.com\/index.php\/wp-json\/wp\/v2\/media?parent=34080"}],"wp:term":[{"taxonomy":"product_brand","embeddable":true,"href":"https:\/\/uniformelaboral.com\/index.php\/wp-json\/wp\/v2\/product_brand?post=34080"},{"taxonomy":"product_cat","embeddable":true,"href":"https:\/\/uniformelaboral.com\/index.php\/wp-json\/wp\/v2\/product_cat?post=34080"},{"taxonomy":"product_tag","embeddable":true,"href":"https:\/\/uniformelaboral.com\/index.php\/wp-json\/wp\/v2\/product_tag?post=34080"}],"curies":[{"name":"wp","href":"https:\/\/api.w.org\/{rel}","templated":true}]}}

<p>Samarreta tècnica estampada de màniga curta. Coll rodó amb tapa costures de reforç a contrast en color groc flúor. Panells laterals a l&#8217;interior de la màniga i a les espatlles amb remallat al to.<br />Composition: 100% polièster, 140 g/m².<br />Remarks: *Etiqueta extraïble.<br />
*Teixit tècnic.<br />
*Model transpirable. <br /><img decoding="async" src="https://static.gorfactory.es/pics/measures/CA_MC_HO.jpg"></p>

<p>Samarreta tècnica estampada de màniga curta. Coll rodó amb tapa costures de reforç a contrast en color groc flúor. Panells laterals a l&#8217;interior de la màniga i a les espatlles amb remallat al to.Composition: 100% polièster, 140 g/m².Remarks: *Etiqueta extraïble. *Teixit tècnic. *Model transpirable.</p>
