{"id":33944,"date":"2025-02-26T15:15:37","date_gmt":"2025-02-26T14:15:37","guid":{"rendered":"https:\/\/uniformelaboral.com\/index.php\/producto\/marabu\/"},"modified":"2025-03-07T12:05:22","modified_gmt":"2025-03-07T11:05:22","slug":"marabu","status":"publish","type":"product","link":"https:\/\/uniformelaboral.com\/index.php\/producto\/marabu\/","title":{"rendered":"MARABU"},"content":{"rendered":"<p>Motxilla b\u00e0sica amb tancament de cremallera i tapeta.<br \/>\n1. Doble nansa refor\u00e7ada per espatlla i nansa especial de m\u00e0.<br \/>\n2. Butxaca frontal de gran capacitat amb cremallera i tapeta.<br \/>\n3. Detalls en negre.<br \/>Composition: 100% poli\u00e8ster,900D, 550 g\/m\u00b2.<br \/>\nTalla \u00fanica: 30 x 40 x 18 cm. 20 L. <br \/>Remarks: *Etiqueta extra\u00efble.<\/p>\n","protected":false},"excerpt":{"rendered":"<p>Motxilla b\u00e0sica amb tancament de cremallera i tapeta. 1. Doble nansa refor\u00e7ada per espatlla i nansa especial de m\u00e0. 2. Butxaca frontal de gran capacitat amb cremallera i tapeta. 3. Detalls en negre.Composition: 100% poli\u00e8ster,900D, 550 g\/m\u00b2. Talla \u00fanica: 30 x 40 x 18 cm. 20 L. Remarks: *Etiqueta extra\u00efble.<\/p>\n","protected":false},"featured_media":33945,"template":"","meta":{"_joinchat":[]},"product_brand":[],"product_cat":[1038,1095,941],"product_tag":[],"class_list":{"0":"post-33944","1":"product","2":"type-product","3":"status-publish","4":"has-post-thumbnail","6":"product_cat-complements","7":"product_cat-moc","8":"product_cat-motxila-3","9":"tm-no-options-pxq","11":"first","12":"instock","13":"taxable","14":"shipping-taxable","15":"purchasable","16":"product-type-variable"},"_links":{"self":[{"href":"https:\/\/uniformelaboral.com\/index.php\/wp-json\/wp\/v2\/product\/33944","targetHints":{"allow":["GET"]}}],"collection":[{"href":"https:\/\/uniformelaboral.com\/index.php\/wp-json\/wp\/v2\/product"}],"about":[{"href":"https:\/\/uniformelaboral.com\/index.php\/wp-json\/wp\/v2\/types\/product"}],"wp:featuredmedia":[{"embeddable":true,"href":"https:\/\/uniformelaboral.com\/index.php\/wp-json\/wp\/v2\/media\/33945"}],"wp:attachment":[{"href":"https:\/\/uniformelaboral.com\/index.php\/wp-json\/wp\/v2\/media?parent=33944"}],"wp:term":[{"taxonomy":"product_brand","embeddable":true,"href":"https:\/\/uniformelaboral.com\/index.php\/wp-json\/wp\/v2\/product_brand?post=33944"},{"taxonomy":"product_cat","embeddable":true,"href":"https:\/\/uniformelaboral.com\/index.php\/wp-json\/wp\/v2\/product_cat?post=33944"},{"taxonomy":"product_tag","embeddable":true,"href":"https:\/\/uniformelaboral.com\/index.php\/wp-json\/wp\/v2\/product_tag?post=33944"}],"curies":[{"name":"wp","href":"https:\/\/api.w.org\/{rel}","templated":true}]}}

<p>Motxilla bàsica amb tancament de cremallera i tapeta.<br />
1. Doble nansa reforçada per espatlla i nansa especial de mà.<br />
2. Butxaca frontal de gran capacitat amb cremallera i tapeta.<br />
3. Detalls en negre.<br />Composition: 100% polièster,900D, 550 g/m².<br />
Talla única: 30 x 40 x 18 cm. 20 L. <br />Remarks: *Etiqueta extraïble.</p>

<p>Motxilla bàsica amb tancament de cremallera i tapeta. 1. Doble nansa reforçada per espatlla i nansa especial de mà. 2. Butxaca frontal de gran capacitat amb cremallera i tapeta. 3. Detalls en negre.Composition: 100% polièster,900D, 550 g/m². Talla única: 30 x 40 x 18 cm. 20 L. Remarks: *Etiqueta extraïble.</p>
