{"id":33926,"date":"2025-02-26T15:15:15","date_gmt":"2025-02-26T14:15:15","guid":{"rendered":"https:\/\/uniformelaboral.com\/index.php\/producto\/canary\/"},"modified":"2025-03-07T12:05:37","modified_gmt":"2025-03-07T11:05:37","slug":"canary","status":"publish","type":"product","link":"https:\/\/uniformelaboral.com\/index.php\/producto\/canary\/","title":{"rendered":"CANARY"},"content":{"rendered":"<p>Bossa esportiva amb doble nansa i nansa llarga ajustable per penjar. Butxaca principal amb doble tirador. Butxaca sabater amb compartiment extra\u00efble. Anti-humitat. Base amb tacs. F\u00e0cil neteja. <br \/>Composition: 100% poli\u00e8ster 600D, 330 g\/m\u00b2.<br \/>Remarks: * Etiqueta extra\u00efble.<br \/>\n* Resistent a l&#8217;aigua.<br \/>\n* 72 L de capacitat.<\/p>\n","protected":false},"excerpt":{"rendered":"<p>Bossa esportiva amb doble nansa i nansa llarga ajustable per penjar. Butxaca principal amb doble tirador. Butxaca sabater amb compartiment extra\u00efble. Anti-humitat. Base amb tacs. F\u00e0cil neteja. Composition: 100% poli\u00e8ster 600D, 330 g\/m\u00b2.Remarks: * Etiqueta extra\u00efble. * Resistent a l&#8217;aigua. * 72 L de capacitat.<\/p>\n","protected":false},"featured_media":33927,"template":"","meta":{"_joinchat":[]},"product_brand":[],"product_cat":[1038,1095,941],"product_tag":[],"class_list":{"0":"post-33926","1":"product","2":"type-product","3":"status-publish","4":"has-post-thumbnail","6":"product_cat-complements","7":"product_cat-moc","8":"product_cat-motxila-3","9":"tm-no-options-pxq","11":"first","12":"instock","13":"taxable","14":"shipping-taxable","15":"purchasable","16":"product-type-variable"},"_links":{"self":[{"href":"https:\/\/uniformelaboral.com\/index.php\/wp-json\/wp\/v2\/product\/33926","targetHints":{"allow":["GET"]}}],"collection":[{"href":"https:\/\/uniformelaboral.com\/index.php\/wp-json\/wp\/v2\/product"}],"about":[{"href":"https:\/\/uniformelaboral.com\/index.php\/wp-json\/wp\/v2\/types\/product"}],"wp:featuredmedia":[{"embeddable":true,"href":"https:\/\/uniformelaboral.com\/index.php\/wp-json\/wp\/v2\/media\/33927"}],"wp:attachment":[{"href":"https:\/\/uniformelaboral.com\/index.php\/wp-json\/wp\/v2\/media?parent=33926"}],"wp:term":[{"taxonomy":"product_brand","embeddable":true,"href":"https:\/\/uniformelaboral.com\/index.php\/wp-json\/wp\/v2\/product_brand?post=33926"},{"taxonomy":"product_cat","embeddable":true,"href":"https:\/\/uniformelaboral.com\/index.php\/wp-json\/wp\/v2\/product_cat?post=33926"},{"taxonomy":"product_tag","embeddable":true,"href":"https:\/\/uniformelaboral.com\/index.php\/wp-json\/wp\/v2\/product_tag?post=33926"}],"curies":[{"name":"wp","href":"https:\/\/api.w.org\/{rel}","templated":true}]}}

<p>Bossa esportiva amb doble nansa i nansa llarga ajustable per penjar. Butxaca principal amb doble tirador. Butxaca sabater amb compartiment extraïble. Anti-humitat. Base amb tacs. Fàcil neteja. <br />Composition: 100% polièster 600D, 330 g/m².<br />Remarks: * Etiqueta extraïble.<br />
* Resistent a l&#8217;aigua.<br />
* 72 L de capacitat.</p>

<p>Bossa esportiva amb doble nansa i nansa llarga ajustable per penjar. Butxaca principal amb doble tirador. Butxaca sabater amb compartiment extraïble. Anti-humitat. Base amb tacs. Fàcil neteja. Composition: 100% polièster 600D, 330 g/m².Remarks: * Etiqueta extraïble. * Resistent a l&#8217;aigua. * 72 L de capacitat.</p>
