{"id":33909,"date":"2025-02-26T15:14:51","date_gmt":"2025-02-26T14:14:51","guid":{"rendered":"https:\/\/uniformelaboral.com\/index.php\/producto\/columba\/"},"modified":"2025-03-07T12:06:10","modified_gmt":"2025-03-07T11:06:10","slug":"columba","status":"publish","type":"product","link":"https:\/\/uniformelaboral.com\/index.php\/producto\/columba\/","title":{"rendered":"COLUMBA"},"content":{"rendered":"<p>Motxilla esportiva amb disseny ergon\u00f2mic i de f\u00e0cil personalitzaci\u00f3:<br \/>\n\u00b7 Doble nansa refor\u00e7ada per espatlles i nansa especial de m\u00e0.<br \/>\n\u00b7 Respatller encoixinat.<br \/>\n\u00b7 Butxaca sabater d&#8217;acc\u00e9s frontal.<br \/>\n\u00b7 Una butxaca principal amb doble tirador i una butxaca frontal exterior de menor capacitat.<br \/>\n\u00b7 Cremalleres a contrast en color gris.<br \/>\n\u00b7 Detalls en color negre.<br \/>Composition: 100% poli\u00e8ster 900D, 420 g\/m\u00b2.<br \/>Remarks: * Etiqueta extra\u00efble.<br \/>\n* Resistent a l&#8217;aigua.<br \/>\n* 44 L de capacitat.<\/p>\n","protected":false},"excerpt":{"rendered":"<p>Motxilla esportiva amb disseny ergon\u00f2mic i de f\u00e0cil personalitzaci\u00f3: \u00b7 Doble nansa refor\u00e7ada per espatlles i nansa especial de m\u00e0. \u00b7 Respatller encoixinat. \u00b7 Butxaca sabater d&#8217;acc\u00e9s frontal. \u00b7 Una butxaca principal amb doble tirador i una butxaca frontal exterior de menor capacitat. \u00b7 Cremalleres a contrast en color gris. \u00b7 Detalls en color negre.Composition: [&hellip;]<\/p>\n","protected":false},"featured_media":33910,"template":"","meta":{"_joinchat":[]},"product_brand":[],"product_cat":[1038,1095,941],"product_tag":[],"class_list":{"0":"post-33909","1":"product","2":"type-product","3":"status-publish","4":"has-post-thumbnail","6":"product_cat-complements","7":"product_cat-moc","8":"product_cat-motxila-3","9":"tm-no-options-pxq","11":"first","12":"instock","13":"taxable","14":"shipping-taxable","15":"purchasable","16":"product-type-variable"},"_links":{"self":[{"href":"https:\/\/uniformelaboral.com\/index.php\/wp-json\/wp\/v2\/product\/33909","targetHints":{"allow":["GET"]}}],"collection":[{"href":"https:\/\/uniformelaboral.com\/index.php\/wp-json\/wp\/v2\/product"}],"about":[{"href":"https:\/\/uniformelaboral.com\/index.php\/wp-json\/wp\/v2\/types\/product"}],"wp:featuredmedia":[{"embeddable":true,"href":"https:\/\/uniformelaboral.com\/index.php\/wp-json\/wp\/v2\/media\/33910"}],"wp:attachment":[{"href":"https:\/\/uniformelaboral.com\/index.php\/wp-json\/wp\/v2\/media?parent=33909"}],"wp:term":[{"taxonomy":"product_brand","embeddable":true,"href":"https:\/\/uniformelaboral.com\/index.php\/wp-json\/wp\/v2\/product_brand?post=33909"},{"taxonomy":"product_cat","embeddable":true,"href":"https:\/\/uniformelaboral.com\/index.php\/wp-json\/wp\/v2\/product_cat?post=33909"},{"taxonomy":"product_tag","embeddable":true,"href":"https:\/\/uniformelaboral.com\/index.php\/wp-json\/wp\/v2\/product_tag?post=33909"}],"curies":[{"name":"wp","href":"https:\/\/api.w.org\/{rel}","templated":true}]}}

<p>Motxilla esportiva amb disseny ergonòmic i de fàcil personalització:<br />
· Doble nansa reforçada per espatlles i nansa especial de mà.<br />
· Respatller encoixinat.<br />
· Butxaca sabater d&#8217;accés frontal.<br />
· Una butxaca principal amb doble tirador i una butxaca frontal exterior de menor capacitat.<br />
· Cremalleres a contrast en color gris.<br />
· Detalls en color negre.<br />Composition: 100% polièster 900D, 420 g/m².<br />Remarks: * Etiqueta extraïble.<br />
* Resistent a l&#8217;aigua.<br />
* 44 L de capacitat.</p>

<p>Motxilla esportiva amb disseny ergonòmic i de fàcil personalització: · Doble nansa reforçada per espatlles i nansa especial de mà. · Respatller encoixinat. · Butxaca sabater d&#8217;accés frontal. · Una butxaca principal amb doble tirador i una butxaca frontal exterior de menor capacitat. · Cremalleres a contrast en color gris. · Detalls en color negre.Composition: [&hellip;]</p>
