{"id":33895,"date":"2025-02-26T15:14:34","date_gmt":"2025-02-26T14:14:34","guid":{"rendered":"https:\/\/uniformelaboral.com\/index.php\/producto\/falco\/"},"modified":"2025-03-07T12:06:28","modified_gmt":"2025-03-07T11:06:28","slug":"falco","status":"publish","type":"product","link":"https:\/\/uniformelaboral.com\/index.php\/producto\/falco\/","title":{"rendered":"FALCO"},"content":{"rendered":"<p>Motxilla esportiva bicolor amb disseny ergon\u00f2mic i de f\u00e0cil personalitzaci\u00f3:<br \/>\n\u00b7 Doble nansa refor\u00e7ada per espatlles i nansa especial de m\u00e0.<br \/>\n\u00b7 Respatller encoixinat en els punts de suport principals damunt l&#8217;esquena.<br \/>\n\u00b7 Butxaca sabater encoixinada.<br \/>\n\u00b7 Una butxaca principal amb doble tirador i una butxaca frontal exterior de menor capacitat.<br \/>Composition: 100% poli\u00e8ster 900D, 420 g\/m\u00b2.<br \/>Remarks: * Etiqueta extra\u00efble.<br \/>\n* Resistent a l&#8217;aigua.<br \/>\n* 24 L de capacitat.<\/p>\n","protected":false},"excerpt":{"rendered":"<p>Motxilla esportiva bicolor amb disseny ergon\u00f2mic i de f\u00e0cil personalitzaci\u00f3: \u00b7 Doble nansa refor\u00e7ada per espatlles i nansa especial de m\u00e0. \u00b7 Respatller encoixinat en els punts de suport principals damunt l&#8217;esquena. \u00b7 Butxaca sabater encoixinada. \u00b7 Una butxaca principal amb doble tirador i una butxaca frontal exterior de menor capacitat.Composition: 100% poli\u00e8ster 900D, 420 [&hellip;]<\/p>\n","protected":false},"featured_media":33896,"template":"","meta":{"_joinchat":[]},"product_brand":[],"product_cat":[1038,1095,941],"product_tag":[],"class_list":{"0":"post-33895","1":"product","2":"type-product","3":"status-publish","4":"has-post-thumbnail","6":"product_cat-complements","7":"product_cat-moc","8":"product_cat-motxila-3","9":"tm-no-options-pxq","11":"first","12":"instock","13":"taxable","14":"shipping-taxable","15":"purchasable","16":"product-type-variable"},"_links":{"self":[{"href":"https:\/\/uniformelaboral.com\/index.php\/wp-json\/wp\/v2\/product\/33895","targetHints":{"allow":["GET"]}}],"collection":[{"href":"https:\/\/uniformelaboral.com\/index.php\/wp-json\/wp\/v2\/product"}],"about":[{"href":"https:\/\/uniformelaboral.com\/index.php\/wp-json\/wp\/v2\/types\/product"}],"wp:featuredmedia":[{"embeddable":true,"href":"https:\/\/uniformelaboral.com\/index.php\/wp-json\/wp\/v2\/media\/33896"}],"wp:attachment":[{"href":"https:\/\/uniformelaboral.com\/index.php\/wp-json\/wp\/v2\/media?parent=33895"}],"wp:term":[{"taxonomy":"product_brand","embeddable":true,"href":"https:\/\/uniformelaboral.com\/index.php\/wp-json\/wp\/v2\/product_brand?post=33895"},{"taxonomy":"product_cat","embeddable":true,"href":"https:\/\/uniformelaboral.com\/index.php\/wp-json\/wp\/v2\/product_cat?post=33895"},{"taxonomy":"product_tag","embeddable":true,"href":"https:\/\/uniformelaboral.com\/index.php\/wp-json\/wp\/v2\/product_tag?post=33895"}],"curies":[{"name":"wp","href":"https:\/\/api.w.org\/{rel}","templated":true}]}}

<p>Motxilla esportiva bicolor amb disseny ergonòmic i de fàcil personalització:<br />
· Doble nansa reforçada per espatlles i nansa especial de mà.<br />
· Respatller encoixinat en els punts de suport principals damunt l&#8217;esquena.<br />
· Butxaca sabater encoixinada.<br />
· Una butxaca principal amb doble tirador i una butxaca frontal exterior de menor capacitat.<br />Composition: 100% polièster 900D, 420 g/m².<br />Remarks: * Etiqueta extraïble.<br />
* Resistent a l&#8217;aigua.<br />
* 24 L de capacitat.</p>

<p>Motxilla esportiva bicolor amb disseny ergonòmic i de fàcil personalització: · Doble nansa reforçada per espatlles i nansa especial de mà. · Respatller encoixinat en els punts de suport principals damunt l&#8217;esquena. · Butxaca sabater encoixinada. · Una butxaca principal amb doble tirador i una butxaca frontal exterior de menor capacitat.Composition: 100% polièster 900D, 420 [&hellip;]</p>
