{"id":3306,"date":"2020-06-12T18:41:12","date_gmt":"2020-06-12T16:41:12","guid":{"rendered":"https:\/\/uniformelaboral.com\/?post_type=product&#038;p=3306"},"modified":"2023-03-02T12:13:28","modified_gmt":"2023-03-02T11:13:28","slug":"polo-fluor-a-v-work-c3870","status":"publish","type":"product","link":"https:\/\/uniformelaboral.com\/index.php\/producto\/polo-fluor-a-v-work-c3870\/","title":{"rendered":"POLO FLUOR A\/V WORK C3870 \/ 13.16\u20ac"},"content":{"rendered":"","protected":false},"excerpt":{"rendered":"<div id=\"descripcion\">\n<p><img loading=\"lazy\" decoding=\"async\" class=\" wp-image-19952 alignleft\" src=\"https:\/\/uniformelaboral.com\/wp-content\/uploads\/2020\/08\/logo_workteam_negro-300x243.png\" alt=\"\" width=\"119\" height=\"96\" srcset=\"https:\/\/uniformelaboral.com\/wp-content\/uploads\/2020\/08\/logo_workteam_negro-300x243.png 300w, https:\/\/uniformelaboral.com\/wp-content\/uploads\/2020\/08\/logo_workteam_negro-416x337.png 416w, https:\/\/uniformelaboral.com\/wp-content\/uploads\/2020\/08\/logo_workteam_negro.png 450w\" sizes=\"auto, (max-width: 119px) 100vw, 119px\" \/><\/p>\n<p>Pol combinat de m\u00e0niga llarga en poli\u00e8ster ull de perdiu amb cintes reflectants. Part superior d&#8217;alta visibilitat. Coll cl\u00e0ssic amb tapeta de tres botons i cubrecosturas interior. Obertures laterals. Dues cintes reflectants a pit, esquena i m\u00e0nigues. Puny el\u00e0stic. Coll i punys en punt canal\u00e9. Teixit fresc i lleuger d&#8217;alta permeabilitat a l&#8217;aire. Transpirable, de f\u00e0cil assecat i resistent a l&#8217;encongiment.<\/p>\n<p>Composici\u00f3: 100% Poli\u00e8ster, Gramatge 160.<\/p>\n<\/div>\n<div><img loading=\"lazy\" decoding=\"async\" class=\" wp-image-20018 aligncenter\" src=\"https:\/\/uniformelaboral.com\/wp-content\/uploads\/2020\/06\/ISO-20471-1.jpg\" alt=\"\" width=\"59\" height=\"63\" \/><\/div>\n<h6><a href=\"https:\/\/workteam.com\/fichas\/tallas\/C3870.jpg\" target=\"_blank\" rel=\"noopener noreferrer\">TAULA DE TALLES<\/a><\/h6>\n<h6><\/h6>\n<h6 style=\"text-align: right;\"><a href=\"https:\/\/workteam.com\/seccion_detalle.php?ref=C3870&amp;color=AAV_VDO\" target=\"_blank\" rel=\"noopener noreferrer\">CONSULTAR CAT\u00c1LEG<\/a><\/h6>\n<h6 style=\"text-align: right;\"><a href=\"https:\/\/uniformelaboral.com\/index.php\/contacte\/\" target=\"_blank\" rel=\"noopener noreferrer\">CONTACTAR AMB NOSALTRES<\/a><\/h6>\n","protected":false},"featured_media":20013,"template":"","meta":{"_joinchat":[]},"product_brand":[],"product_cat":[35,162,116],"product_tag":[],"class_list":{"0":"post-3306","1":"product","2":"type-product","3":"status-publish","4":"has-post-thumbnail","6":"product_cat-av-alta-visibilidad","7":"product_cat-maniga-llarga-2","8":"product_cat-polos","9":"tm-has-options","11":"first","12":"instock","13":"taxable","14":"shipping-taxable","15":"purchasable","16":"product-type-simple"},"_links":{"self":[{"href":"https:\/\/uniformelaboral.com\/index.php\/wp-json\/wp\/v2\/product\/3306","targetHints":{"allow":["GET"]}}],"collection":[{"href":"https:\/\/uniformelaboral.com\/index.php\/wp-json\/wp\/v2\/product"}],"about":[{"href":"https:\/\/uniformelaboral.com\/index.php\/wp-json\/wp\/v2\/types\/product"}],"wp:featuredmedia":[{"embeddable":true,"href":"https:\/\/uniformelaboral.com\/index.php\/wp-json\/wp\/v2\/media\/20013"}],"wp:attachment":[{"href":"https:\/\/uniformelaboral.com\/index.php\/wp-json\/wp\/v2\/media?parent=3306"}],"wp:term":[{"taxonomy":"product_brand","embeddable":true,"href":"https:\/\/uniformelaboral.com\/index.php\/wp-json\/wp\/v2\/product_brand?post=3306"},{"taxonomy":"product_cat","embeddable":true,"href":"https:\/\/uniformelaboral.com\/index.php\/wp-json\/wp\/v2\/product_cat?post=3306"},{"taxonomy":"product_tag","embeddable":true,"href":"https:\/\/uniformelaboral.com\/index.php\/wp-json\/wp\/v2\/product_tag?post=3306"}],"curies":[{"name":"wp","href":"https:\/\/api.w.org\/{rel}","templated":true}]}}

<div id="descripcion">
<p><img loading="lazy" decoding="async" class=" wp-image-19952 alignleft" src="https://uniformelaboral.com/wp-content/uploads/2020/08/logo_workteam_negro-300x243.png" alt="" width="119" height="96" srcset="https://uniformelaboral.com/wp-content/uploads/2020/08/logo_workteam_negro-300x243.png 300w, https://uniformelaboral.com/wp-content/uploads/2020/08/logo_workteam_negro-416x337.png 416w, https://uniformelaboral.com/wp-content/uploads/2020/08/logo_workteam_negro.png 450w" sizes="auto, (max-width: 119px) 100vw, 119px" /></p>
<p>Pol combinat de màniga llarga en polièster ull de perdiu amb cintes reflectants. Part superior d&#8217;alta visibilitat. Coll clàssic amb tapeta de tres botons i cubrecosturas interior. Obertures laterals. Dues cintes reflectants a pit, esquena i mànigues. Puny elàstic. Coll i punys en punt canalé. Teixit fresc i lleuger d&#8217;alta permeabilitat a l&#8217;aire. Transpirable, de fàcil assecat i resistent a l&#8217;encongiment.</p>
<p>Composició: 100% Polièster, Gramatge 160.</p>
</div>
<div><img loading="lazy" decoding="async" class=" wp-image-20018 aligncenter" src="https://uniformelaboral.com/wp-content/uploads/2020/06/ISO-20471-1.jpg" alt="" width="59" height="63" /></div>
<h6><a href="https://workteam.com/fichas/tallas/C3870.jpg" target="_blank" rel="noopener noreferrer">TAULA DE TALLES</a></h6>
<h6></h6>
<h6 style="text-align: right;"><a href="https://workteam.com/seccion_detalle.php?ref=C3870&amp;color=AAV_VDO" target="_blank" rel="noopener noreferrer">CONSULTAR CATÁLEG</a></h6>
<h6 style="text-align: right;"><a href="https://uniformelaboral.com/index.php/contacte/" target="_blank" rel="noopener noreferrer">CONTACTAR AMB NOSALTRES</a></h6>
