{"id":32779,"date":"2025-02-26T14:49:51","date_gmt":"2025-02-26T13:49:51","guid":{"rendered":"https:\/\/uniformelaboral.com\/index.php\/producto\/delta\/"},"modified":"2025-03-07T18:56:29","modified_gmt":"2025-03-07T17:56:29","slug":"delta","status":"publish","type":"product","link":"https:\/\/uniformelaboral.com\/index.php\/producto\/delta\/","title":{"rendered":"DELTA"},"content":{"rendered":"<p>Samarreta t\u00e8cnica de m\u00e0niga curta d\u2019alta visibilitat. Coll rod\u00f3 del mateix teixit, amb tapacostures refor\u00e7at a la part interior del coll. Dues cintes reflectores horitzontals al tors i una a les m\u00e0nigues.  <br \/>Composition: 100% poli\u00e8ster bird\u00b4s eye, 130\u00a0g\/m\u00b2.<br \/>Remarks: *Certificaci\u00f3 CE d\u2019acord amb les normes: EN ISO 13688:2013 i EN ISO 20471:2013\/A1:2016.<br \/>\n*Classe II.<br \/>\n*Teixit t\u00e8cnic.<br \/>\n*Alta visibilitat.<br \/>\n*Model transpirable.<\/p>\n","protected":false},"excerpt":{"rendered":"<p>Samarreta t\u00e8cnica de m\u00e0niga curta d\u2019alta visibilitat. Coll rod\u00f3 del mateix teixit, amb tapacostures refor\u00e7at a la part interior del coll. Dues cintes reflectores horitzontals al tors i una a les m\u00e0nigues. Composition: 100% poli\u00e8ster bird\u00b4s eye, 130\u00a0g\/m\u00b2.Remarks: *Certificaci\u00f3 CE d\u2019acord amb les normes: EN ISO 13688:2013 i EN ISO 20471:2013\/A1:2016. *Classe II. *Teixit t\u00e8cnic. [&hellip;]<\/p>\n","protected":false},"featured_media":32780,"template":"","meta":{"_joinchat":[]},"product_brand":[],"product_cat":[35,1103,1135,160,111,1097],"product_tag":[],"class_list":{"0":"post-32779","1":"product","2":"type-product","3":"status-publish","4":"has-post-thumbnail","6":"product_cat-av-alta-visibilidad","7":"product_cat-highviz","8":"product_cat-highvistshirts","9":"product_cat-maniga-curta-3","10":"product_cat-samarreta-alta","11":"product_cat-workwear","12":"tm-has-options","14":"first","15":"instock","16":"taxable","17":"shipping-taxable","18":"purchasable","19":"product-type-variable"},"_links":{"self":[{"href":"https:\/\/uniformelaboral.com\/index.php\/wp-json\/wp\/v2\/product\/32779","targetHints":{"allow":["GET"]}}],"collection":[{"href":"https:\/\/uniformelaboral.com\/index.php\/wp-json\/wp\/v2\/product"}],"about":[{"href":"https:\/\/uniformelaboral.com\/index.php\/wp-json\/wp\/v2\/types\/product"}],"wp:featuredmedia":[{"embeddable":true,"href":"https:\/\/uniformelaboral.com\/index.php\/wp-json\/wp\/v2\/media\/32780"}],"wp:attachment":[{"href":"https:\/\/uniformelaboral.com\/index.php\/wp-json\/wp\/v2\/media?parent=32779"}],"wp:term":[{"taxonomy":"product_brand","embeddable":true,"href":"https:\/\/uniformelaboral.com\/index.php\/wp-json\/wp\/v2\/product_brand?post=32779"},{"taxonomy":"product_cat","embeddable":true,"href":"https:\/\/uniformelaboral.com\/index.php\/wp-json\/wp\/v2\/product_cat?post=32779"},{"taxonomy":"product_tag","embeddable":true,"href":"https:\/\/uniformelaboral.com\/index.php\/wp-json\/wp\/v2\/product_tag?post=32779"}],"curies":[{"name":"wp","href":"https:\/\/api.w.org\/{rel}","templated":true}]}}

<p>Samarreta tècnica de màniga curta d’alta visibilitat. Coll rodó del mateix teixit, amb tapacostures reforçat a la part interior del coll. Dues cintes reflectores horitzontals al tors i una a les mànigues.  <br />Composition: 100% polièster bird´s eye, 130 g/m².<br />Remarks: *Certificació CE d’acord amb les normes: EN ISO 13688:2013 i EN ISO 20471:2013/A1:2016.<br />
*Classe II.<br />
*Teixit tècnic.<br />
*Alta visibilitat.<br />
*Model transpirable.</p>

<p>Samarreta tècnica de màniga curta d’alta visibilitat. Coll rodó del mateix teixit, amb tapacostures reforçat a la part interior del coll. Dues cintes reflectores horitzontals al tors i una a les mànigues. Composition: 100% polièster bird´s eye, 130 g/m².Remarks: *Certificació CE d’acord amb les normes: EN ISO 13688:2013 i EN ISO 20471:2013/A1:2016. *Classe II. *Teixit tècnic. [&hellip;]</p>
