{"id":32648,"date":"2025-02-26T14:47:03","date_gmt":"2025-02-26T13:47:03","guid":{"rendered":"https:\/\/uniformelaboral.com\/index.php\/producto\/polaris-l-s\/"},"modified":"2025-03-07T18:59:49","modified_gmt":"2025-03-07T17:59:49","slug":"polaris-l-s","status":"publish","type":"product","link":"https:\/\/uniformelaboral.com\/index.php\/producto\/polaris-l-s\/","title":{"rendered":"POLARIS L\/S"},"content":{"rendered":"<p>Polo t\u00e8cnic de m\u00e0niga llarga d\u2019alta visibilitat.  Amb tapeta a 3 botons. Coll i punys en punt de canal\u00e9 1&#215;1. Dues bandes reflectores horitzontals al tors i a les m\u00e0nigues. Teixit antienganxades.<br \/>Composition: 100% poli\u00e8ster piqu\u00e9, 170 g\/m\u00b2.<br \/>Remarks: *Butxaca opcional.<br \/>\n*Certificaci\u00f3 CE segons les normes: EN ISO 13688:2013\/A1:2021 I EN ISO 20471:2013\/A1:2016.<br \/>\n*Classe II.<br \/>\n*Etiqueta extra\u00efble.<br \/>\n*Alta visibilitat.<\/p>\n","protected":false},"excerpt":{"rendered":"<p>Polo t\u00e8cnic de m\u00e0niga llarga d\u2019alta visibilitat. Amb tapeta a 3 botons. Coll i punys en punt de canal\u00e9 1&#215;1. Dues bandes reflectores horitzontals al tors i a les m\u00e0nigues. Teixit antienganxades.Composition: 100% poli\u00e8ster piqu\u00e9, 170 g\/m\u00b2.Remarks: *Butxaca opcional. *Certificaci\u00f3 CE segons les normes: EN ISO 13688:2013\/A1:2021 I EN ISO 20471:2013\/A1:2016. *Classe II. *Etiqueta extra\u00efble. [&hellip;]<\/p>\n","protected":false},"featured_media":32649,"template":"","meta":{"_joinchat":[]},"product_brand":[],"product_cat":[35,1103,159,116,1131,1097],"product_tag":[],"class_list":{"0":"post-32648","1":"product","2":"type-product","3":"status-publish","4":"has-post-thumbnail","6":"product_cat-av-alta-visibilidad","7":"product_cat-highviz","8":"product_cat-maniga-curta-2","9":"product_cat-polos","10":"product_cat-highvispolo","11":"product_cat-workwear","12":"tm-has-options","14":"first","15":"instock","16":"taxable","17":"shipping-taxable","18":"purchasable","19":"product-type-variable"},"_links":{"self":[{"href":"https:\/\/uniformelaboral.com\/index.php\/wp-json\/wp\/v2\/product\/32648","targetHints":{"allow":["GET"]}}],"collection":[{"href":"https:\/\/uniformelaboral.com\/index.php\/wp-json\/wp\/v2\/product"}],"about":[{"href":"https:\/\/uniformelaboral.com\/index.php\/wp-json\/wp\/v2\/types\/product"}],"wp:featuredmedia":[{"embeddable":true,"href":"https:\/\/uniformelaboral.com\/index.php\/wp-json\/wp\/v2\/media\/32649"}],"wp:attachment":[{"href":"https:\/\/uniformelaboral.com\/index.php\/wp-json\/wp\/v2\/media?parent=32648"}],"wp:term":[{"taxonomy":"product_brand","embeddable":true,"href":"https:\/\/uniformelaboral.com\/index.php\/wp-json\/wp\/v2\/product_brand?post=32648"},{"taxonomy":"product_cat","embeddable":true,"href":"https:\/\/uniformelaboral.com\/index.php\/wp-json\/wp\/v2\/product_cat?post=32648"},{"taxonomy":"product_tag","embeddable":true,"href":"https:\/\/uniformelaboral.com\/index.php\/wp-json\/wp\/v2\/product_tag?post=32648"}],"curies":[{"name":"wp","href":"https:\/\/api.w.org\/{rel}","templated":true}]}}

<p>Polo tècnic de màniga llarga d’alta visibilitat.  Amb tapeta a 3 botons. Coll i punys en punt de canalé 1&#215;1. Dues bandes reflectores horitzontals al tors i a les mànigues. Teixit antienganxades.<br />Composition: 100% polièster piqué, 170 g/m².<br />Remarks: *Butxaca opcional.<br />
*Certificació CE segons les normes: EN ISO 13688:2013/A1:2021 I EN ISO 20471:2013/A1:2016.<br />
*Classe II.<br />
*Etiqueta extraïble.<br />
*Alta visibilitat.</p>

<p>Polo tècnic de màniga llarga d’alta visibilitat. Amb tapeta a 3 botons. Coll i punys en punt de canalé 1&#215;1. Dues bandes reflectores horitzontals al tors i a les mànigues. Teixit antienganxades.Composition: 100% polièster piqué, 170 g/m².Remarks: *Butxaca opcional. *Certificació CE segons les normes: EN ISO 13688:2013/A1:2021 I EN ISO 20471:2013/A1:2016. *Classe II. *Etiqueta extraïble. [&hellip;]</p>
