{"id":32251,"date":"2025-02-26T14:38:31","date_gmt":"2025-02-26T13:38:31","guid":{"rendered":"https:\/\/uniformelaboral.com\/index.php\/producto\/atala\/"},"modified":"2025-03-07T19:25:08","modified_gmt":"2025-03-07T18:25:08","slug":"atala","status":"publish","type":"product","link":"https:\/\/uniformelaboral.com\/index.php\/producto\/atala\/","title":{"rendered":"ATALA"},"content":{"rendered":"<p>C\u00f2fia amb patr\u00f3 millorat. Reixeta recull p\u00e8l i visera r\u00edgida. Prisat a la part frontal. Reixeta transpirable amb el\u00e0stic a la zona posterior adaptable.<br \/>Composition: Teixit visera: 65% poli\u00e8ster \/ 35% cot\u00f3, 200 g \/ m\u00b2.<br \/>\nTeixit reixeta: 100% poli\u00e8ster, 70 g \/ m\u00b2.<br \/>Remarks: Etiqueta extra\u00efble.<\/p>\n","protected":false},"excerpt":{"rendered":"<p>C\u00f2fia amb patr\u00f3 millorat. Reixeta recull p\u00e8l i visera r\u00edgida. Prisat a la part frontal. Reixeta transpirable amb el\u00e0stic a la zona posterior adaptable.Composition: Teixit visera: 65% poli\u00e8ster \/ 35% cot\u00f3, 200 g \/ m\u00b2. Teixit reixeta: 100% poli\u00e8ster, 70 g \/ m\u00b2.Remarks: Etiqueta extra\u00efble.<\/p>\n","protected":false},"featured_media":32252,"template":"","meta":{"_joinchat":[]},"product_brand":[],"product_cat":[36,923,1055,985,1123,1038,1054,921,1057,147,1116,1097],"product_tag":[],"class_list":{"0":"post-32251","1":"product","2":"type-product","3":"status-publish","4":"has-post-thumbnail","6":"product_cat-alimentacio","7":"product_cat-bandana","8":"product_cat-bandanes","9":"product_cat-gorres","10":"product_cat-foodindustrygorro","11":"product_cat-complements","12":"product_cat-complemets","13":"product_cat-gorro","14":"product_cat-gorros","15":"product_cat-hostaleria","16":"product_cat-food","17":"product_cat-workwear","18":"tm-has-options","20":"first","21":"instock","22":"taxable","23":"shipping-taxable","24":"purchasable","25":"product-type-variable"},"_links":{"self":[{"href":"https:\/\/uniformelaboral.com\/index.php\/wp-json\/wp\/v2\/product\/32251","targetHints":{"allow":["GET"]}}],"collection":[{"href":"https:\/\/uniformelaboral.com\/index.php\/wp-json\/wp\/v2\/product"}],"about":[{"href":"https:\/\/uniformelaboral.com\/index.php\/wp-json\/wp\/v2\/types\/product"}],"wp:featuredmedia":[{"embeddable":true,"href":"https:\/\/uniformelaboral.com\/index.php\/wp-json\/wp\/v2\/media\/32252"}],"wp:attachment":[{"href":"https:\/\/uniformelaboral.com\/index.php\/wp-json\/wp\/v2\/media?parent=32251"}],"wp:term":[{"taxonomy":"product_brand","embeddable":true,"href":"https:\/\/uniformelaboral.com\/index.php\/wp-json\/wp\/v2\/product_brand?post=32251"},{"taxonomy":"product_cat","embeddable":true,"href":"https:\/\/uniformelaboral.com\/index.php\/wp-json\/wp\/v2\/product_cat?post=32251"},{"taxonomy":"product_tag","embeddable":true,"href":"https:\/\/uniformelaboral.com\/index.php\/wp-json\/wp\/v2\/product_tag?post=32251"}],"curies":[{"name":"wp","href":"https:\/\/api.w.org\/{rel}","templated":true}]}}

<p>Còfia amb patró millorat. Reixeta recull pèl i visera rígida. Prisat a la part frontal. Reixeta transpirable amb elàstic a la zona posterior adaptable.<br />Composition: Teixit visera: 65% polièster / 35% cotó, 200 g / m².<br />
Teixit reixeta: 100% polièster, 70 g / m².<br />Remarks: Etiqueta extraïble.</p>

<p>Còfia amb patró millorat. Reixeta recull pèl i visera rígida. Prisat a la part frontal. Reixeta transpirable amb elàstic a la zona posterior adaptable.Composition: Teixit visera: 65% polièster / 35% cotó, 200 g / m². Teixit reixeta: 100% polièster, 70 g / m².Remarks: Etiqueta extraïble.</p>
