{"id":32006,"date":"2025-02-26T14:33:05","date_gmt":"2025-02-26T13:33:05","guid":{"rendered":"https:\/\/uniformelaboral.com\/index.php\/producto\/terra\/"},"modified":"2025-03-07T19:29:07","modified_gmt":"2025-03-07T18:29:07","slug":"terra","status":"publish","type":"product","link":"https:\/\/uniformelaboral.com\/index.php\/producto\/terra\/","title":{"rendered":"TERRA"},"content":{"rendered":"<p>Gorra d&#8217;estil casual de 6 panells. Part interior de la visera i cinta per a la suor a contrast. Dos traus met\u00e0l.lics a cada lateral. Tancament ajustable met\u00e0l.lic a part posterior.<br \/>Composition: 100% cot\u00f3, 260 g\/m\u00b2.<br \/>Remarks: *Etiqueta extra\u00efble.<br \/>\n*Model amb unitat m\u00ednima de venda d&#8217;un pack complet. <br \/><img decoding=\"async\" src=\"https:\/\/static.gorfactory.es\/pics\/measures\/GO_HO.jpg\"><\/p>\n","protected":false},"excerpt":{"rendered":"<p>Gorra d&#8217;estil casual de 6 panells. Part interior de la visera i cinta per a la suor a contrast. Dos traus met\u00e0l.lics a cada lateral. Tancament ajustable met\u00e0l.lic a part posterior.Composition: 100% cot\u00f3, 260 g\/m\u00b2.Remarks: *Etiqueta extra\u00efble. *Model amb unitat m\u00ednima de venda d&#8217;un pack complet.<\/p>\n","protected":false},"featured_media":32007,"template":"","meta":{"_joinchat":[]},"product_brand":[],"product_cat":[985,1038,1096],"product_tag":[],"class_list":{"0":"post-32006","1":"product","2":"type-product","3":"status-publish","4":"has-post-thumbnail","6":"product_cat-gorres","7":"product_cat-complements","8":"product_cat-gor","9":"tm-no-options-pxq","11":"first","12":"instock","13":"taxable","14":"shipping-taxable","15":"purchasable","16":"product-type-variable"},"_links":{"self":[{"href":"https:\/\/uniformelaboral.com\/index.php\/wp-json\/wp\/v2\/product\/32006","targetHints":{"allow":["GET"]}}],"collection":[{"href":"https:\/\/uniformelaboral.com\/index.php\/wp-json\/wp\/v2\/product"}],"about":[{"href":"https:\/\/uniformelaboral.com\/index.php\/wp-json\/wp\/v2\/types\/product"}],"wp:featuredmedia":[{"embeddable":true,"href":"https:\/\/uniformelaboral.com\/index.php\/wp-json\/wp\/v2\/media\/32007"}],"wp:attachment":[{"href":"https:\/\/uniformelaboral.com\/index.php\/wp-json\/wp\/v2\/media?parent=32006"}],"wp:term":[{"taxonomy":"product_brand","embeddable":true,"href":"https:\/\/uniformelaboral.com\/index.php\/wp-json\/wp\/v2\/product_brand?post=32006"},{"taxonomy":"product_cat","embeddable":true,"href":"https:\/\/uniformelaboral.com\/index.php\/wp-json\/wp\/v2\/product_cat?post=32006"},{"taxonomy":"product_tag","embeddable":true,"href":"https:\/\/uniformelaboral.com\/index.php\/wp-json\/wp\/v2\/product_tag?post=32006"}],"curies":[{"name":"wp","href":"https:\/\/api.w.org\/{rel}","templated":true}]}}

<p>Gorra d&#8217;estil casual de 6 panells. Part interior de la visera i cinta per a la suor a contrast. Dos traus metàl.lics a cada lateral. Tancament ajustable metàl.lic a part posterior.<br />Composition: 100% cotó, 260 g/m².<br />Remarks: *Etiqueta extraïble.<br />
*Model amb unitat mínima de venda d&#8217;un pack complet. <br /><img decoding="async" src="https://static.gorfactory.es/pics/measures/GO_HO.jpg"></p>

<p>Gorra d&#8217;estil casual de 6 panells. Part interior de la visera i cinta per a la suor a contrast. Dos traus metàl.lics a cada lateral. Tancament ajustable metàl.lic a part posterior.Composition: 100% cotó, 260 g/m².Remarks: *Etiqueta extraïble. *Model amb unitat mínima de venda d&#8217;un pack complet.</p>
