{"id":31858,"date":"2025-02-26T14:29:54","date_gmt":"2025-02-26T13:29:54","guid":{"rendered":"https:\/\/uniformelaboral.com\/index.php\/producto\/santana\/"},"modified":"2025-03-07T20:05:23","modified_gmt":"2025-03-07T19:05:23","slug":"santana","status":"publish","type":"product","link":"https:\/\/uniformelaboral.com\/index.php\/producto\/santana\/","title":{"rendered":"SANTANA"},"content":{"rendered":"<p>Polo de m\u00e0niga llarga en teixit ign\u00edfug. Coll i punys de canal\u00e9 1&#215;1. Tapeta amb 3 botons ocults. Cobreix costures refor\u00e7at en coll. Obertures laterals al baix.<br \/>Composition: 60% modacr\u00edlic \/ 37% cot\u00f3 \/ 3% fibra de carboni, punt llis, 220 g \/ m\u00b2.<br \/>Remarks: * Protecci\u00f3 contra la calor i la flama.<br \/>\n* Propietats electrost\u00e0tiques.<br \/>\n* Protecci\u00f3 contra els riscos t\u00e8rmics d&#8217;un arc el\u00e8ctric.<\/p>\n","protected":false},"excerpt":{"rendered":"<p>Polo de m\u00e0niga llarga en teixit ign\u00edfug. Coll i punys de canal\u00e9 1&#215;1. Tapeta amb 3 botons ocults. Cobreix costures refor\u00e7at en coll. Obertures laterals al baix.Composition: 60% modacr\u00edlic \/ 37% cot\u00f3 \/ 3% fibra de carboni, punt llis, 220 g \/ m\u00b2.Remarks: * Protecci\u00f3 contra la calor i la flama. * Propietats electrost\u00e0tiques. * [&hellip;]<\/p>\n","protected":false},"featured_media":31859,"template":"","meta":{"_joinchat":[]},"product_brand":[],"product_cat":[35,108,1137,262,103,150,1140,1097],"product_tag":[],"class_list":{"0":"post-31858","1":"product","2":"type-product","3":"status-publish","4":"has-post-thumbnail","6":"product_cat-av-alta-visibilidad","7":"product_cat-ignifug-antiestatic","8":"product_cat-fire_retardant","9":"product_cat-maniga-llarga-5","10":"product_cat-pantalons","11":"product_cat-polos-industria","12":"product_cat-industrypolos","13":"product_cat-workwear","14":"tm-has-options","16":"first","17":"instock","18":"taxable","19":"shipping-taxable","20":"purchasable","21":"product-type-variable"},"_links":{"self":[{"href":"https:\/\/uniformelaboral.com\/index.php\/wp-json\/wp\/v2\/product\/31858","targetHints":{"allow":["GET"]}}],"collection":[{"href":"https:\/\/uniformelaboral.com\/index.php\/wp-json\/wp\/v2\/product"}],"about":[{"href":"https:\/\/uniformelaboral.com\/index.php\/wp-json\/wp\/v2\/types\/product"}],"wp:featuredmedia":[{"embeddable":true,"href":"https:\/\/uniformelaboral.com\/index.php\/wp-json\/wp\/v2\/media\/31859"}],"wp:attachment":[{"href":"https:\/\/uniformelaboral.com\/index.php\/wp-json\/wp\/v2\/media?parent=31858"}],"wp:term":[{"taxonomy":"product_brand","embeddable":true,"href":"https:\/\/uniformelaboral.com\/index.php\/wp-json\/wp\/v2\/product_brand?post=31858"},{"taxonomy":"product_cat","embeddable":true,"href":"https:\/\/uniformelaboral.com\/index.php\/wp-json\/wp\/v2\/product_cat?post=31858"},{"taxonomy":"product_tag","embeddable":true,"href":"https:\/\/uniformelaboral.com\/index.php\/wp-json\/wp\/v2\/product_tag?post=31858"}],"curies":[{"name":"wp","href":"https:\/\/api.w.org\/{rel}","templated":true}]}}

<p>Polo de màniga llarga en teixit ignífug. Coll i punys de canalé 1&#215;1. Tapeta amb 3 botons ocults. Cobreix costures reforçat en coll. Obertures laterals al baix.<br />Composition: 60% modacrílic / 37% cotó / 3% fibra de carboni, punt llis, 220 g / m².<br />Remarks: * Protecció contra la calor i la flama.<br />
* Propietats electrostàtiques.<br />
* Protecció contra els riscos tèrmics d&#8217;un arc elèctric.</p>

<p>Polo de màniga llarga en teixit ignífug. Coll i punys de canalé 1&#215;1. Tapeta amb 3 botons ocults. Cobreix costures reforçat en coll. Obertures laterals al baix.Composition: 60% modacrílic / 37% cotó / 3% fibra de carboni, punt llis, 220 g / m².Remarks: * Protecció contra la calor i la flama. * Propietats electrostàtiques. * [&hellip;]</p>
