{"id":31841,"date":"2025-02-26T14:29:32","date_gmt":"2025-02-26T13:29:32","guid":{"rendered":"https:\/\/uniformelaboral.com\/index.php\/producto\/defender\/"},"modified":"2025-03-07T20:04:57","modified_gmt":"2025-03-07T19:04:57","slug":"defender","status":"publish","type":"product","link":"https:\/\/uniformelaboral.com\/index.php\/producto\/defender\/","title":{"rendered":"DEFENDER"},"content":{"rendered":"<p>Samarreta de m\u00e0niga llarga en teixit ign\u00edfug.<br \/>\n\u00b7 Coll rod\u00f3 amb cubrecosturas.<br \/>\n\u00b7 Coll i punys en canal\u00e9 1&#215;1.<br \/>\n\u00b7 Costures laterals.<br \/>Composition: 60% modacr\u00edlic \/ 37% cot\u00f3 \/ 3% Fibra de carboni, punt llis, 220 g \/ m\u00b2.<br \/>Remarks: * Protecci\u00f3 contra la calor i la flama.<br \/>\n* Propietats electroest\u00e0tiques.<br \/>\n* Protecci\u00f3 contra els riscos t\u00e8rmics d&#8217;un arc el\u00e8ctric.<\/p>\n","protected":false},"excerpt":{"rendered":"<p>Samarreta de m\u00e0niga llarga en teixit ign\u00edfug. \u00b7 Coll rod\u00f3 amb cubrecosturas. \u00b7 Coll i punys en canal\u00e9 1&#215;1. \u00b7 Costures laterals.Composition: 60% modacr\u00edlic \/ 37% cot\u00f3 \/ 3% Fibra de carboni, punt llis, 220 g \/ m\u00b2.Remarks: * Protecci\u00f3 contra la calor i la flama. * Propietats electroest\u00e0tiques. * Protecci\u00f3 contra els riscos t\u00e8rmics [&hellip;]<\/p>\n","protected":false},"featured_media":31842,"template":"","meta":{"_joinchat":[]},"product_brand":[],"product_cat":[35,1139,108,37,1137,264,103,151,1097],"product_tag":[],"class_list":{"0":"post-31841","1":"product","2":"type-product","3":"status-publish","4":"has-post-thumbnail","6":"product_cat-av-alta-visibilidad","7":"product_cat-industrytshirts","8":"product_cat-ignifug-antiestatic","9":"product_cat-industria","10":"product_cat-fire_retardant","11":"product_cat-maniga-llarga-6","12":"product_cat-pantalons","13":"product_cat-samarretes-industria","14":"product_cat-workwear","15":"tm-has-options","17":"first","18":"instock","19":"taxable","20":"shipping-taxable","21":"purchasable","22":"product-type-variable"},"_links":{"self":[{"href":"https:\/\/uniformelaboral.com\/index.php\/wp-json\/wp\/v2\/product\/31841","targetHints":{"allow":["GET"]}}],"collection":[{"href":"https:\/\/uniformelaboral.com\/index.php\/wp-json\/wp\/v2\/product"}],"about":[{"href":"https:\/\/uniformelaboral.com\/index.php\/wp-json\/wp\/v2\/types\/product"}],"wp:featuredmedia":[{"embeddable":true,"href":"https:\/\/uniformelaboral.com\/index.php\/wp-json\/wp\/v2\/media\/31842"}],"wp:attachment":[{"href":"https:\/\/uniformelaboral.com\/index.php\/wp-json\/wp\/v2\/media?parent=31841"}],"wp:term":[{"taxonomy":"product_brand","embeddable":true,"href":"https:\/\/uniformelaboral.com\/index.php\/wp-json\/wp\/v2\/product_brand?post=31841"},{"taxonomy":"product_cat","embeddable":true,"href":"https:\/\/uniformelaboral.com\/index.php\/wp-json\/wp\/v2\/product_cat?post=31841"},{"taxonomy":"product_tag","embeddable":true,"href":"https:\/\/uniformelaboral.com\/index.php\/wp-json\/wp\/v2\/product_tag?post=31841"}],"curies":[{"name":"wp","href":"https:\/\/api.w.org\/{rel}","templated":true}]}}

<p>Samarreta de màniga llarga en teixit ignífug.<br />
· Coll rodó amb cubrecosturas.<br />
· Coll i punys en canalé 1&#215;1.<br />
· Costures laterals.<br />Composition: 60% modacrílic / 37% cotó / 3% Fibra de carboni, punt llis, 220 g / m².<br />Remarks: * Protecció contra la calor i la flama.<br />
* Propietats electroestàtiques.<br />
* Protecció contra els riscos tèrmics d&#8217;un arc elèctric.</p>

<p>Samarreta de màniga llarga en teixit ignífug. · Coll rodó amb cubrecosturas. · Coll i punys en canalé 1&#215;1. · Costures laterals.Composition: 60% modacrílic / 37% cotó / 3% Fibra de carboni, punt llis, 220 g / m².Remarks: * Protecció contra la calor i la flama. * Propietats electroestàtiques. * Protecció contra els riscos tèrmics [&hellip;]</p>
