{"id":31707,"date":"2025-02-26T14:26:28","date_gmt":"2025-02-26T13:26:28","guid":{"rendered":"https:\/\/uniformelaboral.com\/index.php\/producto\/benoit\/"},"modified":"2025-03-12T10:43:33","modified_gmt":"2025-03-12T09:43:33","slug":"benoit","status":"publish","type":"product","link":"https:\/\/uniformelaboral.com\/index.php\/producto\/benoit\/","title":{"rendered":"BENOIT"},"content":{"rendered":"<p>Davantal llarg.<br \/>\n1.- Tirant amb tancament pl\u00e0stic<br \/>\n2.- Cordons laterals per a lla\u00e7ada<br \/>\n3.- Butxaca frontal.<br \/>Composition: 80% poli\u00e8ster \/ 20% cot\u00f3, sarja de 220 g\/m\u00b2.<br \/>Remarks: *Etiqueta extra\u00efble.<br \/>\n*Alimentaci\u00f3.<br \/>\n*Mesures de la butxaca: 40 x 22 cm.<br \/><img decoding=\"async\" src=\"https:\/\/static.gorfactory.es\/pics\/measures\/DE_HO.jpg\"><\/p>\n","protected":false},"excerpt":{"rendered":"<p>Davantal llarg. 1.- Tirant amb tancament pl\u00e0stic 2.- Cordons laterals per a lla\u00e7ada 3.- Butxaca frontal.Composition: 80% poli\u00e8ster \/ 20% cot\u00f3, sarja de 220 g\/m\u00b2.Remarks: *Etiqueta extra\u00efble. *Alimentaci\u00f3. *Mesures de la butxaca: 40 x 22 cm.<\/p>\n","protected":false},"featured_media":31708,"template":"","meta":{"_joinchat":[]},"product_brand":[],"product_cat":[36,1054,1056,920,1129,1098,147,1097],"product_tag":[],"class_list":{"0":"post-31707","1":"product","2":"type-product","3":"status-publish","4":"has-post-thumbnail","6":"product_cat-alimentacio","7":"product_cat-complemets","8":"product_cat-davantals-complemets","9":"product_cat-davantals","10":"product_cat-horecadelantal","11":"product_cat-horeca","12":"product_cat-hostaleria","13":"product_cat-workwear","14":"tm-has-options","16":"first","17":"instock","18":"taxable","19":"shipping-taxable","20":"purchasable","21":"product-type-variable"},"_links":{"self":[{"href":"https:\/\/uniformelaboral.com\/index.php\/wp-json\/wp\/v2\/product\/31707","targetHints":{"allow":["GET"]}}],"collection":[{"href":"https:\/\/uniformelaboral.com\/index.php\/wp-json\/wp\/v2\/product"}],"about":[{"href":"https:\/\/uniformelaboral.com\/index.php\/wp-json\/wp\/v2\/types\/product"}],"wp:featuredmedia":[{"embeddable":true,"href":"https:\/\/uniformelaboral.com\/index.php\/wp-json\/wp\/v2\/media\/31708"}],"wp:attachment":[{"href":"https:\/\/uniformelaboral.com\/index.php\/wp-json\/wp\/v2\/media?parent=31707"}],"wp:term":[{"taxonomy":"product_brand","embeddable":true,"href":"https:\/\/uniformelaboral.com\/index.php\/wp-json\/wp\/v2\/product_brand?post=31707"},{"taxonomy":"product_cat","embeddable":true,"href":"https:\/\/uniformelaboral.com\/index.php\/wp-json\/wp\/v2\/product_cat?post=31707"},{"taxonomy":"product_tag","embeddable":true,"href":"https:\/\/uniformelaboral.com\/index.php\/wp-json\/wp\/v2\/product_tag?post=31707"}],"curies":[{"name":"wp","href":"https:\/\/api.w.org\/{rel}","templated":true}]}}