{"id":31611,"date":"2025-02-26T14:24:15","date_gmt":"2025-02-26T13:24:15","guid":{"rendered":"https:\/\/uniformelaboral.com\/index.php\/producto\/arzak\/"},"modified":"2025-03-12T12:52:45","modified_gmt":"2025-03-12T11:52:45","slug":"arzak","status":"publish","type":"product","link":"https:\/\/uniformelaboral.com\/index.php\/producto\/arzak\/","title":{"rendered":"ARZAK"},"content":{"rendered":"<p>Casulla reversible Unisex.<br \/>\n\u00b7 Dues butxaques frontals.<br \/>\n\u00b7 Cintes laterals ajustables.<br \/>Composition: El 65% poli\u00e8ster \/ 35% cot\u00f3, sarja de 195 g \/ m\u00b2.<br \/>Remarks: * Etiqueta extra\u00efble.<br \/>\n* Models per a laboratori, sanitat, est\u00e8tica, alimentaci\u00f3 i neteja.<br \/><img decoding=\"async\" src=\"https:\/\/static.gorfactory.es\/pics\/measures\/DE_HO.jpg\"><\/p>\n","protected":false},"excerpt":{"rendered":"<p>Casulla reversible Unisex. \u00b7 Dues butxaques frontals. \u00b7 Cintes laterals ajustables.Composition: El 65% poli\u00e8ster \/ 35% cot\u00f3, sarja de 195 g \/ m\u00b2.Remarks: * Etiqueta extra\u00efble. * Models per a laboratori, sanitat, est\u00e8tica, alimentaci\u00f3 i neteja.<\/p>\n","protected":false},"featured_media":31612,"template":"","meta":{"_joinchat":[]},"product_brand":[],"product_cat":[36,1127,1037,1054,1056,920,147,1116,1097],"product_tag":[],"class_list":{"0":"post-31611","1":"product","2":"type-product","3":"status-publish","4":"has-post-thumbnail","6":"product_cat-alimentacio","7":"product_cat-foodindustrybata","8":"product_cat-casaques-hostaleria","9":"product_cat-complemets","10":"product_cat-davantals-complemets","11":"product_cat-davantals","12":"product_cat-hostaleria","13":"product_cat-food","14":"product_cat-workwear","15":"tm-has-options","17":"first","18":"instock","19":"taxable","20":"shipping-taxable","21":"purchasable","22":"product-type-variable"},"_links":{"self":[{"href":"https:\/\/uniformelaboral.com\/index.php\/wp-json\/wp\/v2\/product\/31611","targetHints":{"allow":["GET"]}}],"collection":[{"href":"https:\/\/uniformelaboral.com\/index.php\/wp-json\/wp\/v2\/product"}],"about":[{"href":"https:\/\/uniformelaboral.com\/index.php\/wp-json\/wp\/v2\/types\/product"}],"wp:featuredmedia":[{"embeddable":true,"href":"https:\/\/uniformelaboral.com\/index.php\/wp-json\/wp\/v2\/media\/31612"}],"wp:attachment":[{"href":"https:\/\/uniformelaboral.com\/index.php\/wp-json\/wp\/v2\/media?parent=31611"}],"wp:term":[{"taxonomy":"product_brand","embeddable":true,"href":"https:\/\/uniformelaboral.com\/index.php\/wp-json\/wp\/v2\/product_brand?post=31611"},{"taxonomy":"product_cat","embeddable":true,"href":"https:\/\/uniformelaboral.com\/index.php\/wp-json\/wp\/v2\/product_cat?post=31611"},{"taxonomy":"product_tag","embeddable":true,"href":"https:\/\/uniformelaboral.com\/index.php\/wp-json\/wp\/v2\/product_tag?post=31611"}],"curies":[{"name":"wp","href":"https:\/\/api.w.org\/{rel}","templated":true}]}}