{"id":31214,"date":"2025-02-26T14:15:25","date_gmt":"2025-02-26T13:15:25","guid":{"rendered":"https:\/\/uniformelaboral.com\/index.php\/producto\/veleta\/"},"modified":"2025-02-26T14:16:44","modified_gmt":"2025-02-26T13:16:44","slug":"veleta","status":"publish","type":"product","link":"https:\/\/uniformelaboral.com\/index.php\/producto\/veleta\/","title":{"rendered":"VELETA"},"content":{"rendered":"<p>Dessuadora de dona amb caputxa folrada del mateix color. Cremallera met\u00e0l\u00b7lica frontal i butxaca estil cangur. Tapacostures refor\u00e7at al coll interior. Punt de canal\u00e9 2&#215;2 als punys i a la cintura. Tall entallat.<br \/>Composition: 50% cot\u00f3 \/ 50% poli\u00e8ster, pelfa perxada, 280 g\/m\u00b2.<br \/>\nColor gris vigor\u00e9 58: 55% cot\u00f3 \/ 40% poli\u00e8ster \/ 5% viscosa. <br \/>Remarks: *Cremallera met\u00e0l\u00b7lica en color plata.<br \/>\n*Etiqueta extra\u00efble.<br \/>\n<br \/><img decoding=\"async\" src=\"https:\/\/static.gorfactory.es\/pics\/measures\/CQ_HOMU.jpg\"><\/p>\n","protected":false},"excerpt":{"rendered":"<p>Dessuadora de dona amb caputxa folrada del mateix color. Cremallera met\u00e0l\u00b7lica frontal i butxaca estil cangur. Tapacostures refor\u00e7at al coll interior. Punt de canal\u00e9 2&#215;2 als punys i a la cintura. Tall entallat.Composition: 50% cot\u00f3 \/ 50% poli\u00e8ster, pelfa perxada, 280 g\/m\u00b2. Color gris vigor\u00e9 58: 55% cot\u00f3 \/ 40% poli\u00e8ster \/ 5% viscosa. Remarks: [&hellip;]<\/p>\n","protected":false},"featured_media":31215,"template":"","meta":{"_joinchat":[]},"product_brand":[],"product_cat":[1085,1084,1086],"product_tag":[],"class_list":{"0":"post-31214","1":"product","2":"type-product","3":"status-publish","4":"has-post-thumbnail","6":"product_cat-swe","7":"product_cat-sud_cha","8":"product_cat-swe_h","9":"tm-no-options-pxq","11":"first","12":"instock","13":"taxable","14":"shipping-taxable","15":"purchasable","16":"product-type-variable"},"_links":{"self":[{"href":"https:\/\/uniformelaboral.com\/index.php\/wp-json\/wp\/v2\/product\/31214","targetHints":{"allow":["GET"]}}],"collection":[{"href":"https:\/\/uniformelaboral.com\/index.php\/wp-json\/wp\/v2\/product"}],"about":[{"href":"https:\/\/uniformelaboral.com\/index.php\/wp-json\/wp\/v2\/types\/product"}],"wp:featuredmedia":[{"embeddable":true,"href":"https:\/\/uniformelaboral.com\/index.php\/wp-json\/wp\/v2\/media\/31215"}],"wp:attachment":[{"href":"https:\/\/uniformelaboral.com\/index.php\/wp-json\/wp\/v2\/media?parent=31214"}],"wp:term":[{"taxonomy":"product_brand","embeddable":true,"href":"https:\/\/uniformelaboral.com\/index.php\/wp-json\/wp\/v2\/product_brand?post=31214"},{"taxonomy":"product_cat","embeddable":true,"href":"https:\/\/uniformelaboral.com\/index.php\/wp-json\/wp\/v2\/product_cat?post=31214"},{"taxonomy":"product_tag","embeddable":true,"href":"https:\/\/uniformelaboral.com\/index.php\/wp-json\/wp\/v2\/product_tag?post=31214"}],"curies":[{"name":"wp","href":"https:\/\/api.w.org\/{rel}","templated":true}]}}