{"id":31130,"date":"2025-02-26T14:13:39","date_gmt":"2025-02-26T13:13:39","guid":{"rendered":"https:\/\/uniformelaboral.com\/index.php\/producto\/montblanc\/"},"modified":"2025-02-26T14:15:24","modified_gmt":"2025-02-26T13:15:24","slug":"montblanc","status":"publish","type":"product","link":"https:\/\/uniformelaboral.com\/index.php\/producto\/montblanc\/","title":{"rendered":"MONTBLANC"},"content":{"rendered":"<p>Dessuadora amb caputxa, coll alt i cremallera completa. Detall canal\u00e9 al contorn de la caputxa i a les butxaques. Butxaca cangur. Punt canal\u00e9 2&#215;2 als punys i a la cintura.<br \/>Composition: 50% cot\u00f3 \/ 50% poli\u00e8ster, pelfa perxada, 280 g\/m\u00b2.<br \/>\n3% d&#8217;elast\u00e0 als punys.<br \/>\nColor gris vigor\u00e9 58: 55% cot\u00f3 \/ 40% poli\u00e8ster \/ 5% viscosa.<br \/>Remarks: *Disponible en talles infantils.<br \/>\n*Etiqueta extra\u00efble.<br \/><img decoding=\"async\" src=\"https:\/\/static.gorfactory.es\/pics\/measures\/CQ6421.jpg\"><\/p>\n","protected":false},"excerpt":{"rendered":"<p>Dessuadora amb caputxa, coll alt i cremallera completa. Detall canal\u00e9 al contorn de la caputxa i a les butxaques. Butxaca cangur. Punt canal\u00e9 2&#215;2 als punys i a la cintura.Composition: 50% cot\u00f3 \/ 50% poli\u00e8ster, pelfa perxada, 280 g\/m\u00b2. 3% d&#8217;elast\u00e0 als punys. Color gris vigor\u00e9 58: 55% cot\u00f3 \/ 40% poli\u00e8ster \/ 5% viscosa.Remarks: [&hellip;]<\/p>\n","protected":false},"featured_media":31131,"template":"","meta":{"_joinchat":[]},"product_brand":[],"product_cat":[1085,1084,1086],"product_tag":[],"class_list":{"0":"post-31130","1":"product","2":"type-product","3":"status-publish","4":"has-post-thumbnail","6":"product_cat-swe","7":"product_cat-sud_cha","8":"product_cat-swe_h","9":"tm-no-options-pxq","11":"first","12":"instock","13":"taxable","14":"shipping-taxable","15":"purchasable","16":"product-type-variable"},"_links":{"self":[{"href":"https:\/\/uniformelaboral.com\/index.php\/wp-json\/wp\/v2\/product\/31130","targetHints":{"allow":["GET"]}}],"collection":[{"href":"https:\/\/uniformelaboral.com\/index.php\/wp-json\/wp\/v2\/product"}],"about":[{"href":"https:\/\/uniformelaboral.com\/index.php\/wp-json\/wp\/v2\/types\/product"}],"wp:featuredmedia":[{"embeddable":true,"href":"https:\/\/uniformelaboral.com\/index.php\/wp-json\/wp\/v2\/media\/31131"}],"wp:attachment":[{"href":"https:\/\/uniformelaboral.com\/index.php\/wp-json\/wp\/v2\/media?parent=31130"}],"wp:term":[{"taxonomy":"product_brand","embeddable":true,"href":"https:\/\/uniformelaboral.com\/index.php\/wp-json\/wp\/v2\/product_brand?post=31130"},{"taxonomy":"product_cat","embeddable":true,"href":"https:\/\/uniformelaboral.com\/index.php\/wp-json\/wp\/v2\/product_cat?post=31130"},{"taxonomy":"product_tag","embeddable":true,"href":"https:\/\/uniformelaboral.com\/index.php\/wp-json\/wp\/v2\/product_tag?post=31130"}],"curies":[{"name":"wp","href":"https:\/\/api.w.org\/{rel}","templated":true}]}}