{"id":30783,"date":"2025-02-26T14:05:50","date_gmt":"2025-02-26T13:05:50","guid":{"rendered":"https:\/\/uniformelaboral.com\/index.php\/producto\/dabiz\/"},"modified":"2025-02-26T14:06:24","modified_gmt":"2025-02-26T13:06:24","slug":"dabiz","status":"publish","type":"product","link":"https:\/\/uniformelaboral.com\/index.php\/producto\/dabiz\/","title":{"rendered":"DABIZ"},"content":{"rendered":"<p>Jaqueta de cuina de m\u00e0niga llarga. Tancament central creuat amb botons autom\u00e0tics ocults. Coll tireta i m\u00e0niga tipus sastre amb vora en punys. Esquena en teixit transpirable. Una butxaca de pegat en m\u00e0niga esquerra.<br \/>Composition: Teixit davanter: 100% Poli\u00e8ster microfibra, 150 g\/m\u00b2.<br \/>\nTeixit del darrere: 100% poli\u00e8ster bird&#8217;s eye, 135 g\/m\u00b2.<br \/>Remarks: *Etiqueta extra\u00efble.<br \/><img decoding=\"async\" src=\"https:\/\/static.gorfactory.es\/pics\/measures\/CQ_HOMU.jpg\"><\/p>\n","protected":false},"excerpt":{"rendered":"<p>Jaqueta de cuina de m\u00e0niga llarga. Tancament central creuat amb botons autom\u00e0tics ocults. Coll tireta i m\u00e0niga tipus sastre amb vora en punys. Esquena en teixit transpirable. Una butxaca de pegat en m\u00e0niga esquerra.Composition: Teixit davanter: 100% Poli\u00e8ster microfibra, 150 g\/m\u00b2. Teixit del darrere: 100% poli\u00e8ster bird&#8217;s eye, 135 g\/m\u00b2.Remarks: *Etiqueta extra\u00efble.<\/p>\n","protected":false},"featured_media":30784,"template":"","meta":{"_joinchat":[]},"product_brand":[],"product_cat":[1099,1098,1097],"product_tag":[],"class_list":{"0":"post-30783","1":"product","2":"type-product","3":"status-publish","4":"has-post-thumbnail","6":"product_cat-horecachaqueta","7":"product_cat-horeca","8":"product_cat-workwear","9":"tm-no-options-pxq","11":"first","12":"instock","13":"taxable","14":"shipping-taxable","15":"purchasable","16":"product-type-variable"},"_links":{"self":[{"href":"https:\/\/uniformelaboral.com\/index.php\/wp-json\/wp\/v2\/product\/30783","targetHints":{"allow":["GET"]}}],"collection":[{"href":"https:\/\/uniformelaboral.com\/index.php\/wp-json\/wp\/v2\/product"}],"about":[{"href":"https:\/\/uniformelaboral.com\/index.php\/wp-json\/wp\/v2\/types\/product"}],"wp:featuredmedia":[{"embeddable":true,"href":"https:\/\/uniformelaboral.com\/index.php\/wp-json\/wp\/v2\/media\/30784"}],"wp:attachment":[{"href":"https:\/\/uniformelaboral.com\/index.php\/wp-json\/wp\/v2\/media?parent=30783"}],"wp:term":[{"taxonomy":"product_brand","embeddable":true,"href":"https:\/\/uniformelaboral.com\/index.php\/wp-json\/wp\/v2\/product_brand?post=30783"},{"taxonomy":"product_cat","embeddable":true,"href":"https:\/\/uniformelaboral.com\/index.php\/wp-json\/wp\/v2\/product_cat?post=30783"},{"taxonomy":"product_tag","embeddable":true,"href":"https:\/\/uniformelaboral.com\/index.php\/wp-json\/wp\/v2\/product_tag?post=30783"}],"curies":[{"name":"wp","href":"https:\/\/api.w.org\/{rel}","templated":true}]}}