{"id":30743,"date":"2025-02-26T14:05:01","date_gmt":"2025-02-26T13:05:01","guid":{"rendered":"https:\/\/uniformelaboral.com\/index.php\/producto\/minsk\/"},"modified":"2025-02-26T14:05:49","modified_gmt":"2025-02-26T13:05:49","slug":"minsk","status":"publish","type":"product","link":"https:\/\/uniformelaboral.com\/index.php\/producto\/minsk\/","title":{"rendered":"MINSK"},"content":{"rendered":"<p>Jaqueta d&#8217;home combinada en dos teixits:<br \/>\n1. Caputxa fixa ajustada.<br \/>\n2. M\u00e0niga estil rangl\u00e0n.<br \/>\n3. Teixit softshell a m\u00e0nigues, panells laterals i caputxa.<br \/>\n4. Teixit encoixinat tacte ploma a frontal i esquena.<br \/>\n5. Cremallera invertida al to amb protector de barbeta i tirador.<br \/>\n6. Dues butxaques frontals amb cremalleres.<br \/>\n7. Rivet el\u00e0stic al to al coll, punys i baix.<br \/>\n <br \/>Composition: Frontal i esquena: 100% poli\u00e8ster<br \/>\nBuata: 100% poli\u00e8ster, efecte ploma.<br \/>\nM\u00e0nigues: 100% poli\u00e8ster Interlock<br \/>\n290 g\/m\u00b2.<br \/>Remarks: *Etiqueta extra\u00efble.<br \/>\n*Model a prova de vent.<br \/><img decoding=\"async\" src=\"https:\/\/static.gorfactory.es\/pics\/measures\/CQ_HOMU.jpg\"><\/p>\n","protected":false},"excerpt":{"rendered":"<p>Jaqueta d&#8217;home combinada en dos teixits: 1. Caputxa fixa ajustada. 2. M\u00e0niga estil rangl\u00e0n. 3. Teixit softshell a m\u00e0nigues, panells laterals i caputxa. 4. Teixit encoixinat tacte ploma a frontal i esquena. 5. Cremallera invertida al to amb protector de barbeta i tirador. 6. Dues butxaques frontals amb cremalleres. 7. Rivet el\u00e0stic al to al [&hellip;]<\/p>\n","protected":false},"featured_media":30744,"template":"","meta":{"_joinchat":[]},"product_brand":[],"product_cat":[1091,1088,1165,654,1072,1097],"product_tag":[],"class_list":{"0":"post-30743","1":"product","2":"type-product","3":"status-publish","4":"has-post-thumbnail","6":"product_cat-subcoats","7":"product_cat-coats","8":"product_cat-basic","9":"product_cat-sports-indumentaria-base","10":"product_cat-wint_sp","11":"product_cat-workwear","12":"tm-no-options-pxq","14":"first","15":"instock","16":"taxable","17":"shipping-taxable","18":"purchasable","19":"product-type-variable"},"_links":{"self":[{"href":"https:\/\/uniformelaboral.com\/index.php\/wp-json\/wp\/v2\/product\/30743","targetHints":{"allow":["GET"]}}],"collection":[{"href":"https:\/\/uniformelaboral.com\/index.php\/wp-json\/wp\/v2\/product"}],"about":[{"href":"https:\/\/uniformelaboral.com\/index.php\/wp-json\/wp\/v2\/types\/product"}],"wp:featuredmedia":[{"embeddable":true,"href":"https:\/\/uniformelaboral.com\/index.php\/wp-json\/wp\/v2\/media\/30744"}],"wp:attachment":[{"href":"https:\/\/uniformelaboral.com\/index.php\/wp-json\/wp\/v2\/media?parent=30743"}],"wp:term":[{"taxonomy":"product_brand","embeddable":true,"href":"https:\/\/uniformelaboral.com\/index.php\/wp-json\/wp\/v2\/product_brand?post=30743"},{"taxonomy":"product_cat","embeddable":true,"href":"https:\/\/uniformelaboral.com\/index.php\/wp-json\/wp\/v2\/product_cat?post=30743"},{"taxonomy":"product_tag","embeddable":true,"href":"https:\/\/uniformelaboral.com\/index.php\/wp-json\/wp\/v2\/product_tag?post=30743"}],"curies":[{"name":"wp","href":"https:\/\/api.w.org\/{rel}","templated":true}]}}

<p>Jaqueta d&#8217;home combinada en dos teixits:<br />
1. Caputxa fixa ajustada.<br />
2. Màniga estil ranglàn.<br />
3. Teixit softshell a mànigues, panells laterals i caputxa.<br />
4. Teixit encoixinat tacte ploma a frontal i esquena.<br />
5. Cremallera invertida al to amb protector de barbeta i tirador.<br />
6. Dues butxaques frontals amb cremalleres.<br />
7. Rivet elàstic al to al coll, punys i baix.<br />
 <br />Composition: Frontal i esquena: 100% polièster<br />
Buata: 100% polièster, efecte ploma.<br />
Mànigues: 100% polièster Interlock<br />
290 g/m².<br />Remarks: *Etiqueta extraïble.<br />
*Model a prova de vent.<br /><img decoding="async" src="https://static.gorfactory.es/pics/measures/CQ_HOMU.jpg"></p>

<p>Jaqueta d&#8217;home combinada en dos teixits: 1. Caputxa fixa ajustada. 2. Màniga estil ranglàn. 3. Teixit softshell a mànigues, panells laterals i caputxa. 4. Teixit encoixinat tacte ploma a frontal i esquena. 5. Cremallera invertida al to amb protector de barbeta i tirador. 6. Dues butxaques frontals amb cremalleres. 7. Rivet elàstic al to al [&hellip;]</p>
