{"id":30099,"date":"2025-02-26T13:50:45","date_gmt":"2025-02-26T12:50:45","guid":{"rendered":"https:\/\/uniformelaboral.com\/index.php\/producto\/creta\/"},"modified":"2025-02-26T13:52:31","modified_gmt":"2025-02-26T12:52:31","slug":"creta","status":"publish","type":"product","link":"https:\/\/uniformelaboral.com\/index.php\/producto\/creta\/","title":{"rendered":"CRETA"},"content":{"rendered":"<p>Xandall combinat de jaqueta i pantal\u00f3:<br \/>\n1. Coll alt amb tapa costures interior a to.<br \/>\n2. Coll, punys i baix amb canal\u00e9 1&#215;1.<br \/>\n3. Cremallera central a to amb el tirador.<br \/>\n4. Butxaques laterals de la jaqueta amb cremalleres.<br \/>\n5. Banda lateral a contrast.<br \/>\n6. Pantal\u00f3 amb cintura el\u00e0stica i cord\u00f3 ajustable.<br \/>\n7. Dues butxaques laterals.<br \/>\n8. Butxaca posterior amb cremallera.<br \/>\n9. Baix amb punys el\u00e0stics en canal\u00e9 1&#215;1.<br \/>Composition: 100% poli\u00e8ster, teixit acetat llis, 210 g\/m\u00b2.<br \/>Remarks: *Etiqueta extra\u00efble.<br \/>\n*Disponible en talles infantils.<br \/>\n*Durada al cat\u00e0leg 3 anys.<br \/>\n*La comanda pot incloure models amb butxaques amb cremallera i altres sense cremallera, segons disponibilitat.<br \/><img decoding=\"async\" src=\"https:\/\/static.gorfactory.es\/pics\/measures\/CH_HO.jpg\"><\/p>\n","protected":false},"excerpt":{"rendered":"<p>Xandall combinat de jaqueta i pantal\u00f3: 1. Coll alt amb tapa costures interior a to. 2. Coll, punys i baix amb canal\u00e9 1&#215;1. 3. Cremallera central a to amb el tirador. 4. Butxaques laterals de la jaqueta amb cremalleres. 5. Banda lateral a contrast. 6. Pantal\u00f3 amb cintura el\u00e0stica i cord\u00f3 ajustable. 7. Dues butxaques [&hellip;]<\/p>\n","protected":false},"featured_media":30100,"template":"","meta":{"_joinchat":[]},"product_brand":[],"product_cat":[1070,654],"product_tag":[],"class_list":{"0":"post-30099","1":"product","2":"type-product","3":"status-publish","4":"has-post-thumbnail","6":"product_cat-chnd","7":"product_cat-sports-indumentaria-base","8":"tm-no-options-pxq","10":"first","11":"instock","12":"taxable","13":"shipping-taxable","14":"purchasable","15":"product-type-variable"},"_links":{"self":[{"href":"https:\/\/uniformelaboral.com\/index.php\/wp-json\/wp\/v2\/product\/30099","targetHints":{"allow":["GET"]}}],"collection":[{"href":"https:\/\/uniformelaboral.com\/index.php\/wp-json\/wp\/v2\/product"}],"about":[{"href":"https:\/\/uniformelaboral.com\/index.php\/wp-json\/wp\/v2\/types\/product"}],"wp:featuredmedia":[{"embeddable":true,"href":"https:\/\/uniformelaboral.com\/index.php\/wp-json\/wp\/v2\/media\/30100"}],"wp:attachment":[{"href":"https:\/\/uniformelaboral.com\/index.php\/wp-json\/wp\/v2\/media?parent=30099"}],"wp:term":[{"taxonomy":"product_brand","embeddable":true,"href":"https:\/\/uniformelaboral.com\/index.php\/wp-json\/wp\/v2\/product_brand?post=30099"},{"taxonomy":"product_cat","embeddable":true,"href":"https:\/\/uniformelaboral.com\/index.php\/wp-json\/wp\/v2\/product_cat?post=30099"},{"taxonomy":"product_tag","embeddable":true,"href":"https:\/\/uniformelaboral.com\/index.php\/wp-json\/wp\/v2\/product_tag?post=30099"}],"curies":[{"name":"wp","href":"https:\/\/api.w.org\/{rel}","templated":true}]}}

<p>Xandall combinat de jaqueta i pantaló:<br />
1. Coll alt amb tapa costures interior a to.<br />
2. Coll, punys i baix amb canalé 1&#215;1.<br />
3. Cremallera central a to amb el tirador.<br />
4. Butxaques laterals de la jaqueta amb cremalleres.<br />
5. Banda lateral a contrast.<br />
6. Pantaló amb cintura elàstica i cordó ajustable.<br />
7. Dues butxaques laterals.<br />
8. Butxaca posterior amb cremallera.<br />
9. Baix amb punys elàstics en canalé 1&#215;1.<br />Composition: 100% polièster, teixit acetat llis, 210 g/m².<br />Remarks: *Etiqueta extraïble.<br />
*Disponible en talles infantils.<br />
*Durada al catàleg 3 anys.<br />
*La comanda pot incloure models amb butxaques amb cremallera i altres sense cremallera, segons disponibilitat.<br /><img decoding="async" src="https://static.gorfactory.es/pics/measures/CH_HO.jpg"></p>

<p>Xandall combinat de jaqueta i pantaló: 1. Coll alt amb tapa costures interior a to. 2. Coll, punys i baix amb canalé 1&#215;1. 3. Cremallera central a to amb el tirador. 4. Butxaques laterals de la jaqueta amb cremalleres. 5. Banda lateral a contrast. 6. Pantaló amb cintura elàstica i cordó ajustable. 7. Dues butxaques [&hellip;]</p>
