{"id":29902,"date":"2025-02-26T13:46:26","date_gmt":"2025-02-26T12:46:26","guid":{"rendered":"https:\/\/uniformelaboral.com\/index.php\/producto\/esparta\/"},"modified":"2025-02-26T13:48:23","modified_gmt":"2025-02-26T12:48:23","slug":"esparta","status":"publish","type":"product","link":"https:\/\/uniformelaboral.com\/index.php\/producto\/esparta\/","title":{"rendered":"ESPARTA"},"content":{"rendered":"<p>Xandall combinat de jaqueta i pantalons.<br \/>\n1.- Coll alt amb protector de cremallera.<br \/>\n2.- Butxaques frontals amb viu en contrast.<br \/>\n3.- Punys i cintura en contrast en canal\u00e9 1&#215;1.<br \/>\n4.- Cremallera central amb Tapacostures interior.<br \/>\n5.- Pantalons amb cinturilla el\u00e0stica i cord\u00f3 ajustable amb repunt de seguretat i dues butxaques laterals amb viu ample.<br \/>\n6.- Teixit interior vellutat molt c\u00f2mode.<br \/>\n7.- Cremallera als baixos.<br \/>Composition: 100% poli\u00e8ster, teixit acetat llis, 210 g\/m\u00b2.<br \/>Remarks: *Etiqueta extra\u00efble.<br \/>\n*Lot de diverses peces.<br \/>\n*Disponible en talles infantils.<br \/>\n*Duraci\u00f3 en cat\u00e0leg: 3 anys.<br \/><img decoding=\"async\" src=\"https:\/\/static.gorfactory.es\/pics\/measures\/CH_HO.jpg\"><\/p>\n","protected":false},"excerpt":{"rendered":"<p>Xandall combinat de jaqueta i pantalons. 1.- Coll alt amb protector de cremallera. 2.- Butxaques frontals amb viu en contrast. 3.- Punys i cintura en contrast en canal\u00e9 1&#215;1. 4.- Cremallera central amb Tapacostures interior. 5.- Pantalons amb cinturilla el\u00e0stica i cord\u00f3 ajustable amb repunt de seguretat i dues butxaques laterals amb viu ample. 6.- [&hellip;]<\/p>\n","protected":false},"featured_media":29903,"template":"","meta":{"_joinchat":[]},"product_brand":[],"product_cat":[1070,654],"product_tag":[],"class_list":{"0":"post-29902","1":"product","2":"type-product","3":"status-publish","4":"has-post-thumbnail","6":"product_cat-chnd","7":"product_cat-sports-indumentaria-base","8":"tm-no-options-pxq","10":"first","11":"instock","12":"taxable","13":"shipping-taxable","14":"purchasable","15":"product-type-variable"},"_links":{"self":[{"href":"https:\/\/uniformelaboral.com\/index.php\/wp-json\/wp\/v2\/product\/29902","targetHints":{"allow":["GET"]}}],"collection":[{"href":"https:\/\/uniformelaboral.com\/index.php\/wp-json\/wp\/v2\/product"}],"about":[{"href":"https:\/\/uniformelaboral.com\/index.php\/wp-json\/wp\/v2\/types\/product"}],"wp:featuredmedia":[{"embeddable":true,"href":"https:\/\/uniformelaboral.com\/index.php\/wp-json\/wp\/v2\/media\/29903"}],"wp:attachment":[{"href":"https:\/\/uniformelaboral.com\/index.php\/wp-json\/wp\/v2\/media?parent=29902"}],"wp:term":[{"taxonomy":"product_brand","embeddable":true,"href":"https:\/\/uniformelaboral.com\/index.php\/wp-json\/wp\/v2\/product_brand?post=29902"},{"taxonomy":"product_cat","embeddable":true,"href":"https:\/\/uniformelaboral.com\/index.php\/wp-json\/wp\/v2\/product_cat?post=29902"},{"taxonomy":"product_tag","embeddable":true,"href":"https:\/\/uniformelaboral.com\/index.php\/wp-json\/wp\/v2\/product_tag?post=29902"}],"curies":[{"name":"wp","href":"https:\/\/api.w.org\/{rel}","templated":true}]}}