{"id":29181,"date":"2025-02-26T13:31:09","date_gmt":"2025-02-26T12:31:09","guid":{"rendered":"https:\/\/uniformelaboral.com\/index.php\/producto\/expedition\/"},"modified":"2025-02-26T13:31:54","modified_gmt":"2025-02-26T12:31:54","slug":"expedition","status":"publish","type":"product","link":"https:\/\/uniformelaboral.com\/index.php\/producto\/expedition\/","title":{"rendered":"EXPEDITION"},"content":{"rendered":"<p>Samarreta de m\u00e0niga curta amb colors combinats. Coll rod\u00f3 amb cobreix costures interior a contrast. Peces d&#8217;espatlles i detalls a contrast.<br \/>Composition: El 60% poli\u00e8ster \/ 40% cot\u00f3, punt llis, 160 g \/ m\u00b2.<br \/>Remarks: *Etiqueta extra\u00efble.<br \/><img decoding=\"async\" src=\"https:\/\/static.gorfactory.es\/pics\/measures\/CA_MC_HO.jpg\"><\/p>\n","protected":false},"excerpt":{"rendered":"<p>Samarreta de m\u00e0niga curta amb colors combinats. Coll rod\u00f3 amb cobreix costures interior a contrast. Peces d&#8217;espatlles i detalls a contrast.Composition: El 60% poli\u00e8ster \/ 40% cot\u00f3, punt llis, 160 g \/ m\u00b2.Remarks: *Etiqueta extra\u00efble.<\/p>\n","protected":false},"featured_media":29182,"template":"","meta":{"_joinchat":[]},"product_brand":[],"product_cat":[1118,1105,1097],"product_tag":[],"class_list":{"0":"post-29181","1":"product","2":"type-product","3":"status-publish","4":"has-post-thumbnail","6":"product_cat-serviciostshirts","7":"product_cat-industry_services","8":"product_cat-workwear","9":"tm-no-options-pxq","11":"first","12":"instock","13":"taxable","14":"shipping-taxable","15":"purchasable","16":"product-type-variable"},"_links":{"self":[{"href":"https:\/\/uniformelaboral.com\/index.php\/wp-json\/wp\/v2\/product\/29181","targetHints":{"allow":["GET"]}}],"collection":[{"href":"https:\/\/uniformelaboral.com\/index.php\/wp-json\/wp\/v2\/product"}],"about":[{"href":"https:\/\/uniformelaboral.com\/index.php\/wp-json\/wp\/v2\/types\/product"}],"wp:featuredmedia":[{"embeddable":true,"href":"https:\/\/uniformelaboral.com\/index.php\/wp-json\/wp\/v2\/media\/29182"}],"wp:attachment":[{"href":"https:\/\/uniformelaboral.com\/index.php\/wp-json\/wp\/v2\/media?parent=29181"}],"wp:term":[{"taxonomy":"product_brand","embeddable":true,"href":"https:\/\/uniformelaboral.com\/index.php\/wp-json\/wp\/v2\/product_brand?post=29181"},{"taxonomy":"product_cat","embeddable":true,"href":"https:\/\/uniformelaboral.com\/index.php\/wp-json\/wp\/v2\/product_cat?post=29181"},{"taxonomy":"product_tag","embeddable":true,"href":"https:\/\/uniformelaboral.com\/index.php\/wp-json\/wp\/v2\/product_tag?post=29181"}],"curies":[{"name":"wp","href":"https:\/\/api.w.org\/{rel}","templated":true}]}}