{"id":29127,"date":"2025-02-26T13:29:47","date_gmt":"2025-02-26T12:29:47","guid":{"rendered":"https:\/\/uniformelaboral.com\/index.php\/producto\/baby-l-s\/"},"modified":"2025-02-26T13:31:08","modified_gmt":"2025-02-26T12:31:08","slug":"baby-l-s","status":"publish","type":"product","link":"https:\/\/uniformelaboral.com\/index.php\/producto\/baby-l-s\/","title":{"rendered":"BABY L\/S"},"content":{"rendered":"<p>Samarreta de m\u00e0niga llarga especial per a beb\u00e8, confeccionada en teixit en galga fina i acabat compactat. Coll rod\u00f3 i obertura a l&#8217;espatlla amb gafets des de la talla 6M a 18M. la talla 2A sense obertura a l&#8217;espatlla. Costures laterals.<br \/>Composition: 100% cot\u00f3 pentinat, punt llis, 160 g\/m\u00b2.<br \/>Remarks: *Etiqueta extra\u00efble.<br \/><img decoding=\"async\" src=\"https:\/\/static.gorfactory.es\/pics\/measures\/CA_MC_HO.jpg\"><\/p>\n","protected":false},"excerpt":{"rendered":"<p>Samarreta de m\u00e0niga llarga especial per a beb\u00e8, confeccionada en teixit en galga fina i acabat compactat. Coll rod\u00f3 i obertura a l&#8217;espatlla amb gafets des de la talla 6M a 18M. la talla 2A sense obertura a l&#8217;espatlla. Costures laterals.Composition: 100% cot\u00f3 pentinat, punt llis, 160 g\/m\u00b2.Remarks: *Etiqueta extra\u00efble.<\/p>\n","protected":false},"featured_media":29128,"template":"","meta":{"_joinchat":[]},"product_brand":[],"product_cat":[1079,1094,1076],"product_tag":[],"class_list":{"0":"post-29127","1":"product","2":"type-product","3":"status-publish","4":"has-post-thumbnail","6":"product_cat-t_shirts","7":"product_cat-cam_w","8":"product_cat-cam_po","9":"tm-no-options-pxq","11":"first","12":"instock","13":"taxable","14":"shipping-taxable","15":"purchasable","16":"product-type-variable"},"_links":{"self":[{"href":"https:\/\/uniformelaboral.com\/index.php\/wp-json\/wp\/v2\/product\/29127","targetHints":{"allow":["GET"]}}],"collection":[{"href":"https:\/\/uniformelaboral.com\/index.php\/wp-json\/wp\/v2\/product"}],"about":[{"href":"https:\/\/uniformelaboral.com\/index.php\/wp-json\/wp\/v2\/types\/product"}],"wp:featuredmedia":[{"embeddable":true,"href":"https:\/\/uniformelaboral.com\/index.php\/wp-json\/wp\/v2\/media\/29128"}],"wp:attachment":[{"href":"https:\/\/uniformelaboral.com\/index.php\/wp-json\/wp\/v2\/media?parent=29127"}],"wp:term":[{"taxonomy":"product_brand","embeddable":true,"href":"https:\/\/uniformelaboral.com\/index.php\/wp-json\/wp\/v2\/product_brand?post=29127"},{"taxonomy":"product_cat","embeddable":true,"href":"https:\/\/uniformelaboral.com\/index.php\/wp-json\/wp\/v2\/product_cat?post=29127"},{"taxonomy":"product_tag","embeddable":true,"href":"https:\/\/uniformelaboral.com\/index.php\/wp-json\/wp\/v2\/product_tag?post=29127"}],"curies":[{"name":"wp","href":"https:\/\/api.w.org\/{rel}","templated":true}]}}