{"id":29106,"date":"2025-02-26T13:29:14","date_gmt":"2025-02-26T12:29:14","guid":{"rendered":"https:\/\/uniformelaboral.com\/index.php\/producto\/sublima\/"},"modified":"2025-02-26T13:29:46","modified_gmt":"2025-02-26T12:29:46","slug":"sublima","status":"publish","type":"product","link":"https:\/\/uniformelaboral.com\/index.php\/producto\/sublima\/","title":{"rendered":"SUBLIMA"},"content":{"rendered":"<p>Samarreta de m\u00e0niga curta amb coll rod\u00f3 avivat en el mateix teixit i costures laterals. Fabricada en teixit de poli\u00e8ster amb tacte de cot\u00f3. <br \/>Composition: 100% poli\u00e8ster, tacte de cot\u00f3, 150 g\/m\u00b2.<br \/>Remarks: *Especial sublimaci\u00f3.<br \/>\n*Disponible en talles infantils.<br \/>\n*Etiqueta adhesiva.<br \/><img decoding=\"async\" src=\"https:\/\/static.gorfactory.es\/pics\/measures\/CA_MC_HO.jpg\"><\/p>\n","protected":false},"excerpt":{"rendered":"<p>Samarreta de m\u00e0niga curta amb coll rod\u00f3 avivat en el mateix teixit i costures laterals. Fabricada en teixit de poli\u00e8ster amb tacte de cot\u00f3. Composition: 100% poli\u00e8ster, tacte de cot\u00f3, 150 g\/m\u00b2.Remarks: *Especial sublimaci\u00f3. *Disponible en talles infantils. *Etiqueta adhesiva.<\/p>\n","protected":false},"featured_media":29107,"template":"","meta":{"_joinchat":[]},"product_brand":[],"product_cat":[1079,1080,1076],"product_tag":[],"class_list":{"0":"post-29106","1":"product","2":"type-product","3":"status-publish","4":"has-post-thumbnail","6":"product_cat-t_shirts","7":"product_cat-cam","8":"product_cat-cam_po","9":"tm-no-options-pxq","11":"first","12":"instock","13":"taxable","14":"shipping-taxable","15":"purchasable","16":"product-type-variable"},"_links":{"self":[{"href":"https:\/\/uniformelaboral.com\/index.php\/wp-json\/wp\/v2\/product\/29106","targetHints":{"allow":["GET"]}}],"collection":[{"href":"https:\/\/uniformelaboral.com\/index.php\/wp-json\/wp\/v2\/product"}],"about":[{"href":"https:\/\/uniformelaboral.com\/index.php\/wp-json\/wp\/v2\/types\/product"}],"wp:featuredmedia":[{"embeddable":true,"href":"https:\/\/uniformelaboral.com\/index.php\/wp-json\/wp\/v2\/media\/29107"}],"wp:attachment":[{"href":"https:\/\/uniformelaboral.com\/index.php\/wp-json\/wp\/v2\/media?parent=29106"}],"wp:term":[{"taxonomy":"product_brand","embeddable":true,"href":"https:\/\/uniformelaboral.com\/index.php\/wp-json\/wp\/v2\/product_brand?post=29106"},{"taxonomy":"product_cat","embeddable":true,"href":"https:\/\/uniformelaboral.com\/index.php\/wp-json\/wp\/v2\/product_cat?post=29106"},{"taxonomy":"product_tag","embeddable":true,"href":"https:\/\/uniformelaboral.com\/index.php\/wp-json\/wp\/v2\/product_tag?post=29106"}],"curies":[{"name":"wp","href":"https:\/\/api.w.org\/{rel}","templated":true}]}}

<p>Samarreta de màniga curta amb coll rodó avivat en el mateix teixit i costures laterals. Fabricada en teixit de polièster amb tacte de cotó. <br />Composition: 100% polièster, tacte de cotó, 150 g/m².<br />Remarks: *Especial sublimació.<br />
*Disponible en talles infantils.<br />
*Etiqueta adhesiva.<br /><img decoding="async" src="https://static.gorfactory.es/pics/measures/CA_MC_HO.jpg"></p>

<p>Samarreta de màniga curta amb coll rodó avivat en el mateix teixit i costures laterals. Fabricada en teixit de polièster amb tacte de cotó. Composition: 100% polièster, tacte de cotó, 150 g/m².Remarks: *Especial sublimació. *Disponible en talles infantils. *Etiqueta adhesiva.</p>
